{"id":5999,"date":"2022-08-18T17:40:50","date_gmt":"2022-08-18T15:40:50","guid":{"rendered":"https:\/\/www.arty-nails.org\/web_shop\/?page_id=5999"},"modified":"2026-02-18T13:59:05","modified_gmt":"2026-02-18T12:59:05","slug":"akademija-nail-dizajna","status":"publish","type":"page","link":"https:\/\/www.arty-nails.org\/web_shop\/akademija-nail-dizajna\/","title":{"rendered":"Akademija Nail dizajna"},"content":{"rendered":"\t\t<div data-elementor-type=\"wp-page\" data-elementor-id=\"5999\" class=\"elementor elementor-5999\">\n\t\t\t\t\t\t\r\n\t\t<section\t\t class=\" elementor-section elementor-top-section elementor-element elementor-element-8bc7e5b elementor-section-boxed elementor-section-height-default elementor-section-height-default\" data-id=\"8bc7e5b\" data-element_type=\"section\" data-e-type=\"section\" data-settings=\"{&quot;background_background&quot;:&quot;classic&quot;}\">\r\n\t\t\r\n\t\t\t\t\t\t\t\t\t\t<div class=\"elementor-container elementor-column-gap-default\" >\r\n\r\n\t\t\t\t\r\n\t\t\t\t\t\t\t\t\t\t\t\t\t\t<div\t\t class=\" elementor-column elementor-col-100 elementor-top-column elementor-element elementor-element-fdd4484\" data-id=\"fdd4484\" data-element_type=\"column\" data-e-type=\"column\">\r\n\t\t\t\r\n\t\t\t\r\n\t\t\t\r\n\t\t\t<div class=\"elementor-widget-wrap elementor-element-populated\">\r\n\t\t\t\t\t\t\t\t<div class=\" elementor-element elementor-element-53059f7 elementor-widget elementor-widget-heading\" data-id=\"53059f7\" data-element_type=\"widget\" data-e-type=\"widget\" data-widget_type=\"heading.default\">\n\t\t\t\t<div class=\"elementor-widget-container\">\n\t\t\t\t\t<h5 class=\"elementor-heading-title elementor-size-default\">Arty Nails<\/h5>\t\t\t\t<\/div>\n\t\t\t\t<\/div>\n\t\t\t\t<div class=\" elementor-element elementor-element-9827a40 elementor-widget elementor-widget-heading\" data-id=\"9827a40\" data-element_type=\"widget\" data-e-type=\"widget\" data-widget_type=\"heading.default\">\n\t\t\t\t<div class=\"elementor-widget-container\">\n\t\t\t\t\t<h3 class=\"elementor-heading-title elementor-size-default\">Nail Academy<\/h3>\t\t\t\t<\/div>\n\t\t\t\t<\/div>\n\t\t\t\t<div class=\" elementor-element elementor-element-6333de9 elementor-widget elementor-widget-heading\" data-id=\"6333de9\" data-element_type=\"widget\" data-e-type=\"widget\" data-widget_type=\"heading.default\">\n\t\t\t\t<div class=\"elementor-widget-container\">\n\t\t\t\t\t<p class=\"elementor-heading-title elementor-size-default\">\u017delite li biti najbolji u svojem poslu?<\/p>\t\t\t\t<\/div>\n\t\t\t\t<\/div>\n\t\t\r\n\t\t\r\n\t\t\t\t\t\t\t<\/div>\r\n\t\t\t\r\n\t\t<\/div>\r\n\t\t\t\t\t\t\t\t\t\t\t\t\t\t\t\t\t<\/div>\r\n\t\t\t\t\t\t<\/section>\r\n\t\t\t\t\r\n\t\t<section\t\t class=\" elementor-section elementor-top-section elementor-element elementor-element-f524374 elementor-section-boxed elementor-section-height-default elementor-section-height-default\" data-id=\"f524374\" data-element_type=\"section\" data-e-type=\"section\">\r\n\t\t\r\n\t\t\t\t\t\t\t\t\t\t<div class=\"elementor-container elementor-column-gap-default\" >\r\n\r\n\t\t\t\t\r\n\t\t\t\t\t\t\t\t\t\t\t\t\t\t<div\t\t class=\" elementor-column elementor-col-100 elementor-top-column elementor-element elementor-element-0f569a4\" data-id=\"0f569a4\" data-element_type=\"column\" data-e-type=\"column\">\r\n\t\t\t\r\n\t\t\t\r\n\t\t\t\r\n\t\t\t<div class=\"elementor-widget-wrap elementor-element-populated\">\r\n\t\t\t\t\t\t\t\t<div class=\" elementor-element elementor-element-31dca95 elementor-widget elementor-widget-spacer\" data-id=\"31dca95\" data-element_type=\"widget\" data-e-type=\"widget\" data-widget_type=\"spacer.default\">\n\t\t\t\t<div class=\"elementor-widget-container\">\n\t\t\t\t\t\t\t<div class=\"elementor-spacer\">\n\t\t\t<div class=\"elementor-spacer-inner\"><\/div>\n\t\t<\/div>\n\t\t\t\t\t\t<\/div>\n\t\t\t\t<\/div>\n\t\t\t\t<div class=\" elementor-element elementor-element-18ccfe6 elementor-widget elementor-widget-heading\" data-id=\"18ccfe6\" data-element_type=\"widget\" data-e-type=\"widget\" data-widget_type=\"heading.default\">\n\t\t\t\t<div class=\"elementor-widget-container\">\n\t\t\t\t\t<h2 class=\"elementor-heading-title elementor-size-large\">Polaznicima pru\u017eamo najbolje edukacije uz kontinuirana ulaganja. Imate pitanja?<\/h2>\t\t\t\t<\/div>\n\t\t\t\t<\/div>\n\t\t\r\n\t\t\r\n\t\t\t\t\t\t\t<\/div>\r\n\t\t\t\r\n\t\t<\/div>\r\n\t\t\t\t\t\t\t\t\t\t\t\t\t\t\t\t\t<\/div>\r\n\t\t\t\t\t\t<\/section>\r\n\t\t\t\t\r\n\t\t<section\t\t class=\" elementor-section elementor-top-section elementor-element elementor-element-25eb139 elementor-section-boxed elementor-section-height-default elementor-section-height-default\" data-id=\"25eb139\" data-element_type=\"section\" data-e-type=\"section\">\r\n\t\t\r\n\t\t\t\t\t\t\t\t\t\t<div class=\"elementor-container elementor-column-gap-default\" >\r\n\r\n\t\t\t\t\r\n\t\t\t\t\t\t\t\t\t\t\t\t\t\t<div\t\t class=\" elementor-column elementor-col-50 elementor-top-column elementor-element elementor-element-8aaa75c\" data-id=\"8aaa75c\" data-element_type=\"column\" data-e-type=\"column\">\r\n\t\t\t\r\n\t\t\t\r\n\t\t\t\r\n\t\t\t<div class=\"elementor-widget-wrap elementor-element-populated\">\r\n\t\t\t\t\t\t\t\t<div class=\" elementor-element elementor-element-46115e8 elementor-widget elementor-widget-text-editor\" data-id=\"46115e8\" data-element_type=\"widget\" data-e-type=\"widget\" data-widget_type=\"text-editor.default\">\n\t\t\t\t<div class=\"elementor-widget-container\">\n\t\t\t\t\t\t\t\t\t<p>Kontaktirajte nas na mobitel<\/p>\t\t\t\t\t\t\t\t<\/div>\n\t\t\t\t<\/div>\n\t\t\t\t<div class=\" elementor-element elementor-element-02ba7c8 elementor-align-center elementor-widget elementor-widget-button\" data-id=\"02ba7c8\" data-element_type=\"widget\" data-e-type=\"widget\" data-widget_type=\"button.default\">\n\t\t\t\t<div class=\"elementor-widget-container\">\n\t\t\t\t\t\t\t\t\t<div class=\"elementor-button-wrapper\">\n\t\t\t\t\t<a class=\"elementor-button elementor-button-link elementor-size-md\" href=\"tel:+385923334939\">\n\t\t\t\t\t\t<span class=\"elementor-button-content-wrapper\">\n\t\t\t\t\t\t<span class=\"elementor-button-icon\">\n\t\t\t\t<i aria-hidden=\"true\" class=\"fas fa-mobile-alt\"><\/i>\t\t\t<\/span>\n\t\t\t\t\t\t\t\t\t<span class=\"elementor-button-text\">092 333 4939<\/span>\n\t\t\t\t\t<\/span>\n\t\t\t\t\t<\/a>\n\t\t\t\t<\/div>\n\t\t\t\t\t\t\t\t<\/div>\n\t\t\t\t<\/div>\n\t\t\r\n\t\t\r\n\t\t\t\t\t\t\t<\/div>\r\n\t\t\t\r\n\t\t<\/div>\r\n\t\t\t\t<div\t\t class=\" elementor-column elementor-col-50 elementor-top-column elementor-element elementor-element-c616f19\" data-id=\"c616f19\" data-element_type=\"column\" data-e-type=\"column\">\r\n\t\t\t\r\n\t\t\t\r\n\t\t\t\r\n\t\t\t<div class=\"elementor-widget-wrap elementor-element-populated\">\r\n\t\t\t\t\t\t\t\t<div class=\" elementor-element elementor-element-ca407de elementor-widget elementor-widget-text-editor\" data-id=\"ca407de\" data-element_type=\"widget\" data-e-type=\"widget\" data-widget_type=\"text-editor.default\">\n\t\t\t\t<div class=\"elementor-widget-container\">\n\t\t\t\t\t\t\t\t\t<p>Po\u0161aljite nam poruku na email<\/p>\t\t\t\t\t\t\t\t<\/div>\n\t\t\t\t<\/div>\n\t\t\t\t<div class=\" elementor-element elementor-element-c5da064 elementor-align-center elementor-widget elementor-widget-button\" data-id=\"c5da064\" data-element_type=\"widget\" data-e-type=\"widget\" data-widget_type=\"button.default\">\n\t\t\t\t<div class=\"elementor-widget-container\">\n\t\t\t\t\t\t\t\t\t<div class=\"elementor-button-wrapper\">\n\t\t\t\t\t<a class=\"elementor-button elementor-button-link elementor-size-md\" href=\"mailto:%20infoartynails@gmail.com\">\n\t\t\t\t\t\t<span class=\"elementor-button-content-wrapper\">\n\t\t\t\t\t\t<span class=\"elementor-button-icon\">\n\t\t\t\t<i aria-hidden=\"true\" class=\"far fa-envelope\"><\/i>\t\t\t<\/span>\n\t\t\t\t\t\t\t\t\t<span class=\"elementor-button-text\"> infoartynails@gmail.com<\/span>\n\t\t\t\t\t<\/span>\n\t\t\t\t\t<\/a>\n\t\t\t\t<\/div>\n\t\t\t\t\t\t\t\t<\/div>\n\t\t\t\t<\/div>\n\t\t\r\n\t\t\r\n\t\t\t\t\t\t\t<\/div>\r\n\t\t\t\r\n\t\t<\/div>\r\n\t\t\t\t\t\t\t\t\t\t\t\t\t\t\t\t\t<\/div>\r\n\t\t\t\t\t\t<\/section>\r\n\t\t\t\t\r\n\t\t<section\t\t class=\" elementor-section elementor-top-section elementor-element elementor-element-272602a elementor-section-content-middle pb-10 elementor-section-boxed elementor-section-height-default elementor-section-height-default\" data-id=\"272602a\" data-element_type=\"section\" data-e-type=\"section\" data-settings=\"{&quot;background_background&quot;:&quot;classic&quot;}\">\r\n\t\t\r\n\t\t\t\t\t\t\t\t\t\t<div class=\"elementor-container elementor-column-gap-default\" >\r\n\r\n\t\t\t\t\r\n\t\t\t\t\t\t\t\t\t\t\t\t\t\t<div\t\t class=\" elementor-column elementor-col-50 elementor-top-column elementor-element elementor-element-7c7470f counter-section\" data-id=\"7c7470f\" data-element_type=\"column\" data-e-type=\"column\">\r\n\t\t\t\r\n\t\t\t\r\n\t\t\t\r\n\t\t\t<div class=\"elementor-widget-wrap elementor-element-populated\">\r\n\t\t\t\t\t\t\t\t<div class=\" elementor-element elementor-element-930fa7e elementor-widget elementor-widget-text-editor\" data-id=\"930fa7e\" data-element_type=\"widget\" data-e-type=\"widget\" data-widget_type=\"text-editor.default\">\n\t\t\t\t<div class=\"elementor-widget-container\">\n\t\t\t\t\t\t\t\t\t<p>\u017delite li biti najbolji u svojem poslu? \u017delite li u\u010diti od najboljih i raditi s profesionalnim materijalima? \u017delite li usavr\u0161iti svoje znanje po najnovijim svjetskim standardima? Oduvijek ste \u017eeljeli postati nail tehni\u010dar, a niste znali kako zapo\u010deti?<\/p><p>Arty Nails Akademija Nail dizajna tu je za Vas \u2013 uz na\u0161e programe sveobuhvatnih edukacija izrade umjetnih noktiju u svim tehnikama rada ostvarite svoje snove o ovom zanimljivom, kreativnom i dinami\u010dnom zanimanju. Od Va\u0161ih prvih koraka do profesionalne razine bit \u0107emo uz Vas, prenijeti Vam na\u0161e znanje i iskustvo, dati savjete i odgovoriti na sva Va\u0161a pitanja.<\/p><p>Na\u0161a Akademija za\u010detnik je edukacija i trendova nail dizajna u Hrvatskoj, a na\u0161e edukacije poha\u0111ale su tisu\u0107e studenata i dana\u0161njih novih edukatora.<\/p><p>Akademija Nail dizajna nudi Vam:<\/p><ul><li>edukacije za po\u010detnike bez ikakvog predznanja<\/li><li>napredne edukacije za postoje\u0107e nail tehni\u010dare<\/li><li>nove i napredne tehnike rada s visokokvalitetnim materijalima<\/li><li>internacionalne master edukatore s vi\u0161egodi\u0161njim radom i iskustvom koji se stalno usavr\u0161avaju<\/li><li>rad u ugodnoj i prijateljskoj atmosferi u maloj grupi kako bismo svakom polazniku pru\u017eili maksimum<\/li><li>mogu\u0107nost individualnog rada<\/li><li>idealan omjer teoretskog znanja, pokaznih vje\u017ebi i prakti\u010dne primjene<\/li><li>osiguran sav materijal i pribor za rad<\/li><li>me\u0111unarodni certifikat po zavr\u0161etku te\u010daja<\/li><li>savjeti i kontinuirana potpora u daljnjem radu<\/li><\/ul><p>Javite nam se s povjerenjem i uvjerite se i sami da se ulaganje u sebe i vlastito znanje uvijek isplati te da je znanje, uz ljubav i entuzijazam prema poslu, vrijednost kojom mo\u017eete ostvariti svoje snove!<\/p><p>Edukacijski centar lociran je u Splitu, Ulica Svetog Spasa 9b.<\/p><p>Ukoliko ste zainteresirani za edukacije van na\u0161eg sjedi\u0161ta ili \u017eelite sami organizirati edukacije na podru\u010dju Hrvatske, Slovenije, Bosne i Hercegovine, Srbije, Crne Gore i Makedonije slobodno nas kontaktirajte na e-mail:\u00a0<span id=\"cloak6be23062e9c26f3892fc87b92d09da30\"><span id=\"cloak53e1e8b384f42d5c647e399d820df1e6\"><a href=\"mailto:artynails@gmail.com\">artynails@gmail.com<\/a><\/span><\/span>\u00a0ili telefonom: +385 21 296 248, +385 92 333 4939.<\/p>\t\t\t\t\t\t\t\t<\/div>\n\t\t\t\t<\/div>\n\t\t\r\n\t\t\r\n\t\t\t\t\t\t\t<\/div>\r\n\t\t\t\r\n\t\t<\/div>\r\n\t\t\t\t<div\t\t class=\" elementor-column elementor-col-50 elementor-top-column elementor-element elementor-element-fb79f50\" data-id=\"fb79f50\" data-element_type=\"column\" data-e-type=\"column\">\r\n\t\t\t\r\n\t\t\t\r\n\t\t\t\r\n\t\t\t<div class=\"elementor-widget-wrap elementor-element-populated\">\r\n\t\t\t\t\t\t\t\t<div class=\" elementor-element elementor-element-9759be6 elementor-widget elementor-widget-heading\" data-id=\"9759be6\" data-element_type=\"widget\" data-e-type=\"widget\" data-widget_type=\"heading.default\">\n\t\t\t\t<div class=\"elementor-widget-container\">\n\t\t\t\t\t<h5 class=\"elementor-heading-title elementor-size-default\">Izjave korisnika<\/h5>\t\t\t\t<\/div>\n\t\t\t\t<\/div>\n\t\t\t\t<div class=\" elementor-element elementor-element-5fdd720 elementor-widget-divider--view-line elementor-widget elementor-widget-divider\" data-id=\"5fdd720\" data-element_type=\"widget\" data-e-type=\"widget\" data-widget_type=\"divider.default\">\n\t\t\t\t<div class=\"elementor-widget-container\">\n\t\t\t\t\t\t\t<div class=\"elementor-divider\">\n\t\t\t<span class=\"elementor-divider-separator\">\n\t\t\t\t\t\t<\/span>\n\t\t<\/div>\n\t\t\t\t\t\t<\/div>\n\t\t\t\t<\/div>\n\t\t\t\t<div class=\" elementor-element elementor-element-24001aa elementor-widget elementor-widget-riode_widget_testimonial_group\" data-id=\"24001aa\" data-element_type=\"widget\" data-e-type=\"widget\" data-widget_type=\"riode_widget_testimonial_group.default\">\n\t\t\t\t<div class=\"elementor-widget-container\">\n\t\t\t\t\t<div class=\"testimonial-group owl-carousel owl-theme owl-nav-simple owl-nav-top\"  data-plugin=\"owl\" data-owl-options={&quot;margin&quot;:20,&quot;nav&quot;:true,&quot;dots&quot;:false,&quot;responsive&quot;:{&quot;992&quot;:{&quot;items&quot;:1,&quot;nav&quot;:true,&quot;dots&quot;:false},&quot;768&quot;:{&quot;items&quot;:1,&quot;nav&quot;:true,&quot;dots&quot;:false},&quot;576&quot;:{&quot;items&quot;:1},&quot;0&quot;:{&quot;items&quot;:1},&quot;1200&quot;:{&quot;items&quot;:1,&quot;nav&quot;:true,&quot;dots&quot;:false}}}>\t<div class=\"testimonial-item\">\r\n\t<blockquote class=\"testimonial testimonial-simple inversed\"><div class=\"content\"><p class=\"comment\">Jako sam zadovoljna prenesenim znanjem odgajateljice Maje, jo\u0161 jednom zahvaljujem na svemu \u0161to mi je pru\u017eeno od pomo\u0107i pa nadalje.\nSve preporuke za proizvode iz trgovine, posebno za edukaciju!\u2764\ufe0f<\/p><div class=\"ratings-container\"><div class=\"ratings-full\" aria-label=\"Rated 5 out of 5\"><span class=\"ratings\" style=\"width: 100%;\"><\/span><\/div><\/div><\/div><div class=\"commenter\"><div class=\"avatar icon\"><\/div><cite><span class=\"name\">Karla<\/span><span class=\"job\">polaznica edukacije<\/span><\/cite><\/div><\/blockquote>\t<\/div>\r\n\t\t<div class=\"testimonial-item\">\r\n\t<blockquote class=\"testimonial testimonial-simple inversed\"><div class=\"content\"><p class=\"comment\">Upravo sam zavr\u0161ila edukaciju za gel tehniku i \u017eelim zahvaliti timu Arty nails, ljubaznim curama koje rade u trgovini te posebno predivnoj edukatorici Maji prenesenom znanju. Sve preporuke za edukacije tako i za njihove proizvode\u2764\ufe0f<\/p><div class=\"ratings-container\"><div class=\"ratings-full\" aria-label=\"Rated 5 out of 5\"><span class=\"ratings\" style=\"width: 100%;\"><\/span><\/div><\/div><\/div><div class=\"commenter\"><div class=\"avatar icon\"><\/div><cite><span class=\"name\">Katarina<\/span><span class=\"job\">polaznica edukacije<\/span><\/cite><\/div><\/blockquote>\t<\/div>\r\n\t\t<div class=\"testimonial-item\">\r\n\t<blockquote class=\"testimonial testimonial-simple inversed\"><div class=\"content\"><p class=\"comment\">Predivno novo iskustvo,usluga vrhunska na\u0161a divna Maja nas sa svojom edukacijom vodi do savr\u0161enstva.Puna razumjevanja.Stru\u010dno obja\u0161njavanje i upoznavanje sa svim proizvodima i tehnikom koja nam je potrebna za po\u010detak rada,kvalitetno proveden svaki sat pun rada ,smijeha ,sre\u0107e i uzbu\u0107enja.Ja sam odu\u0161evljena i svaka pohvala na svemu.Preporuka svim curama.Hvala od \u2764\ufe0f\u2764\ufe0f\u2764\ufe0f<\/p><div class=\"ratings-container\"><div class=\"ratings-full\" aria-label=\"Rated 5 out of 5\"><span class=\"ratings\" style=\"width: 100%;\"><\/span><\/div><\/div><\/div><div class=\"commenter\"><div class=\"avatar icon\"><\/div><cite><span class=\"name\">Albina<\/span><span class=\"job\">polaznica edukacije<\/span><\/cite><\/div><\/blockquote>\t<\/div>\r\n\t\t<div class=\"testimonial-item\">\r\n\t<blockquote class=\"testimonial testimonial-simple inversed\"><div class=\"content\"><p class=\"comment\">Kvalitetu ovog materijala ne treba niti komentirati, nadma\u0161ili su sva moja o\u010dekivanja. U ovom poslu sam 8 godina i nikad nisam probao ne\u0161to ovako dobro. Drago mi je da sam kona\u010dno prona\u0161ao brend koji \u017eelim ponuditi svojim klijentima. A jo\u0161 va\u017enija stvar od svega toga je da su ljudi koji rade za ovaj brend vrlo profesionalni, odgovorni i izvrsni! \u2764\ufe0f<\/p><div class=\"ratings-container\"><div class=\"ratings-full\" aria-label=\"Rated 5 out of 5\"><span class=\"ratings\" style=\"width: 100%;\"><\/span><\/div><\/div><\/div><div class=\"commenter\"><div class=\"avatar icon\"><\/div><cite><span class=\"name\">Nina<\/span><span class=\"job\">polaznica edukacije<\/span><\/cite><\/div><\/blockquote>\t<\/div>\r\n\t\t<div class=\"testimonial-item\">\r\n\t<blockquote class=\"testimonial testimonial-simple inversed\"><div class=\"content\"><p class=\"comment\">Bila sam na edukaciji za gel tehniku i trajni lak kod predivne Maje i od srca preporu\u010dujem svim curama da je edukacija vrijedna svakog eura! Kao po\u010detnik bez apsolutno ikakvog znanja, a pogotovo bez dana prakse, iza\u0161la sam s edukacije s ogromnim znanjem koji je draga Maja prenijela do najsitnijeg detalja! Osim izvrsnog i izrazito profesionalnog pristupa edukaciji, svaka gre\u0161ka u procesu savladavanja znanja u praksi mi je obja\u0161njena do najsitnijeg detalja i jo\u0161 bitnije, obja\u0161njeno je i na koji na\u010din ispraviti te gre\u0161ke. Ovim putem \u017eelim posebno pohvaliti Maju, koja je spremna satima voditi podjednaku brigu o svim curama i paziti svaki mali korak da je napravljen i obja\u0161njen kako treba. Od srca sve preporuke za edukacije kod odli\u010dne edukatorice, po meni i najbolje u cijeloj Hrvatskoj! Naravno, posebna pohvala i za cure koje rade u trgovini, osobito za njihov pristup prema klijenticama, koje zajedno s Majinim pristupom itekako doprinose da se osje\u0107ate kao da ste doma!<\/p><div class=\"ratings-container\"><div class=\"ratings-full\" aria-label=\"Rated 5 out of 5\"><span class=\"ratings\" style=\"width: 100%;\"><\/span><\/div><\/div><\/div><div class=\"commenter\"><div class=\"avatar icon\"><\/div><cite><span class=\"name\">Ivana<\/span><span class=\"job\">polaznica edukacije<\/span><\/cite><\/div><\/blockquote>\t<\/div>\r\n\t<\/div>\t\t\t\t<\/div>\n\t\t\t\t<\/div>\n\t\t\r\n\t\t\r\n\t\t\t\t\t\t\t<\/div>\r\n\t\t\t\r\n\t\t<\/div>\r\n\t\t\t\t\t\t\t\t\t\t\t\t\t\t\t\t\t<\/div>\r\n\t\t\t\t\t\t<\/section>\r\n\t\t\t\t<\/div>\n\t\t","protected":false},"excerpt":{"rendered":"<p>Arty Nails Nail Academy \u017delite li biti najbolji u svojem poslu? Polaznicima pru\u017eamo najbolje edukacije uz kontinuirana ulaganja. Imate pitanja? Kontaktirajte nas na mobitel 092 333 4939 Po\u0161aljite nam poruku na email infoartynails@gmail.com \u017delite li biti najbolji u svojem poslu? \u017delite li u\u010diti od najboljih i raditi s profesionalnim materijalima? \u017delite li usavr\u0161iti svoje znanje [&hellip;]<\/p>\n","protected":false},"author":4474,"featured_media":0,"parent":0,"menu_order":0,"comment_status":"closed","ping_status":"closed","template":"elementor_header_footer","meta":{"footnotes":""},"class_list":["post-5999","page","type-page","status-publish","hentry"],"_links":{"self":[{"href":"https:\/\/www.arty-nails.org\/web_shop\/wp-json\/wp\/v2\/pages\/5999","targetHints":{"allow":["GET"]}}],"collection":[{"href":"https:\/\/www.arty-nails.org\/web_shop\/wp-json\/wp\/v2\/pages"}],"about":[{"href":"https:\/\/www.arty-nails.org\/web_shop\/wp-json\/wp\/v2\/types\/page"}],"author":[{"embeddable":true,"href":"https:\/\/www.arty-nails.org\/web_shop\/wp-json\/wp\/v2\/users\/4474"}],"replies":[{"embeddable":true,"href":"https:\/\/www.arty-nails.org\/web_shop\/wp-json\/wp\/v2\/comments?post=5999"}],"version-history":[{"count":3,"href":"https:\/\/www.arty-nails.org\/web_shop\/wp-json\/wp\/v2\/pages\/5999\/revisions"}],"predecessor-version":[{"id":47369,"href":"https:\/\/www.arty-nails.org\/web_shop\/wp-json\/wp\/v2\/pages\/5999\/revisions\/47369"}],"wp:attachment":[{"href":"https:\/\/www.arty-nails.org\/web_shop\/wp-json\/wp\/v2\/media?parent=5999"}],"curies":[{"name":"wp","href":"https:\/\/api.w.org\/{rel}","templated":true}]}}