{"id":6238,"date":"2022-08-18T18:13:57","date_gmt":"2022-08-18T16:13:57","guid":{"rendered":"https:\/\/www.arty-nails.org\/web_shop\/?page_id=6238"},"modified":"2024-11-23T01:34:01","modified_gmt":"2024-11-23T00:34:01","slug":"tecajevi","status":"publish","type":"page","link":"https:\/\/www.arty-nails.org\/web_shop\/tecajevi\/","title":{"rendered":"Te\u010dajevi"},"content":{"rendered":"\t\t<div data-elementor-type=\"wp-page\" data-elementor-id=\"6238\" class=\"elementor elementor-6238\">\n\t\t\t\t\t\t\r\n\t\t<section\t\t class=\" elementor-section elementor-top-section elementor-element elementor-element-25aeb610 elementor-section-stretched elementor-section-boxed elementor-section-height-default elementor-section-height-default\" data-id=\"25aeb610\" data-element_type=\"section\" data-e-type=\"section\" data-settings=\"{&quot;background_background&quot;:&quot;classic&quot;,&quot;stretch_section&quot;:&quot;section-stretched&quot;}\">\r\n\t\t\r\n\t\t\t\t\t\t\t\t\t\t<div class=\"elementor-container elementor-column-gap-default\" >\r\n\r\n\t\t\t\t\r\n\t\t\t\t\t\t\t\t\t\t\t\t\t\t<div\t\t class=\" elementor-column elementor-col-100 elementor-top-column elementor-element elementor-element-58baa54d\" data-id=\"58baa54d\" data-element_type=\"column\" data-e-type=\"column\">\r\n\t\t\t\r\n\t\t\t\r\n\t\t\t\r\n\t\t\t<div class=\"elementor-widget-wrap elementor-element-populated\">\r\n\t\t\t\t\t\t\t\t<div class=\" elementor-element elementor-element-4cc0cc2 elementor-widget elementor-widget-heading\" data-id=\"4cc0cc2\" data-element_type=\"widget\" data-e-type=\"widget\" data-widget_type=\"heading.default\">\n\t\t\t\t<div class=\"elementor-widget-container\">\n\t\t\t\t\t<h5 class=\"elementor-heading-title elementor-size-default\">Arty Nails<\/h5>\t\t\t\t<\/div>\n\t\t\t\t<\/div>\n\t\t\t\t<div class=\" elementor-element elementor-element-544a7bd3 elementor-widget elementor-widget-heading\" data-id=\"544a7bd3\" data-element_type=\"widget\" data-e-type=\"widget\" data-widget_type=\"heading.default\">\n\t\t\t\t<div class=\"elementor-widget-container\">\n\t\t\t\t\t<h3 class=\"elementor-heading-title elementor-size-default\">Te\u010dajevi<\/h3>\t\t\t\t<\/div>\n\t\t\t\t<\/div>\n\t\t\t\t<div class=\" elementor-element elementor-element-38d45be2 elementor-widget elementor-widget-heading\" data-id=\"38d45be2\" data-element_type=\"widget\" data-e-type=\"widget\" data-widget_type=\"heading.default\">\n\t\t\t\t<div class=\"elementor-widget-container\">\n\t\t\t\t\t<p class=\"elementor-heading-title elementor-size-default\">po\u010detni i napredni te\u010dajevi za nokte<\/p>\t\t\t\t<\/div>\n\t\t\t\t<\/div>\n\t\t\r\n\t\t\r\n\t\t\t\t\t\t\t<\/div>\r\n\t\t\t\r\n\t\t<\/div>\r\n\t\t\t\t\t\t\t\t\t\t\t\t\t\t\t\t\t<\/div>\r\n\t\t\t\t\t\t<\/section>\r\n\t\t\t\t\r\n\t\t<section\t\t class=\" elementor-section elementor-top-section elementor-element elementor-element-272602a pb-10 elementor-section-boxed elementor-section-height-default elementor-section-height-default\" data-id=\"272602a\" data-element_type=\"section\" data-e-type=\"section\" data-settings=\"{&quot;background_background&quot;:&quot;classic&quot;}\">\r\n\t\t\r\n\t\t\t\t\t\t\t\t\t\t<div class=\"elementor-container elementor-column-gap-default\" >\r\n\r\n\t\t\t\t\r\n\t\t\t\t\t\t\t\t\t\t\t\t\t\t<div\t\t class=\" elementor-column elementor-col-100 elementor-top-column elementor-element elementor-element-7c7470f counter-section\" data-id=\"7c7470f\" data-element_type=\"column\" data-e-type=\"column\">\r\n\t\t\t\r\n\t\t\t\r\n\t\t\t\r\n\t\t\t<div class=\"elementor-widget-wrap elementor-element-populated\">\r\n\t\t\t\t\t\t\t\t<div class=\" elementor-element elementor-element-4bf33e0 elementor-widget elementor-widget-riode_widget_posts\" data-id=\"4bf33e0\" data-element_type=\"widget\" data-e-type=\"widget\" data-widget_type=\"riode_widget_posts.default\">\n\t\t\t\t<div class=\"elementor-widget-container\">\n\t\t\t\t\t<div class=\"posts  row cols-lg-3 cols-md-3 cols-sm-2 cols-2 load-scroll\" data-load=\"{&quot;props&quot;:{&quot;widget&quot;:true,&quot;post_grid&quot;:&quot;grid&quot;,&quot;type&quot;:&quot;&quot;,&quot;overlay&quot;:&quot;&quot;,&quot;show_info&quot;:[&quot;image&quot;,&quot;content&quot;,&quot;readmore&quot;],&quot;show_datebox&quot;:&quot;&quot;,&quot;excerpt_limit&quot;:&quot;&quot;,&quot;excerpt_type&quot;:&quot;&quot;,&quot;read_more_label&quot;:&quot;Read More&quot;,&quot;read_more_class&quot;:&quot;&quot;,&quot;thumbnail_size&quot;:&quot;medium&quot;,&quot;thumbnail_custom_dimension&quot;:null},&quot;args&quot;:{&quot;post_type&quot;:&quot;post&quot;,&quot;posts_per_page&quot;:12,&quot;cat&quot;:&quot;47&quot;,&quot;orderby&quot;:&quot;date&quot;},&quot;max&quot;:1}\"><div class=\"post-wrap \">\r\n\t\t<article class=\"post-5589 post type-post status-publish format-standard hentry category-tecajevi\">\r\n\t\t\t\t<div class=\"post-details\">\r\n\t\t\t<h3 class=\"post-title\"><a href=\"https:\/\/www.arty-nails.org\/web_shop\/tecajevi\/trajni-lak-master-class-i-ruska-manikura\/\">Trajni lak i ruska manikura Master Class<\/a><\/h3><div class=\"post-content\">\r\n\t<p>Ova edukacija namijenjena je onima koji \u017eele svladati master class tehniku nano\u0161enja trajnog laka i obrade zanoktica i ko\u017ee nokta tzv. rusku manikuru. Ruska manikura daje savr\u0161en izgled nokta u\u2026<\/p><\/div>\r\n<a href=\"https:\/\/www.arty-nails.org\/web_shop\/tecajevi\/trajni-lak-master-class-i-ruska-manikura\/\" class=\"btn btn-link btn-underline btn-primary\">Read More<i class=\"d-icon-arrow-right\"><\/i><\/a>\t\t<\/div>\r\n\t<\/article>\r\n\t<\/div>\r\n<div class=\"post-wrap \">\r\n\t\t<article class=\"post-5583 post type-post status-publish format-standard hentry category-tecajevi\">\r\n\t\t\t\t<div class=\"post-details\">\r\n\t\t\t<h3 class=\"post-title\"><a href=\"https:\/\/www.arty-nails.org\/web_shop\/tecajevi\/napredni-osnovni-tecaj-geliranja\/\">Osnovna napredna edukacija gel tehnike<\/a><\/h3><div class=\"post-content\">\r\n\t<p>Master Edukator s vi\u0161egodi\u0161njim iskustvom u radu nau\u010diti \u0107e Vas najnovijim tehnikama rada i svim trikovima gel dizajna. Nakon na\u0161e obuke bit \u0107ete spremni samostalno zapo\u010deti s radom. Na\u0161e edukacije\u2026<\/p><\/div>\r\n<a href=\"https:\/\/www.arty-nails.org\/web_shop\/tecajevi\/napredni-osnovni-tecaj-geliranja\/\" class=\"btn btn-link btn-underline btn-primary\">Read More<i class=\"d-icon-arrow-right\"><\/i><\/a>\t\t<\/div>\r\n\t<\/article>\r\n\t<\/div>\r\n<div class=\"post-wrap \">\r\n\t\t<article class=\"post-5591 post type-post status-publish format-standard hentry category-tecajevi\">\r\n\t\t\t\t<div class=\"post-details\">\r\n\t\t\t<h3 class=\"post-title\"><a href=\"https:\/\/www.arty-nails.org\/web_shop\/tecajevi\/intenzivni-tecaj-za-edukatore\/\">Intenzivni te\u010daj za edukatore<\/a><\/h3><div class=\"post-content\">\r\n\t<p>Arty Nails Academy te\u010daj za edukatore je intenzivan trening za sve one koje se \u017eele pridru\u017eiti na\u0161em timu i tako posti\u0107i vi\u0161e ciljeve i zapo\u010deti karijeru edukatora. Tijekom edukacija pokrivene\u2026<\/p><\/div>\r\n<a href=\"https:\/\/www.arty-nails.org\/web_shop\/tecajevi\/intenzivni-tecaj-za-edukatore\/\" class=\"btn btn-link btn-underline btn-primary\">Read More<i class=\"d-icon-arrow-right\"><\/i><\/a>\t\t<\/div>\r\n\t<\/article>\r\n\t<\/div>\r\n<div class=\"post-wrap \">\r\n\t\t<article class=\"post-5582 post type-post status-publish format-standard hentry category-tecajevi\">\r\n\t\t\t\t<div class=\"post-details\">\r\n\t\t\t<h3 class=\"post-title\"><a href=\"https:\/\/www.arty-nails.org\/web_shop\/tecajevi\/osnovni-tecaj-geliranja-noktiju\/\">Osnovni te\u010daj geliranja (za obnavljanje znanja)<\/a><\/h3><div class=\"post-content\">\r\n\t<p>Ova edukacija namijenjena je svima koji ve\u0107 imaju nekakvog iskustva u radu, ali dugo vremena nisu radili ili im nedostaje znanja, te nisu potpuno sigurni u svoj rad. Upoznavanje s\u2026<\/p><\/div>\r\n<a href=\"https:\/\/www.arty-nails.org\/web_shop\/tecajevi\/osnovni-tecaj-geliranja-noktiju\/\" class=\"btn btn-link btn-underline btn-primary\">Read More<i class=\"d-icon-arrow-right\"><\/i><\/a>\t\t<\/div>\r\n\t<\/article>\r\n\t<\/div>\r\n<div class=\"post-wrap \">\r\n\t\t<article class=\"post-5588 post type-post status-publish format-standard hentry category-tecajevi\">\r\n\t\t\t\t<div class=\"post-details\">\r\n\t\t\t<h3 class=\"post-title\"><a href=\"https:\/\/www.arty-nails.org\/web_shop\/tecajevi\/usavrsavanje-gel-tehnike-za-salonski-rad\/\">Usavr\u0161avanje gel tehnike za salonski rad<\/a><\/h3><div class=\"post-content\">\r\n\t<p>Ova edukacija namijenjena je za sve one koji bi htjeli nau\u010diti vi\u0161e o tehnici geliranja, upoznati se s novim materijalima za rad, nau\u010diti pravilno postavljati ukrase na nokte i sl:\u2026<\/p><\/div>\r\n<a href=\"https:\/\/www.arty-nails.org\/web_shop\/tecajevi\/usavrsavanje-gel-tehnike-za-salonski-rad\/\" class=\"btn btn-link btn-underline btn-primary\">Read More<i class=\"d-icon-arrow-right\"><\/i><\/a>\t\t<\/div>\r\n\t<\/article>\r\n\t<\/div>\r\n<\/div>\t\t\t\t<\/div>\n\t\t\t\t<\/div>\n\t\t\r\n\t\t\r\n\t\t\t\t\t\t\t<\/div>\r\n\t\t\t\r\n\t\t<\/div>\r\n\t\t\t\t\t\t\t\t\t\t\t\t\t\t\t\t\t<\/div>\r\n\t\t\t\t\t\t<\/section>\r\n\t\t\t\t<\/div>\n\t\t","protected":false},"excerpt":{"rendered":"<p>Arty Nails Te\u010dajevi po\u010detni i napredni te\u010dajevi za nokte Trajni lak i ruska manikura Master Class Ova edukacija namijenjena je onima koji \u017eele svladati master class tehniku nano\u0161enja trajnog laka i obrade zanoktica i ko\u017ee nokta tzv. rusku manikuru. Ruska manikura daje savr\u0161en izgled nokta u\u2026 Read More Osnovna napredna edukacija gel tehnike Master Edukator [&hellip;]<\/p>\n","protected":false},"author":4474,"featured_media":0,"parent":0,"menu_order":0,"comment_status":"closed","ping_status":"closed","template":"","meta":{"footnotes":""},"class_list":["post-6238","page","type-page","status-publish","hentry"],"_links":{"self":[{"href":"https:\/\/www.arty-nails.org\/web_shop\/wp-json\/wp\/v2\/pages\/6238","targetHints":{"allow":["GET"]}}],"collection":[{"href":"https:\/\/www.arty-nails.org\/web_shop\/wp-json\/wp\/v2\/pages"}],"about":[{"href":"https:\/\/www.arty-nails.org\/web_shop\/wp-json\/wp\/v2\/types\/page"}],"author":[{"embeddable":true,"href":"https:\/\/www.arty-nails.org\/web_shop\/wp-json\/wp\/v2\/users\/4474"}],"replies":[{"embeddable":true,"href":"https:\/\/www.arty-nails.org\/web_shop\/wp-json\/wp\/v2\/comments?post=6238"}],"version-history":[{"count":0,"href":"https:\/\/www.arty-nails.org\/web_shop\/wp-json\/wp\/v2\/pages\/6238\/revisions"}],"wp:attachment":[{"href":"https:\/\/www.arty-nails.org\/web_shop\/wp-json\/wp\/v2\/media?parent=6238"}],"curies":[{"name":"wp","href":"https:\/\/api.w.org\/{rel}","templated":true}]}}