{"id":10508,"date":"2021-06-13T21:20:18","date_gmt":"2021-06-13T19:20:18","guid":{"rendered":"https:\/\/www.arty-nails.org\/web_shop\/?post_type=product&#038;p=10508"},"modified":"2026-02-02T10:15:11","modified_gmt":"2026-02-02T09:15:11","slug":"posuda-za-pribor","status":"publish","type":"product","link":"https:\/\/www.arty-nails.org\/web_shop\/proizvod\/posuda-za-pribor\/","title":{"rendered":"POSUDA ZA PRIBOR"},"content":{"rendered":"<p>Profesionalna posuda za \u010duvanje i dezinfekciju pribora, napravljena od visokokvalitetnog nehr\u0111aju\u0107eg \u010delika.<\/p>\n<p>Glavne zna\u010dajke:<\/p>\n<ul>\n<li>veli\u010dina: 195\u044590\u044519 mm<\/li>\n<li>nehr\u0111aju\u0107i \u010delik<\/li>\n<li>valovito dno za lak\u0161e slaganje pribora<\/li>\n<li>mo\u017ee se koristiti za \u010duvanje i dezinfekciju pribora<\/li>\n<\/ul>\n","protected":false},"excerpt":{"rendered":"<p>Profesionalna posuda za \u010duvanje i dezinfekciju pribora, napravljena od visokokvalitetnog nehr\u0111aju\u0107eg \u010delika. Glavne zna\u010dajke: veli\u010dina: 195\u044590\u044519 mm nehr\u0111aju\u0107i \u010delik valovito dno za lak\u0161e slaganje pribora mo\u017ee se koristiti za \u010duvanje i dezinfekciju pribora<\/p>\n","protected":false},"featured_media":10506,"comment_status":"closed","ping_status":"closed","template":"","meta":[],"product_brand":[],"product_cat":[121,130,165,134],"product_tag":[],"class_list":{"0":"post-10508","1":"product","2":"type-product","3":"status-publish","4":"has-post-thumbnail","6":"product_cat-pribor-za-nokte","7":"product_cat-dezinfekcija-i-zastita","8":"product_cat-oprema-za-rad","9":"product_cat-sterilizatori","11":"first","12":"instock","13":"shipping-taxable","14":"purchasable","15":"product-type-simple"},"_links":{"self":[{"href":"https:\/\/www.arty-nails.org\/web_shop\/wp-json\/wp\/v2\/product\/10508","targetHints":{"allow":["GET"]}}],"collection":[{"href":"https:\/\/www.arty-nails.org\/web_shop\/wp-json\/wp\/v2\/product"}],"about":[{"href":"https:\/\/www.arty-nails.org\/web_shop\/wp-json\/wp\/v2\/types\/product"}],"replies":[{"embeddable":true,"href":"https:\/\/www.arty-nails.org\/web_shop\/wp-json\/wp\/v2\/comments?post=10508"}],"wp:featuredmedia":[{"embeddable":true,"href":"https:\/\/www.arty-nails.org\/web_shop\/wp-json\/wp\/v2\/media\/10506"}],"wp:attachment":[{"href":"https:\/\/www.arty-nails.org\/web_shop\/wp-json\/wp\/v2\/media?parent=10508"}],"wp:term":[{"taxonomy":"product_brand","embeddable":true,"href":"https:\/\/www.arty-nails.org\/web_shop\/wp-json\/wp\/v2\/product_brand?post=10508"},{"taxonomy":"product_cat","embeddable":true,"href":"https:\/\/www.arty-nails.org\/web_shop\/wp-json\/wp\/v2\/product_cat?post=10508"},{"taxonomy":"product_tag","embeddable":true,"href":"https:\/\/www.arty-nails.org\/web_shop\/wp-json\/wp\/v2\/product_tag?post=10508"}],"curies":[{"name":"wp","href":"https:\/\/api.w.org\/{rel}","templated":true}]}}