{"id":10685,"date":"2021-07-08T17:40:59","date_gmt":"2021-07-08T15:40:59","guid":{"rendered":"https:\/\/www.arty-nails.org\/web_shop\/product\/arty-nails-booster-serum-precious-oil-set-2-x-30-ml\/"},"modified":"2025-12-01T08:05:18","modified_gmt":"2025-12-01T07:05:18","slug":"arty-nails-booster-serum-precious-oil-set-2-x-30-ml","status":"publish","type":"product","link":"https:\/\/www.arty-nails.org\/web_shop\/proizvod\/arty-nails-booster-serum-precious-oil-set-2-x-30-ml\/","title":{"rendered":"ARTY NAILS BOOSTER SERUM &#038; PRECIOUS OIL SET 2 X 30 ML"},"content":{"rendered":"<p>Hidratantni booster serum i\u00a0Apsolutno dragocjeno ulje iz Arty Nails Premium spa linije u savr\u0161enom setu za njegu ko\u017ee ruku i stopala.<\/p>\n<p>Posebni hidratantni booster serum s mati\u010dnom mlije\u010di i proteinima svile prirodno osigurava intenzivnu i duboku hidrataciju, pove\u0107ava elasti\u010dnost ko\u017ee te u\u010dvr\u0161\u0107uje i zagla\u0111uje ko\u017eu na rukama i stopalima. Brzo se upija u ko\u017eu, ima u\u010dinak posvjetljivanja i daje ko\u017ei prirodan sjaj. U potpunosti baziran na visoko kvalitetnim sastojcima koji imaju optimalan u\u010dinak na sve tipove ko\u017ee.<\/p>\n<p>Uporaba: Nanosi se na ruke i stopala te se utrljava u ko\u017eu dok se u potpunosti ne apsorbira. Mo\u017ee se koristiti samostalno za svakodnevnu njegu, ali se za najbolji u\u010dinak preporu\u010duje koristiti prije njege Apsolutnim dragocjenim uljem. Tako\u0111er se preporu\u010duje kao drugi korak kraljevskog spa tretmana njege.<\/p>\n<p>Apsolutno dragocjeno ulje savr\u0161ena je kombinacija ulja slatkog badema, ulja avokada te ulja geranija i ru\u017ee uz dodatak vitamina E. Svojom sna\u017enom mje\u0161avinom sastojaka na bazi biljaka koji hrane, omek\u0161avaju, hidratiziraju i \u0161tite, ovo dragocjeno ulje pru\u017ea esencijalne elemente za vitalnost i mladena\u010dki izgled ko\u017ee i noktiju. Ruke i stopala ostavlja svilenkastima na dodir i predivnog mirisa jo\u0161 dugo nakon tretmana.<\/p>\n<p>Uporaba: Nanosi se na ruke i stopala te se utrljava u ko\u017eu dok se u potpunosti ne apsorbira. Mo\u017ee se koristiti samostalno za svakodnevnu njegu, ali se za najbolji u\u010dinak preporu\u010duje koristiti nakon njege Hidratantnim booster serumom. Tako\u0111er se preporu\u010duje kao tre\u0107i, zavr\u0161ni korak kraljevskog spa tretmana njege.<\/p>\n","protected":false},"excerpt":{"rendered":"<p>Hidratantni booster serum i\u00a0Apsolutno dragocjeno ulje iz Arty Nails Premium spa linije u savr\u0161enom setu za njegu ko\u017ee ruku i stopala. Posebni hidratantni booster serum s mati\u010dnom mlije\u010di i proteinima svile prirodno osigurava intenzivnu i duboku hidrataciju, pove\u0107ava elasti\u010dnost ko\u017ee te u\u010dvr\u0161\u0107uje i zagla\u0111uje ko\u017eu na rukama i stopalima. Brzo se upija u ko\u017eu, ima [&hellip;]<\/p>\n","protected":false},"featured_media":10683,"comment_status":"closed","ping_status":"closed","template":"","meta":[],"product_brand":[55],"product_cat":[110,211,209,126,127],"product_tag":[],"class_list":{"0":"post-10685","1":"product","2":"type-product","3":"status-publish","4":"has-post-thumbnail","6":"product_brand-arty-nails","7":"product_cat-arty-nails-spa-linija","8":"product_cat-njega-i-higijena-stopala","9":"product_cat-posebne-ponude-arty-nails","10":"product_cat-spa-njega-ruku","11":"product_cat-spa-njega-stopala","13":"first","14":"instock","15":"shipping-taxable","16":"purchasable","17":"product-type-simple"},"_links":{"self":[{"href":"https:\/\/www.arty-nails.org\/web_shop\/wp-json\/wp\/v2\/product\/10685","targetHints":{"allow":["GET"]}}],"collection":[{"href":"https:\/\/www.arty-nails.org\/web_shop\/wp-json\/wp\/v2\/product"}],"about":[{"href":"https:\/\/www.arty-nails.org\/web_shop\/wp-json\/wp\/v2\/types\/product"}],"replies":[{"embeddable":true,"href":"https:\/\/www.arty-nails.org\/web_shop\/wp-json\/wp\/v2\/comments?post=10685"}],"wp:featuredmedia":[{"embeddable":true,"href":"https:\/\/www.arty-nails.org\/web_shop\/wp-json\/wp\/v2\/media\/10683"}],"wp:attachment":[{"href":"https:\/\/www.arty-nails.org\/web_shop\/wp-json\/wp\/v2\/media?parent=10685"}],"wp:term":[{"taxonomy":"product_brand","embeddable":true,"href":"https:\/\/www.arty-nails.org\/web_shop\/wp-json\/wp\/v2\/product_brand?post=10685"},{"taxonomy":"product_cat","embeddable":true,"href":"https:\/\/www.arty-nails.org\/web_shop\/wp-json\/wp\/v2\/product_cat?post=10685"},{"taxonomy":"product_tag","embeddable":true,"href":"https:\/\/www.arty-nails.org\/web_shop\/wp-json\/wp\/v2\/product_tag?post=10685"}],"curies":[{"name":"wp","href":"https:\/\/api.w.org\/{rel}","templated":true}]}}