{"id":11067,"date":"2021-12-08T19:28:50","date_gmt":"2021-12-08T18:28:50","guid":{"rendered":"https:\/\/www.arty-nails.org\/web_shop\/product\/reforma-xmas-kolekcija-trajnih-lakova\/"},"modified":"2025-08-10T12:17:35","modified_gmt":"2025-08-10T10:17:35","slug":"reforma-xmas-kolekcija-trajnih-lakova","status":"publish","type":"product","link":"https:\/\/www.arty-nails.org\/web_shop\/proizvod\/reforma-xmas-kolekcija-trajnih-lakova\/","title":{"rendered":"REFORMA XMAS KOLEKCIJA TRAJNIH LAKOVA"},"content":{"rendered":"<p>Jo\u0161 malo bo\u017ei\u0107ne \u010darolije sti\u017ee nam iz Reforme!<\/p>\n<p>Kakav bi to bio Bo\u017ei\u0107 bez crvenog sjaja? Za kraj godine ReformA je pripremila predivne i zanimljive glitter nijanse XMAS kolekcije:<\/p>\n<ul>\n<li>Alfa &#8211; red with red glitter<\/li>\n<li>Beta &#8211; black and red with red glitter<\/li>\n<li>Gamma &#8211; dark purple with red-pink glitter<\/li>\n<\/ul>\n<p>Neka prazni\u010dno veselje zapo\u010dne! Bilo za Bo\u017ei\u0107 ili za do\u010dek nove godine, s ovim lakovima glamura vam ne\u0107e nedostajati!<\/p>\n","protected":false},"excerpt":{"rendered":"<p>Jo\u0161 malo bo\u017ei\u0107ne \u010darolije sti\u017ee nam iz Reforme! Kakav bi to bio Bo\u017ei\u0107 bez crvenog sjaja? Za kraj godine ReformA je pripremila predivne i zanimljive glitter nijanse XMAS kolekcije: Alfa &#8211; red with red glitter Beta &#8211; black and red with red glitter Gamma &#8211; dark purple with red-pink glitter Neka prazni\u010dno veselje zapo\u010dne! Bilo [&hellip;]<\/p>\n","protected":false},"featured_media":11066,"comment_status":"closed","ping_status":"closed","template":"","meta":[],"product_brand":[50],"product_cat":[172,187,171],"product_tag":[],"class_list":{"0":"post-11067","1":"product","2":"type-product","3":"status-publish","4":"has-post-thumbnail","6":"product_brand-reforma","7":"product_cat-posebne-ponude-reforma","8":"product_cat-reforma-setovi-i-kolekcije-trajnih-lakova","9":"product_cat-setovi-i-kolekcije-trajnih-lakova-reforma","11":"first","12":"instock","13":"sale","14":"shipping-taxable","15":"purchasable","16":"product-type-simple"},"_links":{"self":[{"href":"https:\/\/www.arty-nails.org\/web_shop\/wp-json\/wp\/v2\/product\/11067","targetHints":{"allow":["GET"]}}],"collection":[{"href":"https:\/\/www.arty-nails.org\/web_shop\/wp-json\/wp\/v2\/product"}],"about":[{"href":"https:\/\/www.arty-nails.org\/web_shop\/wp-json\/wp\/v2\/types\/product"}],"replies":[{"embeddable":true,"href":"https:\/\/www.arty-nails.org\/web_shop\/wp-json\/wp\/v2\/comments?post=11067"}],"wp:featuredmedia":[{"embeddable":true,"href":"https:\/\/www.arty-nails.org\/web_shop\/wp-json\/wp\/v2\/media\/11066"}],"wp:attachment":[{"href":"https:\/\/www.arty-nails.org\/web_shop\/wp-json\/wp\/v2\/media?parent=11067"}],"wp:term":[{"taxonomy":"product_brand","embeddable":true,"href":"https:\/\/www.arty-nails.org\/web_shop\/wp-json\/wp\/v2\/product_brand?post=11067"},{"taxonomy":"product_cat","embeddable":true,"href":"https:\/\/www.arty-nails.org\/web_shop\/wp-json\/wp\/v2\/product_cat?post=11067"},{"taxonomy":"product_tag","embeddable":true,"href":"https:\/\/www.arty-nails.org\/web_shop\/wp-json\/wp\/v2\/product_tag?post=11067"}],"curies":[{"name":"wp","href":"https:\/\/api.w.org\/{rel}","templated":true}]}}