{"id":11181,"date":"2021-01-04T22:43:47","date_gmt":"2021-01-04T21:43:47","guid":{"rendered":"https:\/\/www.arty-nails.org\/web_shop\/product\/arty-nails-baby-boomer-white-builder-gel-15-ml\/"},"modified":"2026-02-02T09:53:02","modified_gmt":"2026-02-02T08:53:02","slug":"arty-nails-baby-boomer-white-builder-gel-15-ml","status":"publish","type":"product","link":"https:\/\/www.arty-nails.org\/web_shop\/proizvod\/arty-nails-baby-boomer-white-builder-gel-15-ml\/","title":{"rendered":"ARTY NAILS BABY BOOMER WHITE BUILDER GEL 15 ml  (Hema, Di-Hema, TPO free)"},"content":{"rendered":"<p>Nova generacija gelova kreirana samo za vas.\u00a0 Ako tra\u017eite gradivni gel budu\u0107nosti, inspiracije i uspjeha ovaj proizvod bit \u0107e va\u0161 idealan izbor. Uvjerite se i sami u nevjerojatnu kvalitetu na\u0161ih proizvoda.<\/p>\n<ul>\n<li>savr\u0161eno lak za modeliranje<\/li>\n<li>savr\u0161eno lak za pinchanje<\/li>\n<li>savr\u0161eno prianjanje i dugotrajnost bez odizanja<\/li>\n<li>su\u0161i se lako i u debljem sloju<\/li>\n<li>velike \u010dvrsto\u0107e, a fleksibilan<\/li>\n<li>za baby boomer efekt ili mlije\u010dni efekt<\/li>\n<li>kao podloga za bolje isticanje boja<\/li>\n<li>za prirodni izgled<\/li>\n<li>mo\u017ee se mije\u0161ati s akrilom za 3D dizajn<\/li>\n<li>vrijeme su\u0161enja: 2 min u UV lampi ili 1 min u LED lampi<\/li>\n<\/ul>\n","protected":false},"excerpt":{"rendered":"<p>Nova generacija gelova kreirana samo za vas.\u00a0 Ako tra\u017eite gradivni gel budu\u0107nosti, inspiracije i uspjeha ovaj proizvod bit \u0107e va\u0161 idealan izbor. Uvjerite se i sami u nevjerojatnu kvalitetu na\u0161ih proizvoda. savr\u0161eno lak za modeliranje savr\u0161eno lak za pinchanje savr\u0161eno prianjanje i dugotrajnost bez odizanja su\u0161i se lako i u debljem sloju velike \u010dvrsto\u0107e, a [&hellip;]<\/p>\n","protected":false},"featured_media":11178,"comment_status":"closed","ping_status":"closed","template":"","meta":[],"product_brand":[55],"product_cat":[85,140],"product_tag":[],"class_list":{"0":"post-11181","1":"product","2":"type-product","3":"status-publish","4":"has-post-thumbnail","6":"product_brand-arty-nails","7":"product_cat-arty-nails-gelovi","8":"product_cat-gradivni-gelovi-arty-nails","10":"first","11":"instock","12":"shipping-taxable","13":"purchasable","14":"product-type-simple"},"_links":{"self":[{"href":"https:\/\/www.arty-nails.org\/web_shop\/wp-json\/wp\/v2\/product\/11181","targetHints":{"allow":["GET"]}}],"collection":[{"href":"https:\/\/www.arty-nails.org\/web_shop\/wp-json\/wp\/v2\/product"}],"about":[{"href":"https:\/\/www.arty-nails.org\/web_shop\/wp-json\/wp\/v2\/types\/product"}],"replies":[{"embeddable":true,"href":"https:\/\/www.arty-nails.org\/web_shop\/wp-json\/wp\/v2\/comments?post=11181"}],"wp:featuredmedia":[{"embeddable":true,"href":"https:\/\/www.arty-nails.org\/web_shop\/wp-json\/wp\/v2\/media\/11178"}],"wp:attachment":[{"href":"https:\/\/www.arty-nails.org\/web_shop\/wp-json\/wp\/v2\/media?parent=11181"}],"wp:term":[{"taxonomy":"product_brand","embeddable":true,"href":"https:\/\/www.arty-nails.org\/web_shop\/wp-json\/wp\/v2\/product_brand?post=11181"},{"taxonomy":"product_cat","embeddable":true,"href":"https:\/\/www.arty-nails.org\/web_shop\/wp-json\/wp\/v2\/product_cat?post=11181"},{"taxonomy":"product_tag","embeddable":true,"href":"https:\/\/www.arty-nails.org\/web_shop\/wp-json\/wp\/v2\/product_tag?post=11181"}],"curies":[{"name":"wp","href":"https:\/\/api.w.org\/{rel}","templated":true}]}}