{"id":11272,"date":"2022-01-11T23:59:00","date_gmt":"2022-01-11T22:59:00","guid":{"rendered":"https:\/\/www.arty-nails.org\/web_shop\/product\/arty-nails-city-girl-kolekcija-trajnih-lakova\/"},"modified":"2026-02-06T10:38:13","modified_gmt":"2026-02-06T09:38:13","slug":"arty-nails-city-girl-kolekcija-trajnih-lakova","status":"publish","type":"product","link":"https:\/\/www.arty-nails.org\/web_shop\/proizvod\/arty-nails-city-girl-kolekcija-trajnih-lakova\/","title":{"rendered":"ARTY NAILS CITY GIRL KOLEKCIJA TRAJNIH LAKOVA"},"content":{"rendered":"<p>Nova era savr\u0161enstva nastavlja se na\u0161om novom City Girl kolekcijom trajnih lakova!<\/p>\n<p>U kolekciji je pet predivnih novih boja, od kojih svaka otkriva duh \u017eene kojoj je samo nebo granica. Boje su inspirirane New Yorkom, koji je poznat kao svjetska meka mode, dizajna, lifestylea i svega \u0161to predstavlja \u017eivot u velegradu.<\/p>\n<p>Upoznajte ih redom:<\/p>\n<ul>\n<li>074 Celeb<\/li>\n<li>075 Scandal<\/li>\n<li>076 Rush<\/li>\n<li>077 New York<\/li>\n<li>078 Espresso<\/li>\n<\/ul>\n<p>Sigurni smo da \u0107ete u\u017eivati u njihovoj senzualnosti i posebnosti te da \u0107e postati dio va\u0161e omiljene kolekcije!<\/p>\n<p>\u00a0<\/p>\n","protected":false},"excerpt":{"rendered":"<p>Nova era savr\u0161enstva nastavlja se na\u0161om novom City Girl kolekcijom trajnih lakova! U kolekciji je pet predivnih novih boja, od kojih svaka otkriva duh \u017eene kojoj je samo nebo granica. Boje su inspirirane New Yorkom, koji je poznat kao svjetska meka mode, dizajna, lifestylea i svega \u0161to predstavlja \u017eivot u velegradu. Upoznajte ih redom: 074 [&hellip;]<\/p>\n","protected":false},"featured_media":11270,"comment_status":"closed","ping_status":"closed","template":"","meta":[],"product_brand":[55],"product_cat":[215,214],"product_tag":[],"class_list":{"0":"post-11272","1":"product","2":"type-product","3":"status-publish","4":"has-post-thumbnail","6":"product_brand-arty-nails","7":"product_cat-arty-nails-setovi-i-kolekcije-trajnih-lakova","8":"product_cat-setovi-i-kolekcije-trajnih-lakova-arty-nails","10":"first","11":"instock","12":"sale","13":"shipping-taxable","14":"purchasable","15":"product-type-simple"},"_links":{"self":[{"href":"https:\/\/www.arty-nails.org\/web_shop\/wp-json\/wp\/v2\/product\/11272","targetHints":{"allow":["GET"]}}],"collection":[{"href":"https:\/\/www.arty-nails.org\/web_shop\/wp-json\/wp\/v2\/product"}],"about":[{"href":"https:\/\/www.arty-nails.org\/web_shop\/wp-json\/wp\/v2\/types\/product"}],"replies":[{"embeddable":true,"href":"https:\/\/www.arty-nails.org\/web_shop\/wp-json\/wp\/v2\/comments?post=11272"}],"wp:featuredmedia":[{"embeddable":true,"href":"https:\/\/www.arty-nails.org\/web_shop\/wp-json\/wp\/v2\/media\/11270"}],"wp:attachment":[{"href":"https:\/\/www.arty-nails.org\/web_shop\/wp-json\/wp\/v2\/media?parent=11272"}],"wp:term":[{"taxonomy":"product_brand","embeddable":true,"href":"https:\/\/www.arty-nails.org\/web_shop\/wp-json\/wp\/v2\/product_brand?post=11272"},{"taxonomy":"product_cat","embeddable":true,"href":"https:\/\/www.arty-nails.org\/web_shop\/wp-json\/wp\/v2\/product_cat?post=11272"},{"taxonomy":"product_tag","embeddable":true,"href":"https:\/\/www.arty-nails.org\/web_shop\/wp-json\/wp\/v2\/product_tag?post=11272"}],"curies":[{"name":"wp","href":"https:\/\/api.w.org\/{rel}","templated":true}]}}