{"id":11350,"date":"2022-02-02T23:58:46","date_gmt":"2022-02-02T22:58:46","guid":{"rendered":"https:\/\/www.arty-nails.org\/web_shop\/product\/arty-nails-toxic-toxic-2-kolekcije-trajnih-lakova\/"},"modified":"2025-08-10T13:02:46","modified_gmt":"2025-08-10T11:02:46","slug":"arty-nails-toxic-toxic-2-kolekcije-trajnih-lakova","status":"publish","type":"product","link":"https:\/\/www.arty-nails.org\/web_shop\/proizvod\/arty-nails-toxic-toxic-2-kolekcije-trajnih-lakova\/","title":{"rendered":"ARTY NAILS TOXIC &#038; TOXIC 2 KOLEKCIJE TRAJNIH LAKOVA"},"content":{"rendered":"<p>Va\u0161e omiljene ubojito dobre boje Toxic i Toxic 2 kolekcije u setu s popustom.<\/p>\n<p>Ove posebne reflektiraju\u0107e boje imaju sve kvalitete kao i ostali Arty Nails trajni lakovi, a uz dodatak glitter \u010destica daju jednu novu ekstra dimenziju koja posebno dolazi do izra\u017eaja pod svjetlom. Idealne su za sve sezone i posebne prilike ili kada samo \u017eelite malo sjaja i glamura na va\u0161im noktima.<\/p>\n<p>U setu se nalazi 11 o\u010daravaju\u0107ih boja:<\/p>\n<ul>\n<li>039 Crazy B\u2026<\/li>\n<li>040 Be Right Back<\/li>\n<li>041 Disco Queen<\/li>\n<li>042 Bossy<\/li>\n<li>043 Current Mood<\/li>\n<\/ul>\n<ul>\n<li>079 Flash<\/li>\n<li>080 Bad Girl<\/li>\n<li>081 Catwalk<\/li>\n<li>082 Cosmic<\/li>\n<li>083 I See You<\/li>\n<li>084 Everybody Dance<\/li>\n<\/ul>\n<p>Bilo da ih nosite na svim noktima ili samo na nekima kao akcent, sigurni smo da \u0107e privu\u0107i sve poglede i o\u010darati poput otrova!<\/p>\n","protected":false},"excerpt":{"rendered":"<p>Va\u0161e omiljene ubojito dobre boje Toxic i Toxic 2 kolekcije u setu s popustom. Ove posebne reflektiraju\u0107e boje imaju sve kvalitete kao i ostali Arty Nails trajni lakovi, a uz dodatak glitter \u010destica daju jednu novu ekstra dimenziju koja posebno dolazi do izra\u017eaja pod svjetlom. Idealne su za sve sezone i posebne prilike ili kada [&hellip;]<\/p>\n","protected":false},"featured_media":10625,"comment_status":"closed","ping_status":"closed","template":"","meta":[],"product_brand":[55],"product_cat":[215,209,214],"product_tag":[],"class_list":{"0":"post-11350","1":"product","2":"type-product","3":"status-publish","4":"has-post-thumbnail","6":"product_brand-arty-nails","7":"product_cat-arty-nails-setovi-i-kolekcije-trajnih-lakova","8":"product_cat-posebne-ponude-arty-nails","9":"product_cat-setovi-i-kolekcije-trajnih-lakova-arty-nails","11":"first","12":"instock","13":"sale","14":"shipping-taxable","15":"purchasable","16":"product-type-simple"},"_links":{"self":[{"href":"https:\/\/www.arty-nails.org\/web_shop\/wp-json\/wp\/v2\/product\/11350","targetHints":{"allow":["GET"]}}],"collection":[{"href":"https:\/\/www.arty-nails.org\/web_shop\/wp-json\/wp\/v2\/product"}],"about":[{"href":"https:\/\/www.arty-nails.org\/web_shop\/wp-json\/wp\/v2\/types\/product"}],"replies":[{"embeddable":true,"href":"https:\/\/www.arty-nails.org\/web_shop\/wp-json\/wp\/v2\/comments?post=11350"}],"wp:featuredmedia":[{"embeddable":true,"href":"https:\/\/www.arty-nails.org\/web_shop\/wp-json\/wp\/v2\/media\/10625"}],"wp:attachment":[{"href":"https:\/\/www.arty-nails.org\/web_shop\/wp-json\/wp\/v2\/media?parent=11350"}],"wp:term":[{"taxonomy":"product_brand","embeddable":true,"href":"https:\/\/www.arty-nails.org\/web_shop\/wp-json\/wp\/v2\/product_brand?post=11350"},{"taxonomy":"product_cat","embeddable":true,"href":"https:\/\/www.arty-nails.org\/web_shop\/wp-json\/wp\/v2\/product_cat?post=11350"},{"taxonomy":"product_tag","embeddable":true,"href":"https:\/\/www.arty-nails.org\/web_shop\/wp-json\/wp\/v2\/product_tag?post=11350"}],"curies":[{"name":"wp","href":"https:\/\/api.w.org\/{rel}","templated":true}]}}