{"id":11602,"date":"2022-05-03T23:14:18","date_gmt":"2022-05-03T21:14:18","guid":{"rendered":"https:\/\/www.arty-nails.org\/web_shop\/product\/arty-nails-electrify-your-wardrobe-kolekcija-trajnih-lakova\/"},"modified":"2026-03-25T12:40:46","modified_gmt":"2026-03-25T11:40:46","slug":"arty-nails-electrify-your-wardrobe-kolekcija-trajnih-lakova","status":"publish","type":"product","link":"https:\/\/www.arty-nails.org\/web_shop\/proizvod\/arty-nails-electrify-your-wardrobe-kolekcija-trajnih-lakova\/","title":{"rendered":"ARTY NAILS ELECTRIFY YOUR WARDROBE KOLEKCIJA TRAJNIH LAKOVA"},"content":{"rendered":"<p>Stigla je nova mo\u0107na Arty Nails kolekcija trajnih lakova!<\/p>\n<p>Poja\u010dajte svoj styling na najja\u010de s novom paletom vatrenih i neon boja, savr\u0161enih za suncem okupane dane!<\/p>\n<p>Sve boje nove kolekcije su kremaste i nanose se u jednom tankom sloju, \u010dak i neonci (na\u0161a najnovija formula).<\/p>\n<p>Upoznajte svih 15 savr\u0161enih boja Electrify Your Wardrobe kolekcije:<\/p>\n<ul>\n<li>097 Summer Vibes<\/li>\n<li>098 Neon Mellon<\/li>\n<li>099 Martini Blue<\/li>\n<li>100 Obsession<\/li>\n<li>101 Electric Pink<\/li>\n<li>102 Jungle Red<\/li>\n<li>103 All Fired Up<\/li>\n<li>104 Lagune<\/li>\n<li>105 Lip Bite<\/li>\n<li>106 Passion Fruit<\/li>\n<li>107 Azur<\/li>\n<li>108 Tropicana<\/li>\n<li>109 Neon Red<\/li>\n<li>110 Neon Violet<\/li>\n<li>111 Drama<\/li>\n<\/ul>\n<p>Neka va\u0161i nokti zablistaju i ove sezone, a mi kao i uvijek jedva \u010dekamo va\u0161e ma\u0161tovite radove!<\/p>\n","protected":false},"excerpt":{"rendered":"<p>Stigla je nova mo\u0107na Arty Nails kolekcija trajnih lakova! Poja\u010dajte svoj styling na najja\u010de s novom paletom vatrenih i neon boja, savr\u0161enih za suncem okupane dane! Sve boje nove kolekcije su kremaste i nanose se u jednom tankom sloju, \u010dak i neonci (na\u0161a najnovija formula). Upoznajte svih 15 savr\u0161enih boja Electrify Your Wardrobe kolekcije: 097 [&hellip;]<\/p>\n","protected":false},"featured_media":11596,"comment_status":"closed","ping_status":"closed","template":"","meta":[],"product_brand":[55],"product_cat":[215,209,214],"product_tag":[],"class_list":{"0":"post-11602","1":"product","2":"type-product","3":"status-publish","4":"has-post-thumbnail","6":"product_brand-arty-nails","7":"product_cat-arty-nails-setovi-i-kolekcije-trajnih-lakova","8":"product_cat-posebne-ponude-arty-nails","9":"product_cat-setovi-i-kolekcije-trajnih-lakova-arty-nails","11":"first","12":"instock","13":"sale","14":"shipping-taxable","15":"purchasable","16":"product-type-simple"},"_links":{"self":[{"href":"https:\/\/www.arty-nails.org\/web_shop\/wp-json\/wp\/v2\/product\/11602","targetHints":{"allow":["GET"]}}],"collection":[{"href":"https:\/\/www.arty-nails.org\/web_shop\/wp-json\/wp\/v2\/product"}],"about":[{"href":"https:\/\/www.arty-nails.org\/web_shop\/wp-json\/wp\/v2\/types\/product"}],"replies":[{"embeddable":true,"href":"https:\/\/www.arty-nails.org\/web_shop\/wp-json\/wp\/v2\/comments?post=11602"}],"wp:featuredmedia":[{"embeddable":true,"href":"https:\/\/www.arty-nails.org\/web_shop\/wp-json\/wp\/v2\/media\/11596"}],"wp:attachment":[{"href":"https:\/\/www.arty-nails.org\/web_shop\/wp-json\/wp\/v2\/media?parent=11602"}],"wp:term":[{"taxonomy":"product_brand","embeddable":true,"href":"https:\/\/www.arty-nails.org\/web_shop\/wp-json\/wp\/v2\/product_brand?post=11602"},{"taxonomy":"product_cat","embeddable":true,"href":"https:\/\/www.arty-nails.org\/web_shop\/wp-json\/wp\/v2\/product_cat?post=11602"},{"taxonomy":"product_tag","embeddable":true,"href":"https:\/\/www.arty-nails.org\/web_shop\/wp-json\/wp\/v2\/product_tag?post=11602"}],"curies":[{"name":"wp","href":"https:\/\/api.w.org\/{rel}","templated":true}]}}