{"id":11633,"date":"2022-05-28T22:18:26","date_gmt":"2022-05-28T20:18:26","guid":{"rendered":"https:\/\/www.arty-nails.org\/web_shop\/product\/arty-nails-profesionalna-klijesta-za-zanoktice-earth-line-el-7-3\/"},"modified":"2026-02-02T10:15:10","modified_gmt":"2026-02-02T09:15:10","slug":"arty-nails-profesionalna-klijesta-za-zanoktice-earth-line-el-7-3","status":"publish","type":"product","link":"https:\/\/www.arty-nails.org\/web_shop\/proizvod\/arty-nails-profesionalna-klijesta-za-zanoktice-earth-line-el-7-3\/","title":{"rendered":"ARTY NAILS PROFESIONALNA KLIJE\u0160TA ZA ZANOKTICE EARTH LINE EL-7-3"},"content":{"rendered":"<p>Profesionalna serija klije\u0161ta za zanoktice iz linije Arty Nails Cosmetics brenda. Ova klije\u0161ta premium su kvaliteta alata s prvoklasnim funkcionalnim svojstvima. Karakterizira ih dugotrajnost i originalan dizajn. Klije\u0161ta \u0107e vam ne samo pomo\u0107i napraviti savr\u0161enu manikuru ili pedikuru, ve\u0107\u00a0 i osigurati nevjerojatan do\u017eivljaj prilikom rada.<\/p>\n<p>Bit \u0107ete odu\u0161evljeni ovim proizvodima, za koje garantiramo da su po kvaliteti na samom vrhu koju mo\u017eete prona\u0107i na tr\u017ei\u0161tu.<\/p>\n<ul>\n<li>Izra\u0111ene od AISI 420J2 medicinskog nehr\u0111aju\u0107eg \u010delika<\/li>\n<li>Tvrdo\u0107a \u010delika 52-56 HCR, \u0161to omogu\u0107ava dugotrajno i kvalitetno rezanje<\/li>\n<li>Alat prolazi kroz poseban proces za dodatnu za\u0161titu od korozije, kao i visoke kontrole kvalitete<\/li>\n<li>Detaljno obra\u0111ene ru\u010dice i savr\u0161eno postavljeni odbojnici omogu\u0107avaju laganu obradu bez trzaja<\/li>\n<li>Svi alati otporni su na koroziju i mogu se dezinficirati i sterilizirati u za to namijenjenim aparatima<\/li>\n<\/ul>\n<p>Glavne karakteristike:<\/p>\n<ul>\n<li>Duljina proizvoda 110 mm<\/li>\n<li>Produljene ru\u010dke klasi\u010dnog oblika, optimalne za srednju veli\u010dinu ruku<\/li>\n<li>Matirana vanjska povr\u0161ina, unutarnja strana ru\u010dki visoki sjaj<\/li>\n<li>Mekano, glatko zatvaranje ru\u010dki<\/li>\n<li>Medicinski nehr\u0111aju\u0107i \u010delik AISI 420J2<\/li>\n<li>\u010cvrsto\u0107a materijala 52-56 HRC<\/li>\n<li>Mo\u017ee se dezinficirati i sterilizirati<\/li>\n<\/ul>\n","protected":false},"excerpt":{"rendered":"<p>Profesionalna serija klije\u0161ta za zanoktice iz linije Arty Nails Cosmetics brenda. Ova klije\u0161ta premium su kvaliteta alata s prvoklasnim funkcionalnim svojstvima. Karakterizira ih dugotrajnost i originalan dizajn. Klije\u0161ta \u0107e vam ne samo pomo\u0107i napraviti savr\u0161enu manikuru ili pedikuru, ve\u0107\u00a0 i osigurati nevjerojatan do\u017eivljaj prilikom rada. Bit \u0107ete odu\u0161evljeni ovim proizvodima, za koje garantiramo da su [&hellip;]<\/p>\n","protected":false},"featured_media":11631,"comment_status":"closed","ping_status":"closed","template":"","meta":[],"product_brand":[55],"product_cat":[147,121,124],"product_tag":[],"class_list":{"0":"post-11633","1":"product","2":"type-product","3":"status-publish","4":"has-post-thumbnail","6":"product_brand-arty-nails","7":"product_cat-arty-nails-pribor-za-nokte-i-nail-art","8":"product_cat-pribor-za-nokte","9":"product_cat-pribor-za-pedikuru","11":"first","12":"instock","13":"shipping-taxable","14":"purchasable","15":"product-type-simple"},"_links":{"self":[{"href":"https:\/\/www.arty-nails.org\/web_shop\/wp-json\/wp\/v2\/product\/11633","targetHints":{"allow":["GET"]}}],"collection":[{"href":"https:\/\/www.arty-nails.org\/web_shop\/wp-json\/wp\/v2\/product"}],"about":[{"href":"https:\/\/www.arty-nails.org\/web_shop\/wp-json\/wp\/v2\/types\/product"}],"replies":[{"embeddable":true,"href":"https:\/\/www.arty-nails.org\/web_shop\/wp-json\/wp\/v2\/comments?post=11633"}],"wp:featuredmedia":[{"embeddable":true,"href":"https:\/\/www.arty-nails.org\/web_shop\/wp-json\/wp\/v2\/media\/11631"}],"wp:attachment":[{"href":"https:\/\/www.arty-nails.org\/web_shop\/wp-json\/wp\/v2\/media?parent=11633"}],"wp:term":[{"taxonomy":"product_brand","embeddable":true,"href":"https:\/\/www.arty-nails.org\/web_shop\/wp-json\/wp\/v2\/product_brand?post=11633"},{"taxonomy":"product_cat","embeddable":true,"href":"https:\/\/www.arty-nails.org\/web_shop\/wp-json\/wp\/v2\/product_cat?post=11633"},{"taxonomy":"product_tag","embeddable":true,"href":"https:\/\/www.arty-nails.org\/web_shop\/wp-json\/wp\/v2\/product_tag?post=11633"}],"curies":[{"name":"wp","href":"https:\/\/api.w.org\/{rel}","templated":true}]}}