{"id":25175,"date":"2023-03-28T16:40:42","date_gmt":"2023-03-28T14:40:42","guid":{"rendered":"https:\/\/www.arty-nails.org\/web_shop\/?post_type=product&#038;p=25175"},"modified":"2025-10-17T15:00:28","modified_gmt":"2025-10-17T13:00:28","slug":"arty-nails-baby-girl-kolekcija-trajnih-lakova","status":"publish","type":"product","link":"https:\/\/www.arty-nails.org\/web_shop\/proizvod\/arty-nails-baby-girl-kolekcija-trajnih-lakova\/","title":{"rendered":"ARTY NAILS BABY GIRL KOLEKCIJA TRAJNIH LAKOVA"},"content":{"rendered":"<p>Zapo\u010dnimo prolje\u0107e nje\u017eno i sa stilom uz novu predivnu Arty Nails kolekciju trajnih lakova!<\/p>\n<p>Inspirirani pastelnim tonovima i njihovim divnim varijacijama za vas smo ovaj put kreirali jedinstvenu i posebnu kolekciju pod nazivom Baby Girl. Predivni pastelni tonovi ne\u0107e vas ostaviti ravnodu\u0161nima bilo da ih radite u sjajnoj ili mat verziji.<\/p>\n<p>Upoznajte svih \u0161est jedinstvenih boja ove kolekcije:<\/p>\n<ul>\n<li>145 As You Wish<\/li>\n<li>146 To Glam<\/li>\n<li>147 Freedom<\/li>\n<li>148 Exotic Bird<\/li>\n<li>149 Don\u2019t Call Me<\/li>\n<li>150 Express to Impress<\/li>\n<\/ul>\n<p>Vjerujemo da \u0107e vas osvojiti na prvi pogled i da \u0107ete u\u017eivati u njihovoj girlish ljepoti.<\/p>\n","protected":false},"excerpt":{"rendered":"<p>Zapo\u010dnimo prolje\u0107e nje\u017eno i sa stilom uz novu predivnu Arty Nails kolekciju trajnih lakova! Inspirirani pastelnim tonovima i njihovim divnim varijacijama za vas smo ovaj put kreirali jedinstvenu i posebnu kolekciju pod nazivom Baby Girl. Predivni pastelni tonovi ne\u0107e vas ostaviti ravnodu\u0161nima bilo da ih radite u sjajnoj ili mat verziji. Upoznajte svih \u0161est jedinstvenih [&hellip;]<\/p>\n","protected":false},"featured_media":25161,"comment_status":"closed","ping_status":"closed","template":"","meta":[],"product_brand":[55],"product_cat":[214,215],"product_tag":[],"class_list":{"0":"post-25175","1":"product","2":"type-product","3":"status-publish","4":"has-post-thumbnail","6":"product_brand-arty-nails","7":"product_cat-setovi-i-kolekcije-trajnih-lakova-arty-nails","8":"product_cat-arty-nails-setovi-i-kolekcije-trajnih-lakova","10":"first","11":"instock","12":"sale","13":"shipping-taxable","14":"purchasable","15":"product-type-simple"},"_links":{"self":[{"href":"https:\/\/www.arty-nails.org\/web_shop\/wp-json\/wp\/v2\/product\/25175","targetHints":{"allow":["GET"]}}],"collection":[{"href":"https:\/\/www.arty-nails.org\/web_shop\/wp-json\/wp\/v2\/product"}],"about":[{"href":"https:\/\/www.arty-nails.org\/web_shop\/wp-json\/wp\/v2\/types\/product"}],"replies":[{"embeddable":true,"href":"https:\/\/www.arty-nails.org\/web_shop\/wp-json\/wp\/v2\/comments?post=25175"}],"wp:featuredmedia":[{"embeddable":true,"href":"https:\/\/www.arty-nails.org\/web_shop\/wp-json\/wp\/v2\/media\/25161"}],"wp:attachment":[{"href":"https:\/\/www.arty-nails.org\/web_shop\/wp-json\/wp\/v2\/media?parent=25175"}],"wp:term":[{"taxonomy":"product_brand","embeddable":true,"href":"https:\/\/www.arty-nails.org\/web_shop\/wp-json\/wp\/v2\/product_brand?post=25175"},{"taxonomy":"product_cat","embeddable":true,"href":"https:\/\/www.arty-nails.org\/web_shop\/wp-json\/wp\/v2\/product_cat?post=25175"},{"taxonomy":"product_tag","embeddable":true,"href":"https:\/\/www.arty-nails.org\/web_shop\/wp-json\/wp\/v2\/product_tag?post=25175"}],"curies":[{"name":"wp","href":"https:\/\/api.w.org\/{rel}","templated":true}]}}