{"id":27741,"date":"2023-08-14T14:16:15","date_gmt":"2023-08-14T12:16:15","guid":{"rendered":"https:\/\/www.arty-nails.org\/web_shop\/?post_type=product&#038;p=27741"},"modified":"2026-02-02T10:18:34","modified_gmt":"2026-02-02T09:18:34","slug":"nastavak-diamond-flame-l-10-23mm-1454","status":"publish","type":"product","link":"https:\/\/www.arty-nails.org\/web_shop\/proizvod\/nastavak-diamond-flame-l-10-23mm-1454\/","title":{"rendered":"NASTAVAK DIAMOND FLAME L-10, 2,3MM  &#8211; 1454"},"content":{"rendered":"<p>Profesionalni nastavak za manikuru i pedikuru vrhunske kvalitete, izra\u0111en od najkvalitetnijih materijala. Made in EU.<\/p>\n<p>Mi te\u017eimo da va\u0161 rad bude \u0161to ugodniji i jednostavniji, kako vama tako i va\u0161im klijentima.<\/p>\n<p>Ovaj nastavak dizajniran je za tretmane latelarnih linija i sinusa. Dijamantni nastavak ne mo\u017ee poskliznuti jer je zbog kvalitete materijala \u010dvrsto priljepljen za povr\u0161inu.<\/p>\n<p>nokta. Idealan je za suhu manikuru, napravljen od nehr\u0111aju\u0107eg \u010delika, oblo\u017een najkvalitetnijim dijamantnim gritom, ne mo\u017ee se mrviti niti lomiti.<\/p>\n<p>Nastavak se mo\u017ee dezinficirati i sterilizirati u autoclavu i suhim kabinetima.<\/p>\n<p>&nbsp;<\/p>\n","protected":false},"excerpt":{"rendered":"<p>Profesionalni nastavak za manikuru i pedikuru vrhunske kvalitete, izra\u0111en od najkvalitetnijih materijala. Made in EU. Mi te\u017eimo da va\u0161 rad bude \u0161to ugodniji i jednostavniji, kako vama tako i va\u0161im klijentima. Ovaj nastavak dizajniran je za tretmane latelarnih linija i sinusa. Dijamantni nastavak ne mo\u017ee poskliznuti jer je zbog kvalitete materijala \u010dvrsto priljepljen za povr\u0161inu. [&hellip;]<\/p>\n","protected":false},"featured_media":27742,"comment_status":"closed","ping_status":"closed","template":"","meta":[],"product_brand":[55],"product_cat":[263],"product_tag":[],"class_list":{"0":"post-27741","1":"product","2":"type-product","3":"status-publish","4":"has-post-thumbnail","6":"product_brand-arty-nails","7":"product_cat-dijamantni-nastavci","9":"first","10":"instock","11":"shipping-taxable","12":"purchasable","13":"product-type-simple"},"_links":{"self":[{"href":"https:\/\/www.arty-nails.org\/web_shop\/wp-json\/wp\/v2\/product\/27741","targetHints":{"allow":["GET"]}}],"collection":[{"href":"https:\/\/www.arty-nails.org\/web_shop\/wp-json\/wp\/v2\/product"}],"about":[{"href":"https:\/\/www.arty-nails.org\/web_shop\/wp-json\/wp\/v2\/types\/product"}],"replies":[{"embeddable":true,"href":"https:\/\/www.arty-nails.org\/web_shop\/wp-json\/wp\/v2\/comments?post=27741"}],"wp:featuredmedia":[{"embeddable":true,"href":"https:\/\/www.arty-nails.org\/web_shop\/wp-json\/wp\/v2\/media\/27742"}],"wp:attachment":[{"href":"https:\/\/www.arty-nails.org\/web_shop\/wp-json\/wp\/v2\/media?parent=27741"}],"wp:term":[{"taxonomy":"product_brand","embeddable":true,"href":"https:\/\/www.arty-nails.org\/web_shop\/wp-json\/wp\/v2\/product_brand?post=27741"},{"taxonomy":"product_cat","embeddable":true,"href":"https:\/\/www.arty-nails.org\/web_shop\/wp-json\/wp\/v2\/product_cat?post=27741"},{"taxonomy":"product_tag","embeddable":true,"href":"https:\/\/www.arty-nails.org\/web_shop\/wp-json\/wp\/v2\/product_tag?post=27741"}],"curies":[{"name":"wp","href":"https:\/\/api.w.org\/{rel}","templated":true}]}}