{"id":31423,"date":"2024-01-17T19:44:04","date_gmt":"2024-01-17T18:44:04","guid":{"rendered":"https:\/\/www.arty-nails.org\/web_shop\/?post_type=product&#038;p=31423"},"modified":"2025-08-10T12:30:22","modified_gmt":"2025-08-10T10:30:22","slug":"arty-nails-nude-aesthetic-kolekcija-trajnih-lakova-box-set-6-x-10-ml","status":"publish","type":"product","link":"https:\/\/www.arty-nails.org\/web_shop\/proizvod\/arty-nails-nude-aesthetic-kolekcija-trajnih-lakova-box-set-6-x-10-ml\/","title":{"rendered":"ARTY NAILS NUDE AESTHETIC KOLEKCIJA TRAJNIH LAKOVA BOX SET 6 X 10 ml"},"content":{"rendered":"<div>\n<p>Nova antialergijska kolekcija trajnih lakova nove generacije!\ud83d\udc96<\/p>\n<p>Uhhhh previ\u0161e smo uzbu\u0111eni da s vama podijelimo ove novosti: predstavljamo vam prve HEMA, DI-HEMA i TPO FREE trajne lakove na tr\u017ei\u0161tu!<\/p>\n<p>Nude Aesthetic kolekcija samo je glasnik na\u0161ih novih nadolaze\u0107ih projekata. Naime, na\u0161i vrhunski trajni lakovi sada dolaze u jo\u0161 boljoj formuli u kojoj smo ostvarili da s nepromijenjenom kvalitetom boja, gusto\u0107om i pigmentom dobijemo vrhunski proizvod, posebice za one koji imaju problema s ekcemima, alergijama ili samo \u017eele jo\u0161 sigurnije proizvode.<\/p>\n<\/div>\n<div>\n<p>U ovoj kolekciji nove sastojke spojili smo s va\u0161im omiljenim nude nijansama koje su nosive tijekom cijele godine i u svim prilikama te savr\u0161eno pristaju svim modnim stilovima.<\/p>\n<p>Upoznajte svih 6 predivnih svevremenskih boja Nude Aesthetic kolekcije:<\/p>\n<\/div>\n<ul>\n<li>168 Paper Doll<\/li>\n<li>169 Antique<\/li>\n<li>170 Satin Chic<\/li>\n<li>171 Naked Soul<\/li>\n<li>172 Praline<\/li>\n<li>173 In Vogue<\/li>\n<\/ul>\n<p>Tako nje\u017ene, a tako mo\u0107ne, zar ne? Koja \u0107e vas prva o\u010darati i upotpuniti va\u0161 savr\u0161en look?<\/p>\n<p>Svi lakovi Nude Aesthetic kolekcije dostupni su u ve\u0107em pakiranju od 10 ml te kao cijela kolekcija u ekskluzivnom box setu u predivno dizajniranoj kutiji, savr\u0161eno i kao poklon sebi ili vama dragoj osobi.<\/p>\n","protected":false},"excerpt":{"rendered":"<p>Nova antialergijska kolekcija trajnih lakova nove generacije!\ud83d\udc96 Uhhhh previ\u0161e smo uzbu\u0111eni da s vama podijelimo ove novosti: predstavljamo vam prve HEMA, DI-HEMA i TPO FREE trajne lakove na tr\u017ei\u0161tu! Nude Aesthetic kolekcija samo je glasnik na\u0161ih novih nadolaze\u0107ih projekata. Naime, na\u0161i vrhunski trajni lakovi sada dolaze u jo\u0161 boljoj formuli u kojoj smo ostvarili da [&hellip;]<\/p>\n","protected":false},"featured_media":31393,"comment_status":"closed","ping_status":"closed","template":"","meta":[],"product_brand":[55],"product_cat":[214,215,209],"product_tag":[],"class_list":{"0":"post-31423","1":"product","2":"type-product","3":"status-publish","4":"has-post-thumbnail","6":"product_brand-arty-nails","7":"product_cat-setovi-i-kolekcije-trajnih-lakova-arty-nails","8":"product_cat-arty-nails-setovi-i-kolekcije-trajnih-lakova","9":"product_cat-posebne-ponude-arty-nails","11":"first","12":"instock","13":"sale","14":"shipping-taxable","15":"purchasable","16":"product-type-simple"},"_links":{"self":[{"href":"https:\/\/www.arty-nails.org\/web_shop\/wp-json\/wp\/v2\/product\/31423","targetHints":{"allow":["GET"]}}],"collection":[{"href":"https:\/\/www.arty-nails.org\/web_shop\/wp-json\/wp\/v2\/product"}],"about":[{"href":"https:\/\/www.arty-nails.org\/web_shop\/wp-json\/wp\/v2\/types\/product"}],"replies":[{"embeddable":true,"href":"https:\/\/www.arty-nails.org\/web_shop\/wp-json\/wp\/v2\/comments?post=31423"}],"wp:featuredmedia":[{"embeddable":true,"href":"https:\/\/www.arty-nails.org\/web_shop\/wp-json\/wp\/v2\/media\/31393"}],"wp:attachment":[{"href":"https:\/\/www.arty-nails.org\/web_shop\/wp-json\/wp\/v2\/media?parent=31423"}],"wp:term":[{"taxonomy":"product_brand","embeddable":true,"href":"https:\/\/www.arty-nails.org\/web_shop\/wp-json\/wp\/v2\/product_brand?post=31423"},{"taxonomy":"product_cat","embeddable":true,"href":"https:\/\/www.arty-nails.org\/web_shop\/wp-json\/wp\/v2\/product_cat?post=31423"},{"taxonomy":"product_tag","embeddable":true,"href":"https:\/\/www.arty-nails.org\/web_shop\/wp-json\/wp\/v2\/product_tag?post=31423"}],"curies":[{"name":"wp","href":"https:\/\/api.w.org\/{rel}","templated":true}]}}