{"id":38200,"date":"2024-12-04T00:38:13","date_gmt":"2024-12-03T23:38:13","guid":{"rendered":"https:\/\/www.arty-nails.org\/web_shop\/?post_type=product&#038;p=38200"},"modified":"2026-03-16T13:45:41","modified_gmt":"2026-03-16T12:45:41","slug":"daylight-slimline-4-podna-lampa-brushed-steel-d35119","status":"publish","type":"product","link":"https:\/\/www.arty-nails.org\/web_shop\/proizvod\/daylight-slimline-4-podna-lampa-brushed-steel-d35119\/","title":{"rendered":"DAYLIGHT SLIMLINE 4 PODNA LAMPA BRUSHED STEEL D35119"},"content":{"rendered":"<p><strong>Informacije o prozvodu:<\/strong><\/p>\n<p><span style=\"font-size: 14pt;\">Savr\u0161eni spoj funkcionalnosti, ergonomije i nenadma\u0161ne kvalitete svjetla.<\/span><\/p>\n<p>Prilagodite svjetlinu svome zadatku, pomo\u0107u\u00a0zatamnjenja u 4 koraka. Elegantna i izdr\u017eljiva, fleksibilnih spojeva koji omogu\u0107uju to\u010dno pozicioniranje. Slimline je ime za preciznost i udobnost pri najdugotrajnijim izazovima.<\/p>\n<p><strong>Zna\u010dajke:<\/strong><\/p>\n<ul style=\"list-style-type: disc;\">\n<li>4 razine regulacije svjetlosti: 3.000 &#8211; 2.000 &#8211; 1.500 &#8211; 750 Lux<\/li>\n<li>CRI: 80+<\/li>\n<li>Vijek trajanja LED-a (sati) 50 000<\/li>\n<li>Potro\u0161nja energije 13W<\/li>\n<li>Lumena 1,065 lm Lux na 30 cm: 3,000<\/li>\n<li>Temperatura u boji: 6000 K<\/li>\n<li>Maksimalni domet: 73 cm (28,7 \u201d)<\/li>\n<li>Duljina kabela: 2,4 m (94,5 \u201d)<\/li>\n<li>Dimenzije proizvoda: <span style=\"caret-color: auto;\">(Vx\u0160xD) 130<\/span><span style=\"caret-color: auto;\">\u00a0x 76 x 25 cm\u00a0<\/span><\/li>\n<li>Te\u017eina: 3.3 kg<\/li>\n<\/ul>\n","protected":false},"excerpt":{"rendered":"<p>Informacije o prozvodu: Savr\u0161eni spoj funkcionalnosti, ergonomije i nenadma\u0161ne kvalitete svjetla. Prilagodite svjetlinu svome zadatku, pomo\u0107u\u00a0zatamnjenja u 4 koraka. Elegantna i izdr\u017eljiva, fleksibilnih spojeva koji omogu\u0107uju to\u010dno pozicioniranje. Slimline je ime za preciznost i udobnost pri najdugotrajnijim izazovima. Zna\u010dajke: 4 razine regulacije svjetlosti: 3.000 &#8211; 2.000 &#8211; 1.500 &#8211; 750 Lux CRI: 80+ Vijek trajanja [&hellip;]<\/p>\n","protected":false},"featured_media":38204,"comment_status":"closed","ping_status":"closed","template":"","meta":[],"product_brand":[59],"product_cat":[107],"product_tag":[],"class_list":{"0":"post-38200","1":"product","2":"type-product","3":"status-publish","4":"has-post-thumbnail","6":"product_brand-daylight","7":"product_cat-rasvjeta-za-salone","9":"first","10":"instock","11":"shipping-taxable","12":"purchasable","13":"product-type-simple"},"_links":{"self":[{"href":"https:\/\/www.arty-nails.org\/web_shop\/wp-json\/wp\/v2\/product\/38200","targetHints":{"allow":["GET"]}}],"collection":[{"href":"https:\/\/www.arty-nails.org\/web_shop\/wp-json\/wp\/v2\/product"}],"about":[{"href":"https:\/\/www.arty-nails.org\/web_shop\/wp-json\/wp\/v2\/types\/product"}],"replies":[{"embeddable":true,"href":"https:\/\/www.arty-nails.org\/web_shop\/wp-json\/wp\/v2\/comments?post=38200"}],"wp:featuredmedia":[{"embeddable":true,"href":"https:\/\/www.arty-nails.org\/web_shop\/wp-json\/wp\/v2\/media\/38204"}],"wp:attachment":[{"href":"https:\/\/www.arty-nails.org\/web_shop\/wp-json\/wp\/v2\/media?parent=38200"}],"wp:term":[{"taxonomy":"product_brand","embeddable":true,"href":"https:\/\/www.arty-nails.org\/web_shop\/wp-json\/wp\/v2\/product_brand?post=38200"},{"taxonomy":"product_cat","embeddable":true,"href":"https:\/\/www.arty-nails.org\/web_shop\/wp-json\/wp\/v2\/product_cat?post=38200"},{"taxonomy":"product_tag","embeddable":true,"href":"https:\/\/www.arty-nails.org\/web_shop\/wp-json\/wp\/v2\/product_tag?post=38200"}],"curies":[{"name":"wp","href":"https:\/\/api.w.org\/{rel}","templated":true}]}}