{"id":41290,"date":"2025-05-25T12:21:40","date_gmt":"2025-05-25T10:21:40","guid":{"rendered":"https:\/\/www.arty-nails.org\/web_shop\/?post_type=product&#038;p=41290"},"modified":"2026-03-02T10:26:47","modified_gmt":"2026-03-02T09:26:47","slug":"naslonjac-za-lakat-pink","status":"publish","type":"product","link":"https:\/\/www.arty-nails.org\/web_shop\/proizvod\/naslonjac-za-lakat-pink\/","title":{"rendered":"NASLONJA\u010c ZA LAKAT PINK"},"content":{"rendered":"<p>Profesionalni naslonja\u010d za manikuru s drvenim postoljem i gornjim dijelom sa zlatnim efektom. Osim \u0161to omogu\u0107ava udobnost i prakti\u010dnost tijekom tretmana, zbog svog profinjenog izgleda u va\u0161 radni prostor unosi i da\u0161ak elegancije.<\/p>\n","protected":false},"excerpt":{"rendered":"<div>Spas za tvoj lakat \u2013 naslonja\u010d koji mijenja igru!<\/div>\n<div dir=\"auto\"><\/div>\n<div dir=\"auto\">Zaboravi na bolove i neugodu tijekom rada \u2013 predstavljamo ergonomski naslonja\u010d za lakat, posebno dizajniran za nail tehni\u010dare koji satima rade s precizno\u0161\u0107u i stra\u0161\u0107u.<\/div>\n<div dir=\"auto\"><\/div>\n<div dir=\"auto\">Dugotrajno naslanjanje na tvrdu povr\u0161inu mo\u017ee izazvati bol, utrnulost i napetost u ruci. Na\u0161 naslonja\u010d pru\u017ea meku, stabilnu i udobnu potporu koja rastere\u0107uje zglob i sprje\u010dava nelagodu \u2013 jer tvoje zdravlje i udobnost nisu luksuz, ve\u0107 osnova uspje\u0161nog rada.<\/div>\n<div dir=\"auto\">Za\u0161to \u0107e\u0161 ga obo\u017eavati?<\/div>\n<div dir=\"auto\"><\/div>\n<div dir=\"auto\">Mekan i izdr\u017eljiv materijal<\/div>\n<div dir=\"auto\">Prilago\u0111en visini stola i potrebi za slobodom pokreta<\/div>\n<div dir=\"auto\">Lagan I lako prenosiv<\/div>\n<div dir=\"auto\">Profesionalan izgled koji se uklapa u svaki salon<\/div>\n<div dir=\"auto\">Idealno za svakog tko provodi sate za stolom \u2013 jer tvoje ruke zlata vrijede!<\/div>\n<div dir=\"auto\">Investiraj u svoju udobnost i dugoro\u010dnu karijeru \u2013 isprobaj naslonja\u010d za lakat i osjeti razliku ve\u0107 prvi dan!<\/div>\n","protected":false},"featured_media":41292,"comment_status":"closed","ping_status":"closed","template":"","meta":[],"product_brand":[55],"product_cat":[118,199,165],"product_tag":[],"class_list":{"0":"post-41290","1":"product","2":"type-product","3":"status-publish","4":"has-post-thumbnail","6":"product_brand-arty-nails","7":"product_cat-akcijske-cijene","8":"product_cat-arty-nails-lampe-i-ostala-oprema","9":"product_cat-oprema-za-rad","11":"first","12":"instock","13":"sale","14":"shipping-taxable","15":"purchasable","16":"product-type-simple"},"_links":{"self":[{"href":"https:\/\/www.arty-nails.org\/web_shop\/wp-json\/wp\/v2\/product\/41290","targetHints":{"allow":["GET"]}}],"collection":[{"href":"https:\/\/www.arty-nails.org\/web_shop\/wp-json\/wp\/v2\/product"}],"about":[{"href":"https:\/\/www.arty-nails.org\/web_shop\/wp-json\/wp\/v2\/types\/product"}],"replies":[{"embeddable":true,"href":"https:\/\/www.arty-nails.org\/web_shop\/wp-json\/wp\/v2\/comments?post=41290"}],"wp:featuredmedia":[{"embeddable":true,"href":"https:\/\/www.arty-nails.org\/web_shop\/wp-json\/wp\/v2\/media\/41292"}],"wp:attachment":[{"href":"https:\/\/www.arty-nails.org\/web_shop\/wp-json\/wp\/v2\/media?parent=41290"}],"wp:term":[{"taxonomy":"product_brand","embeddable":true,"href":"https:\/\/www.arty-nails.org\/web_shop\/wp-json\/wp\/v2\/product_brand?post=41290"},{"taxonomy":"product_cat","embeddable":true,"href":"https:\/\/www.arty-nails.org\/web_shop\/wp-json\/wp\/v2\/product_cat?post=41290"},{"taxonomy":"product_tag","embeddable":true,"href":"https:\/\/www.arty-nails.org\/web_shop\/wp-json\/wp\/v2\/product_tag?post=41290"}],"curies":[{"name":"wp","href":"https:\/\/api.w.org\/{rel}","templated":true}]}}