{"id":43819,"date":"2025-09-17T13:33:46","date_gmt":"2025-09-17T11:33:46","guid":{"rendered":"https:\/\/www.arty-nails.org\/web_shop\/?post_type=product&#038;p=43819"},"modified":"2026-03-06T21:43:52","modified_gmt":"2026-03-06T20:43:52","slug":"reforma-trajni-lak-moscato-10-ml-hema-tpo-free","status":"publish","type":"product","link":"https:\/\/www.arty-nails.org\/web_shop\/proizvod\/reforma-trajni-lak-moscato-10-ml-hema-tpo-free\/","title":{"rendered":"REFORMA TRAJNI LAK MOSCATO 10 ml (Hema, TPO free)"},"content":{"rendered":"<p>ReformA trajni lak je nova generacija njege noktiju.<\/p>\n<p>Zaboravite na kratkotrajne boje koje se lju\u0161te, iskusite super sjajnu dugotrajnost i nevjerojatnu kvalitetu ReformA trajnih lakova &#8211; najekskluzivnijih trajnih lakova na tr\u017ei\u0161tu!<\/p>\n<p>Devet razloga zbog kojih \u0107ete ih voljeti:<\/p>\n<ol>\n<li>Imaju prekrasne boje, od so\u010dnih neonskih do nje\u017enih nude, kao i sve nijanse izme\u0111u njih \u2013 ukupno vi\u0161e od 200 dostupnih boja koje se stalno nadopunjuju novim kolekcijama!<\/li>\n<li>Lako se nanose \u010dak i za po\u010detnike \u2013 imaju konzistenciju jogurta pa ih mo\u017eete jednostavno razmazati po plo\u010di nokta.<\/li>\n<li>Imaju nje\u017ean miris.<\/li>\n<li>Brzo se su\u0161e, tako da \u0161tedite vrijeme i \u0161titite nokte.<\/li>\n<li>Samoniveliraju\u0107i su i savr\u0161eno prianjaju na prirodne nokte, gel, akril i polygel\/akril gel.<\/li>\n<li>Idealni su za manikuru i pedikuru.<\/li>\n<li>Izuzetno su dugotrajni \u2013 do \u0161est tjedana predivnih bogatih boja.<\/li>\n<li>Ne o\u0161te\u0107uju se i ne gule se.<\/li>\n<li>Osiguravaju predivnu pokrivenost nakon nano\u0161enja 1-2 sloja.<\/li>\n<\/ol>\n<p>ReformA trajni lakovi dostupni su u bo\u010dicama od 10 ml.<\/p>\n<p>Boje nanesite na osu\u0161enu bazu te zatvorite zavr\u0161nim sjajem po izboru.<\/p>\n<p>Kombinacija ReformA trajnih lakova s bazama i zavr\u0161im sjajevima osigurava dugotrajan i besprijekoran izgled va\u0161ih noktiju.<\/p>\n<p>Su\u0161enje ReformA trajnih lakova: LED lampa 1 min.<\/p>\n","protected":false},"excerpt":{"rendered":"<p>ReformA trajni lak je nova generacija njege noktiju. Zaboravite na kratkotrajne boje koje se lju\u0161te, iskusite super sjajnu dugotrajnost i nevjerojatnu kvalitetu ReformA trajnih lakova &#8211; najekskluzivnijih trajnih lakova na tr\u017ei\u0161tu! Devet razloga zbog kojih \u0107ete ih voljeti: Imaju prekrasne boje, od so\u010dnih neonskih do nje\u017enih nude, kao i sve nijanse izme\u0111u njih \u2013 ukupno [&hellip;]<\/p>\n","protected":false},"featured_media":43821,"comment_status":"closed","ping_status":"closed","template":"","meta":[],"product_brand":[50],"product_cat":[163,81],"product_tag":[],"class_list":{"0":"post-43819","1":"product","2":"type-product","3":"status-publish","4":"has-post-thumbnail","6":"product_brand-reforma","7":"product_cat-reforma-trajni-lakovi-boje","8":"product_cat-trajni-lakovi-reforma-boje","10":"first","11":"instock","12":"sale","13":"shipping-taxable","14":"purchasable","15":"product-type-simple"},"_links":{"self":[{"href":"https:\/\/www.arty-nails.org\/web_shop\/wp-json\/wp\/v2\/product\/43819","targetHints":{"allow":["GET"]}}],"collection":[{"href":"https:\/\/www.arty-nails.org\/web_shop\/wp-json\/wp\/v2\/product"}],"about":[{"href":"https:\/\/www.arty-nails.org\/web_shop\/wp-json\/wp\/v2\/types\/product"}],"replies":[{"embeddable":true,"href":"https:\/\/www.arty-nails.org\/web_shop\/wp-json\/wp\/v2\/comments?post=43819"}],"wp:featuredmedia":[{"embeddable":true,"href":"https:\/\/www.arty-nails.org\/web_shop\/wp-json\/wp\/v2\/media\/43821"}],"wp:attachment":[{"href":"https:\/\/www.arty-nails.org\/web_shop\/wp-json\/wp\/v2\/media?parent=43819"}],"wp:term":[{"taxonomy":"product_brand","embeddable":true,"href":"https:\/\/www.arty-nails.org\/web_shop\/wp-json\/wp\/v2\/product_brand?post=43819"},{"taxonomy":"product_cat","embeddable":true,"href":"https:\/\/www.arty-nails.org\/web_shop\/wp-json\/wp\/v2\/product_cat?post=43819"},{"taxonomy":"product_tag","embeddable":true,"href":"https:\/\/www.arty-nails.org\/web_shop\/wp-json\/wp\/v2\/product_tag?post=43819"}],"curies":[{"name":"wp","href":"https:\/\/api.w.org\/{rel}","templated":true}]}}