{"id":44527,"date":"2025-10-23T13:24:00","date_gmt":"2025-10-23T11:24:00","guid":{"rendered":"https:\/\/www.arty-nails.org\/web_shop\/?post_type=product&#038;p=44527"},"modified":"2026-02-02T09:56:24","modified_gmt":"2026-02-02T08:56:24","slug":"reforma-smart-acrylic-powder-cover-pink-100-g","status":"publish","type":"product","link":"https:\/\/www.arty-nails.org\/web_shop\/proizvod\/reforma-smart-acrylic-powder-cover-pink-100-g\/","title":{"rendered":"REFORMA SMART ACRYLIC POWDER COVER PINK 100 g"},"content":{"rendered":"<p>Cover Pink akrilni prah zadovoljava sve kriterije savr\u0161eno pokrivnog nude praha. Najfiniji spoj \u010destica omogu\u0107ava jednostavan rad za po\u010detnike i za profesionalce. Kad se nanese, prah je veoma \u010dvrst, kremaste teksture. . Vrijeme potrebno za polimerizaciju je srednjeg trajanja.<\/p>\n<p>Uputstvo za uporabu: Koristiti u kombinaciji s ReformA Acrylic teku\u0107inom za akrilni prah. Su\u0161i se na zraku.<\/p>\n","protected":false},"excerpt":{"rendered":"<p>Cover Pink akrilni prah zadovoljava sve kriterije savr\u0161eno pokrivnog nude praha. Najfiniji spoj \u010destica omogu\u0107ava jednostavan rad za po\u010detnike i za profesionalce. Kad se nanese, prah je veoma \u010dvrst, kremaste teksture. . Vrijeme potrebno za polimerizaciju je srednjeg trajanja. Uputstvo za uporabu: Koristiti u kombinaciji s ReformA Acrylic teku\u0107inom za akrilni prah. Su\u0161i se na [&hellip;]<\/p>\n","protected":false},"featured_media":44528,"comment_status":"closed","ping_status":"closed","template":"","meta":[],"product_brand":[50],"product_cat":[65,78],"product_tag":[],"class_list":{"0":"post-44527","1":"product","2":"type-product","3":"status-publish","4":"has-post-thumbnail","6":"product_brand-reforma","7":"product_cat-akril","8":"product_cat-reforma-akril","10":"first","11":"instock","12":"shipping-taxable","13":"purchasable","14":"product-type-simple"},"_links":{"self":[{"href":"https:\/\/www.arty-nails.org\/web_shop\/wp-json\/wp\/v2\/product\/44527","targetHints":{"allow":["GET"]}}],"collection":[{"href":"https:\/\/www.arty-nails.org\/web_shop\/wp-json\/wp\/v2\/product"}],"about":[{"href":"https:\/\/www.arty-nails.org\/web_shop\/wp-json\/wp\/v2\/types\/product"}],"replies":[{"embeddable":true,"href":"https:\/\/www.arty-nails.org\/web_shop\/wp-json\/wp\/v2\/comments?post=44527"}],"wp:featuredmedia":[{"embeddable":true,"href":"https:\/\/www.arty-nails.org\/web_shop\/wp-json\/wp\/v2\/media\/44528"}],"wp:attachment":[{"href":"https:\/\/www.arty-nails.org\/web_shop\/wp-json\/wp\/v2\/media?parent=44527"}],"wp:term":[{"taxonomy":"product_brand","embeddable":true,"href":"https:\/\/www.arty-nails.org\/web_shop\/wp-json\/wp\/v2\/product_brand?post=44527"},{"taxonomy":"product_cat","embeddable":true,"href":"https:\/\/www.arty-nails.org\/web_shop\/wp-json\/wp\/v2\/product_cat?post=44527"},{"taxonomy":"product_tag","embeddable":true,"href":"https:\/\/www.arty-nails.org\/web_shop\/wp-json\/wp\/v2\/product_tag?post=44527"}],"curies":[{"name":"wp","href":"https:\/\/api.w.org\/{rel}","templated":true}]}}