{"id":45445,"date":"2025-11-23T20:05:59","date_gmt":"2025-11-23T19:05:59","guid":{"rendered":"https:\/\/www.arty-nails.org\/web_shop\/?post_type=product&#038;p=45445"},"modified":"2025-11-23T20:05:59","modified_gmt":"2025-11-23T19:05:59","slug":"reforma-buffer-za-nokte-100-180","status":"publish","type":"product","link":"https:\/\/www.arty-nails.org\/web_shop\/proizvod\/reforma-buffer-za-nokte-100-180\/","title":{"rendered":"REFORMA BUFFER ZA NOKTE 100\/180"},"content":{"rendered":"<h3 data-start=\"4736\" data-end=\"4773\"><span dir=\"auto\">Odbojnik 100\/180 polumjesec (942554)<\/span><\/h3>\n<p data-start=\"4774\" data-end=\"5026\"><span dir=\"auto\">Profesionalni\u00a0<\/span><strong data-start=\"4791\" data-end=\"4817\"><span dir=\"auto\">ReformA Buffer 100\/180<\/span><\/strong><span dir=\"auto\">\u00a0u ergonomskom\u00a0<\/span><strong data-start=\"4834\" data-end=\"4853\"><span dir=\"auto\">obliku polumjeseca<\/span><\/strong><span dir=\"auto\">\u00a0neophodan je alat za svakodnevni rad u salonu za nokte.<\/span><br data-start=\"4904\" data-end=\"4907\" \/><span dir=\"auto\">Njegov dizajn\u00a0<\/span><strong data-start=\"4911\" data-end=\"4924\"><span dir=\"auto\">dvostruke granulacije<\/span><\/strong><span dir=\"auto\">\u00a0omogu\u0107uje oblikovanje i nje\u017eno zagla\u0111ivanje prije nano\u0161enja gela, akrila ili hibridnog laka.<\/span><\/p>\n<p data-start=\"5028\" data-end=\"5047\"><strong data-start=\"5028\" data-end=\"5045\"><span dir=\"auto\">Klju\u010dne zna\u010dajke:<\/span><\/strong><\/p>\n<ul data-start=\"5048\" data-end=\"5482\">\n<li data-start=\"5048\" data-end=\"5130\">\n<p data-start=\"5050\" data-end=\"5130\"><strong data-start=\"5050\" data-end=\"5071\"><span dir=\"auto\">Dvostruka granulacija 100\/180<\/span><\/strong><span dir=\"auto\">\u00a0\u2013 strana 100 za tvr\u0111e materijale, strana 180 za zagla\u0111ivanje.<\/span><\/p>\n<\/li>\n<li data-start=\"5131\" data-end=\"5210\">\n<p data-start=\"5133\" data-end=\"5210\"><strong data-start=\"5133\" data-end=\"5152\"><span dir=\"auto\">Oblik polumjeseca<\/span><\/strong><span dir=\"auto\">\u00a0\u2013 osigurava precizan rad u blizini zanoktica i jednostavno rukovanje.<\/span><\/p>\n<\/li>\n<li data-start=\"5211\" data-end=\"5279\">\n<p data-start=\"5213\" data-end=\"5279\"><strong data-start=\"5213\" data-end=\"5242\"><span dir=\"auto\">Mekana i fleksibilna povr\u0161ina<\/span><\/strong><span dir=\"auto\">\u00a0\u2013 sigurna za prirodnu nokatnu plo\u010du.<\/span><\/p>\n<\/li>\n<li data-start=\"5280\" data-end=\"5343\">\n<p data-start=\"5282\" data-end=\"5343\"><strong data-start=\"5282\" data-end=\"5303\"><span dir=\"auto\">Izdr\u017eljiva struktura<\/span><\/strong><span dir=\"auto\">\u00a0\u2013 otporna na raslojavanje i habanje.<\/span><\/p>\n<\/li>\n<li data-start=\"5344\" data-end=\"5421\">\n<p data-start=\"5346\" data-end=\"5421\"><strong data-start=\"5346\" data-end=\"5363\"><span dir=\"auto\">Univerzalna upotreba<\/span><\/strong><span dir=\"auto\">\u00a0&#8211; pogodno za gel, akril, hibridne i prirodne nokte.<\/span><\/p>\n<\/li>\n<li data-start=\"5422\" data-end=\"5482\">\n<p data-start=\"5424\" data-end=\"5482\"><strong data-start=\"5424\" data-end=\"5446\"><span dir=\"auto\">Elegantna\u00a0 boja<\/span><\/strong><span dir=\"auto\">\u00a0\u2013 izgleda sjajno na svakom radnom mjestu.<\/span><\/p>\n<\/li>\n<\/ul>\n<p data-start=\"5484\" data-end=\"5676\"><strong data-start=\"5484\" data-end=\"5492\"><span dir=\"auto\">Upotreba:<\/span><\/strong><br data-start=\"5492\" data-end=\"5495\" \/><span dir=\"auto\">\u2013 oblikovanje i skra\u0107ivanje noktiju prije stiliziranja,<\/span><br data-start=\"5541\" data-end=\"5544\" \/><span dir=\"auto\">\u2013 zagla\u0111ivanje gel ili akrilnih povr\u0161ina,<\/span><br data-start=\"5580\" data-end=\"5583\" \/><span dir=\"auto\">\u2013 matiranje prirodne plo\u010de prije nano\u0161enja baze,<\/span><br data-start=\"5632\" data-end=\"5635\" \/><span dir=\"auto\">\u2013 idealno za profesionalnu ili ku\u0107nu upotrebu.<\/span><\/p>\n<p>&nbsp;<\/p>\n<p data-start=\"5678\" data-end=\"5899\"><span dir=\"auto\">ReformA\u00a0<\/span><strong data-start=\"5682\" data-end=\"5718\"><span dir=\"auto\">100\/180 polumjese\u010dasti buffer za nokte<\/span><\/strong><span dir=\"auto\">\u00a0kombinira\u00a0<\/span><strong data-start=\"5728\" data-end=\"5766\"><span dir=\"auto\">udobnost, preciznost i izdr\u017eljivost<\/span><\/strong><span dir=\"auto\">\u00a0\u2013 nezamjenjiv alat za svaku fazu oblikovanja noktiju.<\/span><br data-start=\"5823\" data-end=\"5826\" \/><span dir=\"auto\">Dostupne su razli\u010dite boje \u2013 te vam \u0161aljemo random izbor boja<\/span><\/p>\n","protected":false},"excerpt":{"rendered":"<ul data-start=\"5048\" data-end=\"5482\">\n<li data-start=\"5048\" data-end=\"5130\">\n<p data-start=\"5050\" data-end=\"5130\"><strong data-start=\"5050\" data-end=\"5071\"><span dir=\"auto\">Dvostruka granulacija 100\/180<\/span><\/strong><span dir=\"auto\">\u00a0\u2013 strana 100 za tvr\u0111e materijale, strana 180 za zagla\u0111ivanje.<\/span><\/p>\n<\/li>\n<li data-start=\"5131\" data-end=\"5210\">\n<p data-start=\"5133\" data-end=\"5210\"><strong data-start=\"5133\" data-end=\"5152\"><span dir=\"auto\">Oblik polumjeseca<\/span><\/strong><span dir=\"auto\">\u00a0\u2013 osigurava precizan rad u blizini zanoktica i jednostavno rukovanje.<\/span><\/p>\n<\/li>\n<li data-start=\"5211\" data-end=\"5279\">\n<p data-start=\"5213\" data-end=\"5279\"><strong data-start=\"5213\" data-end=\"5242\"><span dir=\"auto\">Mekana i fleksibilna povr\u0161ina<\/span><\/strong><span dir=\"auto\">\u00a0\u2013 sigurna za prirodnu nokatnu plo\u010du.<\/span><\/p>\n<\/li>\n<li data-start=\"5280\" data-end=\"5343\">\n<p data-start=\"5282\" data-end=\"5343\"><strong data-start=\"5282\" data-end=\"5303\"><span dir=\"auto\">Izdr\u017eljiva struktura<\/span><\/strong><span dir=\"auto\">\u00a0\u2013 otporna na raslojavanje i habanje.<\/span><\/p>\n<\/li>\n<li data-start=\"5344\" data-end=\"5421\">\n<p data-start=\"5346\" data-end=\"5421\"><strong data-start=\"5346\" data-end=\"5363\"><span dir=\"auto\">Univerzalna upotreba<\/span><\/strong><span dir=\"auto\">\u00a0&#8211; pogodno za gel, akril, hibridne i prirodne nokte.<\/span><\/p>\n<\/li>\n<li data-start=\"5422\" data-end=\"5482\">\n<p data-start=\"5424\" data-end=\"5482\"><strong data-start=\"5424\" data-end=\"5446\"><span dir=\"auto\">Elegantna\u00a0 boja<\/span><\/strong><span dir=\"auto\">\u00a0\u2013 izgleda sjajno na svakom radnom mjestu.<\/span><\/p>\n<\/li>\n<\/ul>\n","protected":false},"featured_media":45446,"comment_status":"closed","ping_status":"closed","template":"","meta":[],"product_brand":[50],"product_cat":[196,77],"product_tag":[],"class_list":{"0":"post-45445","1":"product","2":"type-product","3":"status-publish","4":"has-post-thumbnail","6":"product_brand-reforma","7":"product_cat-bufferi-polirni-blokovi","8":"product_cat-reforma-pribor-i-oprema","10":"first","11":"instock","12":"shipping-taxable","13":"purchasable","14":"product-type-simple"},"_links":{"self":[{"href":"https:\/\/www.arty-nails.org\/web_shop\/wp-json\/wp\/v2\/product\/45445","targetHints":{"allow":["GET"]}}],"collection":[{"href":"https:\/\/www.arty-nails.org\/web_shop\/wp-json\/wp\/v2\/product"}],"about":[{"href":"https:\/\/www.arty-nails.org\/web_shop\/wp-json\/wp\/v2\/types\/product"}],"replies":[{"embeddable":true,"href":"https:\/\/www.arty-nails.org\/web_shop\/wp-json\/wp\/v2\/comments?post=45445"}],"wp:featuredmedia":[{"embeddable":true,"href":"https:\/\/www.arty-nails.org\/web_shop\/wp-json\/wp\/v2\/media\/45446"}],"wp:attachment":[{"href":"https:\/\/www.arty-nails.org\/web_shop\/wp-json\/wp\/v2\/media?parent=45445"}],"wp:term":[{"taxonomy":"product_brand","embeddable":true,"href":"https:\/\/www.arty-nails.org\/web_shop\/wp-json\/wp\/v2\/product_brand?post=45445"},{"taxonomy":"product_cat","embeddable":true,"href":"https:\/\/www.arty-nails.org\/web_shop\/wp-json\/wp\/v2\/product_cat?post=45445"},{"taxonomy":"product_tag","embeddable":true,"href":"https:\/\/www.arty-nails.org\/web_shop\/wp-json\/wp\/v2\/product_tag?post=45445"}],"curies":[{"name":"wp","href":"https:\/\/api.w.org\/{rel}","templated":true}]}}