{"id":46790,"date":"2026-01-22T18:14:11","date_gmt":"2026-01-22T17:14:11","guid":{"rendered":"https:\/\/www.arty-nails.org\/web_shop\/?post_type=product&#038;p=46790"},"modified":"2026-02-02T09:11:23","modified_gmt":"2026-02-02T08:11:23","slug":"arty-nails-double-tips-set-kistova-za-trajni-lak-50-kom","status":"publish","type":"product","link":"https:\/\/www.arty-nails.org\/web_shop\/proizvod\/arty-nails-double-tips-set-kistova-za-trajni-lak-50-kom\/","title":{"rendered":"ARTY NAILS DOUBLE TIPS SET KISTOVA ZA TRAJNI LAK 50 KOM"},"content":{"rendered":"<p>Set zamjenskih kistova za trajni lak. Profesionalna preciznost u svakom potezu.<br \/>\nUnaprijedite svoju manikuru uz set zamjenskih kistova\u00a0 koji su idealan izbor za sve koji \u017eele savr\u0161enu preciznost posebice ako koristite na\u0161e baze ili zavr\u0161ne sjajeve u jumbo pakovanjima. Kistovi se jako brzo i jednostavno mijenjaju.<\/p>\n<p>Izra\u0111eni su od kvalitetnih sinteti\u010dkih vlakana koja osiguravaju ravnomjerno nano\u0161enje, visoku preciznost i savr\u0161enu kontrolu tijekom rada.<\/p>\n","protected":false},"excerpt":{"rendered":"<p>Prednosti seta zamjenskih kistova:<\/p>\n<ul>\n<li>50 zamjenskih kistova u setu dugotrajna i isplativa opcija<\/li>\n<li>Precizno nano\u0161enje trajnog laka bez tragova<\/li>\n<li>Idealne za profesionalnu manikuru<\/li>\n<li>Jednostavna zamjena<\/li>\n<\/ul>\n","protected":false},"featured_media":46791,"comment_status":"closed","ping_status":"closed","template":"","meta":[],"product_brand":[55],"product_cat":[286,68],"product_tag":[],"class_list":{"0":"post-46790","1":"product","2":"type-product","3":"status-publish","4":"has-post-thumbnail","6":"product_brand-arty-nails","7":"product_cat-acrylic-pro-baze-za-trajni-lak","8":"product_cat-kistovi","10":"first","11":"instock","12":"shipping-taxable","13":"purchasable","14":"product-type-simple"},"_links":{"self":[{"href":"https:\/\/www.arty-nails.org\/web_shop\/wp-json\/wp\/v2\/product\/46790","targetHints":{"allow":["GET"]}}],"collection":[{"href":"https:\/\/www.arty-nails.org\/web_shop\/wp-json\/wp\/v2\/product"}],"about":[{"href":"https:\/\/www.arty-nails.org\/web_shop\/wp-json\/wp\/v2\/types\/product"}],"replies":[{"embeddable":true,"href":"https:\/\/www.arty-nails.org\/web_shop\/wp-json\/wp\/v2\/comments?post=46790"}],"wp:featuredmedia":[{"embeddable":true,"href":"https:\/\/www.arty-nails.org\/web_shop\/wp-json\/wp\/v2\/media\/46791"}],"wp:attachment":[{"href":"https:\/\/www.arty-nails.org\/web_shop\/wp-json\/wp\/v2\/media?parent=46790"}],"wp:term":[{"taxonomy":"product_brand","embeddable":true,"href":"https:\/\/www.arty-nails.org\/web_shop\/wp-json\/wp\/v2\/product_brand?post=46790"},{"taxonomy":"product_cat","embeddable":true,"href":"https:\/\/www.arty-nails.org\/web_shop\/wp-json\/wp\/v2\/product_cat?post=46790"},{"taxonomy":"product_tag","embeddable":true,"href":"https:\/\/www.arty-nails.org\/web_shop\/wp-json\/wp\/v2\/product_tag?post=46790"}],"curies":[{"name":"wp","href":"https:\/\/api.w.org\/{rel}","templated":true}]}}