{"id":46837,"date":"2026-01-24T20:39:26","date_gmt":"2026-01-24T19:39:26","guid":{"rendered":"https:\/\/www.arty-nails.org\/web_shop\/?post_type=product&#038;p=46837"},"modified":"2026-02-02T10:04:37","modified_gmt":"2026-02-02T09:04:37","slug":"arty-nails-double-tip-kist-1655","status":"publish","type":"product","link":"https:\/\/www.arty-nails.org\/web_shop\/proizvod\/arty-nails-double-tip-kist-1655\/","title":{"rendered":"ARTY NAILS DOUBLE TIP KIST  &#8211; 1655"},"content":{"rendered":"<p>Dvostrani kist za preciznu izgradnju apexa, trajnog laka ili gela ili za nail art, french \u2013 preciznost i kreativnost u jednom alatu.<br \/>\nZa one koji \u017eele precizne, \u010diste i profesionalne nail art dizajne ili pak \u010detkice za nano\u0161enje boje uz kutikulu.<br \/>\nOvaj kist ima stvarno vi\u0161enamjenska svojstva . Izra\u0111en je od kolinsky dlake \u0161to osigurava dugotrajnost.<\/p>\n","protected":false},"excerpt":{"rendered":"<ul>\n<li>dvostrani dizajn &#8211; dva kista u jednom<\/li>\n<li>precizni vrhovi za detalje<\/li>\n<li>pogodan za gel, trajni lak izgradnju apeka<\/li>\n<li>pogodan za podvla\u010denje boje pod kutikulu<\/li>\n<li>profesionalizam dovode do savr\u0161enstva<\/li>\n<\/ul>\n","protected":false},"featured_media":46838,"comment_status":"closed","ping_status":"closed","template":"","meta":[],"product_brand":[],"product_cat":[150,68,243],"product_tag":[],"class_list":{"0":"post-46837","1":"product","2":"type-product","3":"status-publish","4":"has-post-thumbnail","6":"product_cat-arty-nails-kistovi","7":"product_cat-kistovi","8":"product_cat-kistovi-za-nail-art","10":"first","11":"instock","12":"shipping-taxable","13":"purchasable","14":"product-type-simple"},"_links":{"self":[{"href":"https:\/\/www.arty-nails.org\/web_shop\/wp-json\/wp\/v2\/product\/46837","targetHints":{"allow":["GET"]}}],"collection":[{"href":"https:\/\/www.arty-nails.org\/web_shop\/wp-json\/wp\/v2\/product"}],"about":[{"href":"https:\/\/www.arty-nails.org\/web_shop\/wp-json\/wp\/v2\/types\/product"}],"replies":[{"embeddable":true,"href":"https:\/\/www.arty-nails.org\/web_shop\/wp-json\/wp\/v2\/comments?post=46837"}],"wp:featuredmedia":[{"embeddable":true,"href":"https:\/\/www.arty-nails.org\/web_shop\/wp-json\/wp\/v2\/media\/46838"}],"wp:attachment":[{"href":"https:\/\/www.arty-nails.org\/web_shop\/wp-json\/wp\/v2\/media?parent=46837"}],"wp:term":[{"taxonomy":"product_brand","embeddable":true,"href":"https:\/\/www.arty-nails.org\/web_shop\/wp-json\/wp\/v2\/product_brand?post=46837"},{"taxonomy":"product_cat","embeddable":true,"href":"https:\/\/www.arty-nails.org\/web_shop\/wp-json\/wp\/v2\/product_cat?post=46837"},{"taxonomy":"product_tag","embeddable":true,"href":"https:\/\/www.arty-nails.org\/web_shop\/wp-json\/wp\/v2\/product_tag?post=46837"}],"curies":[{"name":"wp","href":"https:\/\/api.w.org\/{rel}","templated":true}]}}