{"id":6724,"date":"2012-07-20T20:22:30","date_gmt":"2012-07-20T18:22:30","guid":{"rendered":"https:\/\/www.arty-nails.org\/web_shop\/product\/ultrabond-primer-10-ml-183\/"},"modified":"2026-02-02T09:57:09","modified_gmt":"2026-02-02T08:57:09","slug":"ultrabond-primer-10-ml-183","status":"publish","type":"product","link":"https:\/\/www.arty-nails.org\/web_shop\/proizvod\/ultrabond-primer-10-ml-183\/","title":{"rendered":"REFORMA ULTRABOND PRIMER 10 ml"},"content":{"rendered":"<p>Ultrabond Primer je najsuvremeniji i sigurnosni tretman koji omogu\u0107ava jako prianjanje svih umjetnih materijala na prirodne nokte. Primer ostavlja lagano ljepljivi sloj, zahvaljuju\u0107i kojem stvara efekt dvostrane ljepljive trake te tako sprje\u010dava odizanje umjetnih materijala. Primer je bezkiselinski te ne prodire u donje slojeve plo\u010de nokta. Ne su\u0161i se u lampi. Nanosi se nakon Nail Prep Dehidratora.<\/p>\n","protected":false},"excerpt":{"rendered":"<p>Ultrabond Primer je najsuvremeniji i sigurnosni tretman koji omogu\u0107ava jako prianjanje svih umjetnih materijala na prirodne nokte. Primer ostavlja lagano ljepljivi sloj, zahvaljuju\u0107i kojem stvara efekt dvostrane ljepljive trake te tako sprje\u010dava odizanje umjetnih materijala. Primer je bezkiselinski te ne prodire u donje slojeve plo\u010de nokta. Ne su\u0161i se u lampi. Nanosi se nakon Nail [&hellip;]<\/p>\n","protected":false},"featured_media":6723,"comment_status":"closed","ping_status":"closed","template":"","meta":[],"product_brand":[50],"product_cat":[136,144],"product_tag":[],"class_list":{"0":"post-6724","1":"product","2":"type-product","3":"status-publish","4":"has-post-thumbnail","6":"product_brand-reforma","7":"product_cat-pripremne-tekucine","8":"product_cat-reforma-tekucine","10":"first","11":"instock","12":"shipping-taxable","13":"purchasable","14":"product-type-simple"},"_links":{"self":[{"href":"https:\/\/www.arty-nails.org\/web_shop\/wp-json\/wp\/v2\/product\/6724","targetHints":{"allow":["GET"]}}],"collection":[{"href":"https:\/\/www.arty-nails.org\/web_shop\/wp-json\/wp\/v2\/product"}],"about":[{"href":"https:\/\/www.arty-nails.org\/web_shop\/wp-json\/wp\/v2\/types\/product"}],"replies":[{"embeddable":true,"href":"https:\/\/www.arty-nails.org\/web_shop\/wp-json\/wp\/v2\/comments?post=6724"}],"wp:featuredmedia":[{"embeddable":true,"href":"https:\/\/www.arty-nails.org\/web_shop\/wp-json\/wp\/v2\/media\/6723"}],"wp:attachment":[{"href":"https:\/\/www.arty-nails.org\/web_shop\/wp-json\/wp\/v2\/media?parent=6724"}],"wp:term":[{"taxonomy":"product_brand","embeddable":true,"href":"https:\/\/www.arty-nails.org\/web_shop\/wp-json\/wp\/v2\/product_brand?post=6724"},{"taxonomy":"product_cat","embeddable":true,"href":"https:\/\/www.arty-nails.org\/web_shop\/wp-json\/wp\/v2\/product_cat?post=6724"},{"taxonomy":"product_tag","embeddable":true,"href":"https:\/\/www.arty-nails.org\/web_shop\/wp-json\/wp\/v2\/product_tag?post=6724"}],"curies":[{"name":"wp","href":"https:\/\/api.w.org\/{rel}","templated":true}]}}