{"id":6811,"date":"2013-07-03T19:46:53","date_gmt":"2013-07-03T17:46:53","guid":{"rendered":"https:\/\/www.arty-nails.org\/web_shop\/product\/reforma-odstranjiva-zanoktica-50-ml-260\/"},"modified":"2026-02-02T09:57:09","modified_gmt":"2026-02-02T08:57:09","slug":"reforma-odstranjiva-zanoktica-50-ml-260","status":"publish","type":"product","link":"https:\/\/www.arty-nails.org\/web_shop\/proizvod\/reforma-odstranjiva-zanoktica-50-ml-260\/","title":{"rendered":"REFORMA ODSTRANJIVA\u010c ZANOKTICA 50 ml"},"content":{"rendered":"<p>Brzo i u\u010dinkovito omek\u0161ava ko\u017eu zanoktica i kalusa. Dovoljno je nanijeti jednu kap i odmah zapo\u010deti s odstranjivanjem mrtve ko\u017ee.<\/p>\n<p>Uputstvo za uporabu: Nanijeti malu koli\u010dinu proizvoda oko zanoktica. Zanoktica se mo\u017ee odstranjivati odmah nakon aplikacije uz pomo\u0107 poguriva\u010da za nokte. Uz redovnu uporabu proizvoda zanoktice \u0107e se zna\u010dajno smanjiti.<\/p>\n","protected":false},"excerpt":{"rendered":"<p>Brzo i u\u010dinkovito omek\u0161ava ko\u017eu zanoktica i kalusa. Dovoljno je nanijeti jednu kap i odmah zapo\u010deti s odstranjivanjem mrtve ko\u017ee. Uputstvo za uporabu: Nanijeti malu koli\u010dinu proizvoda oko zanoktica. Zanoktica se mo\u017ee odstranjivati odmah nakon aplikacije uz pomo\u0107 poguriva\u010da za nokte. Uz redovnu uporabu proizvoda zanoktice \u0107e se zna\u010dajno smanjiti.<\/p>\n","protected":false},"featured_media":6499,"comment_status":"closed","ping_status":"closed","template":"","meta":[],"product_brand":[50],"product_cat":[136,144],"product_tag":[],"class_list":{"0":"post-6811","1":"product","2":"type-product","3":"status-publish","4":"has-post-thumbnail","6":"product_brand-reforma","7":"product_cat-pripremne-tekucine","8":"product_cat-reforma-tekucine","10":"first","11":"instock","12":"shipping-taxable","13":"purchasable","14":"product-type-simple"},"_links":{"self":[{"href":"https:\/\/www.arty-nails.org\/web_shop\/wp-json\/wp\/v2\/product\/6811","targetHints":{"allow":["GET"]}}],"collection":[{"href":"https:\/\/www.arty-nails.org\/web_shop\/wp-json\/wp\/v2\/product"}],"about":[{"href":"https:\/\/www.arty-nails.org\/web_shop\/wp-json\/wp\/v2\/types\/product"}],"replies":[{"embeddable":true,"href":"https:\/\/www.arty-nails.org\/web_shop\/wp-json\/wp\/v2\/comments?post=6811"}],"wp:featuredmedia":[{"embeddable":true,"href":"https:\/\/www.arty-nails.org\/web_shop\/wp-json\/wp\/v2\/media\/6499"}],"wp:attachment":[{"href":"https:\/\/www.arty-nails.org\/web_shop\/wp-json\/wp\/v2\/media?parent=6811"}],"wp:term":[{"taxonomy":"product_brand","embeddable":true,"href":"https:\/\/www.arty-nails.org\/web_shop\/wp-json\/wp\/v2\/product_brand?post=6811"},{"taxonomy":"product_cat","embeddable":true,"href":"https:\/\/www.arty-nails.org\/web_shop\/wp-json\/wp\/v2\/product_cat?post=6811"},{"taxonomy":"product_tag","embeddable":true,"href":"https:\/\/www.arty-nails.org\/web_shop\/wp-json\/wp\/v2\/product_tag?post=6811"}],"curies":[{"name":"wp","href":"https:\/\/api.w.org\/{rel}","templated":true}]}}