{"id":7030,"date":"2014-06-06T13:30:38","date_gmt":"2014-06-06T11:30:38","guid":{"rendered":"https:\/\/www.arty-nails.org\/web_shop\/product\/promed-uc-50-ultrasonic-dezinfekt-609\/"},"modified":"2023-03-08T18:35:39","modified_gmt":"2023-03-08T17:35:39","slug":"promed-uc-50-ultrasonic-cistac-sterilizator","status":"publish","type":"product","link":"https:\/\/www.arty-nails.org\/web_shop\/proizvod\/promed-uc-50-ultrasonic-cistac-sterilizator\/","title":{"rendered":"PROMED UC-50 ULTRASONIC \u010cISTA\u010c &#8211; STERILIZATOR"},"content":{"rendered":"<p><strong>Informacije o proizvodu:\u00a0<\/strong>&#8220;Promed UC-50&#8221;<\/p>\n<p>Promed ultrazvu\u010dni \u010dista\u0107. \u010cisti sve alate, nastavke brusilice &#8211; freze (svu metalnu i plasti\u010dnu opremu) uz pomo\u0107 ultrazvu\u010dne frekvencije i visokofrekventnih vibracija.<\/p>\n<p>Dodavanjem dezinfekcijske teku\u0107ine (npr. Promed Pure-ID) mo\u017eete pobolj\u0161ati rezultat \u010di\u0161\u0107enja enormno.<\/p>\n<p>Mo\u017ee se koristiti i voda iz slavine.\u00a0 UC-50 je vrlo stabilan i radi izuzetno mirno te \u0107e se automatski isklju\u010diti nakon obavljenog posla.<\/p>\n<p><strong>Posebne zna\u010dajke:<\/strong><\/p>\n<ul>\n<li>Osvjetljeni LCD zaslon<\/li>\n<li>Timer funkcija (5 vremenskih postavki)<\/li>\n<li>Pogodno za vodu iz slavine<\/li>\n<li>Podr\u017eana obe\u0107ana oznaka Pure-ID<\/li>\n<li>Pribor (CD dr\u017ea\u010d, dr\u017ea\u010d nastavaka, dr\u017ea\u010d sata)<\/li>\n<\/ul>\n<p><strong>2 godine garancije!<\/strong><\/p>\n<p><strong>Tehni\u010dki podaci:<\/strong><\/p>\n<ul style=\"list-style-type: disc;\">\n<li>Ure\u0111aj: Ultrazvu\u010dni \u010dista\u0107<\/li>\n<li>Napajanje: 230 V, 50 Hz, 50 Watt<\/li>\n<li>Maksimalna koli\u010dina punjenja, 550 ml<\/li>\n<li>Vrijeme rada: 1:30;\u00a03:00;\u00a04:30;\u00a06:00;\u00a07:00 min.<\/li>\n<li>Ultrazvu\u010dna frekvencija: 43 kHz<\/li>\n<li>ca.\u00a0200 x 170 x 150 mm (Dx\u0160xV)<\/li>\n<li>Te\u017eina: cca 842 g\u00a0<strong>Sadr\u017eaj pakovanja<\/strong>:\n<p>UC-50 ure\u0111aj<br \/>\nKo\u0161ara s dr\u017ea\u010dem sata<br \/>\nDr\u017ea\u010d CD-a<br \/>\nDr\u017ea\u010d\u00a0bita<br \/>\nUputa za uporabu<\/li>\n<\/ul>\n","protected":false},"excerpt":{"rendered":"<p>Informacije o proizvodu:\u00a0&#8220;Promed UC-50&#8221; Promed ultrazvu\u010dni \u010dista\u0107. \u010cisti sve alate, nastavke brusilice &#8211; freze (svu metalnu i plasti\u010dnu opremu) uz pomo\u0107 ultrazvu\u010dne frekvencije i visokofrekventnih vibracija. Dodavanjem dezinfekcijske teku\u0107ine (npr. Promed Pure-ID) mo\u017eete pobolj\u0161ati rezultat \u010di\u0161\u0107enja enormno. Mo\u017ee se koristiti i voda iz slavine.\u00a0 UC-50 je vrlo stabilan i radi izuzetno mirno te \u0107e se [&hellip;]<\/p>\n","protected":false},"featured_media":7024,"comment_status":"closed","ping_status":"closed","template":"","meta":[],"product_brand":[53],"product_cat":[130,134],"product_tag":[],"class_list":{"0":"post-7030","1":"product","2":"type-product","3":"status-publish","4":"has-post-thumbnail","6":"product_brand-promed","7":"product_cat-dezinfekcija-i-zastita","8":"product_cat-sterilizatori","10":"first","11":"instock","12":"shipping-taxable","13":"purchasable","14":"product-type-simple"},"_links":{"self":[{"href":"https:\/\/www.arty-nails.org\/web_shop\/wp-json\/wp\/v2\/product\/7030","targetHints":{"allow":["GET"]}}],"collection":[{"href":"https:\/\/www.arty-nails.org\/web_shop\/wp-json\/wp\/v2\/product"}],"about":[{"href":"https:\/\/www.arty-nails.org\/web_shop\/wp-json\/wp\/v2\/types\/product"}],"replies":[{"embeddable":true,"href":"https:\/\/www.arty-nails.org\/web_shop\/wp-json\/wp\/v2\/comments?post=7030"}],"wp:featuredmedia":[{"embeddable":true,"href":"https:\/\/www.arty-nails.org\/web_shop\/wp-json\/wp\/v2\/media\/7024"}],"wp:attachment":[{"href":"https:\/\/www.arty-nails.org\/web_shop\/wp-json\/wp\/v2\/media?parent=7030"}],"wp:term":[{"taxonomy":"product_brand","embeddable":true,"href":"https:\/\/www.arty-nails.org\/web_shop\/wp-json\/wp\/v2\/product_brand?post=7030"},{"taxonomy":"product_cat","embeddable":true,"href":"https:\/\/www.arty-nails.org\/web_shop\/wp-json\/wp\/v2\/product_cat?post=7030"},{"taxonomy":"product_tag","embeddable":true,"href":"https:\/\/www.arty-nails.org\/web_shop\/wp-json\/wp\/v2\/product_tag?post=7030"}],"curies":[{"name":"wp","href":"https:\/\/api.w.org\/{rel}","templated":true}]}}