{"id":7032,"date":"2014-06-06T00:32:39","date_gmt":"2014-06-05T22:32:39","guid":{"rendered":"https:\/\/www.arty-nails.org\/web_shop\/product\/promed-ruica-1030-610\/"},"modified":"2025-11-21T21:52:59","modified_gmt":"2025-11-21T20:52:59","slug":"promed-rucica-1030","status":"publish","type":"product","link":"https:\/\/www.arty-nails.org\/web_shop\/proizvod\/promed-rucica-1030\/","title":{"rendered":"PROMED RU\u010cICA 1030"},"content":{"rendered":"<ul style=\"list-style-type: disc;\">\n<li>Promed zamjenska ru\u010dice za brusilicu<\/li>\n<li>Od nehr\u0111aju\u0107eg \u010delika,<\/li>\n<li>Ergonomski oblikovana dr\u0161ka, sna\u017ena i bez vibracija<\/li>\n<li>Professional rotacijski collet<\/li>\n<li>Sigurnosno zaustavljanje<\/li>\n<li>Te\u017eina: 160 g<\/li>\n<\/ul>\n","protected":false},"excerpt":{"rendered":"<p>Promed zamjenska ru\u010dice za brusilicu Od nehr\u0111aju\u0107eg \u010delika, Ergonomski oblikovana dr\u0161ka, sna\u017ena i bez vibracija Professional rotacijski collet Sigurnosno zaustavljanje Te\u017eina: 160 g<\/p>\n","protected":false},"featured_media":7031,"comment_status":"closed","ping_status":"closed","template":"","meta":[],"product_brand":[53],"product_cat":[93],"product_tag":[],"class_list":{"0":"post-7032","1":"product","2":"type-product","3":"status-publish","4":"has-post-thumbnail","6":"product_brand-promed","7":"product_cat-brusilice-freze","9":"first","10":"instock","11":"shipping-taxable","12":"purchasable","13":"product-type-simple"},"_links":{"self":[{"href":"https:\/\/www.arty-nails.org\/web_shop\/wp-json\/wp\/v2\/product\/7032","targetHints":{"allow":["GET"]}}],"collection":[{"href":"https:\/\/www.arty-nails.org\/web_shop\/wp-json\/wp\/v2\/product"}],"about":[{"href":"https:\/\/www.arty-nails.org\/web_shop\/wp-json\/wp\/v2\/types\/product"}],"replies":[{"embeddable":true,"href":"https:\/\/www.arty-nails.org\/web_shop\/wp-json\/wp\/v2\/comments?post=7032"}],"wp:featuredmedia":[{"embeddable":true,"href":"https:\/\/www.arty-nails.org\/web_shop\/wp-json\/wp\/v2\/media\/7031"}],"wp:attachment":[{"href":"https:\/\/www.arty-nails.org\/web_shop\/wp-json\/wp\/v2\/media?parent=7032"}],"wp:term":[{"taxonomy":"product_brand","embeddable":true,"href":"https:\/\/www.arty-nails.org\/web_shop\/wp-json\/wp\/v2\/product_brand?post=7032"},{"taxonomy":"product_cat","embeddable":true,"href":"https:\/\/www.arty-nails.org\/web_shop\/wp-json\/wp\/v2\/product_cat?post=7032"},{"taxonomy":"product_tag","embeddable":true,"href":"https:\/\/www.arty-nails.org\/web_shop\/wp-json\/wp\/v2\/product_tag?post=7032"}],"curies":[{"name":"wp","href":"https:\/\/api.w.org\/{rel}","templated":true}]}}