{"id":7279,"date":"2015-05-31T23:46:23","date_gmt":"2015-05-31T21:46:23","guid":{"rendered":"https:\/\/www.arty-nails.org\/web_shop\/product\/mollon-pro-quick-dryer-15-ml-816\/"},"modified":"2026-02-02T09:59:24","modified_gmt":"2026-02-02T08:59:24","slug":"mollon-pro-top-coat-quick-dryer-15-ml","status":"publish","type":"product","link":"https:\/\/www.arty-nails.org\/web_shop\/proizvod\/mollon-pro-top-coat-quick-dryer-15-ml\/","title":{"rendered":"MOLLON PRO TOP COAT QUICK DRYER 15 ml"},"content":{"rendered":"<p>Vrlo otporan zavr\u0161ni sloj koji se vrlo brzo su\u0161i nakon nano\u0161enja. Na plo\u010di nokta stvara \u010dvrsti, glatki, blistavo sjajni sloj koji ne \u017euti te koji nagla\u0161ava intenzivnu boju laka. Ovaj top coat osigurava ve\u0107u otpornost povr\u0161ine nokta. Premazana povr\u0161ina se ne mo\u017ee izgrebati i ne gubi sjaj. Ne mijenja boju pod utjecajem vremenskih prilika ili UV zra\u010denja.<\/p>\n","protected":false},"excerpt":{"rendered":"<p>Vrlo otporan zavr\u0161ni sloj koji se vrlo brzo su\u0161i nakon nano\u0161enja. Na plo\u010di nokta stvara \u010dvrsti, glatki, blistavo sjajni sloj koji ne \u017euti te koji nagla\u0161ava intenzivnu boju laka. Ovaj top coat osigurava ve\u0107u otpornost povr\u0161ine nokta. Premazana povr\u0161ina se ne mo\u017ee izgrebati i ne gubi sjaj. Ne mijenja boju pod utjecajem vremenskih prilika ili [&hellip;]<\/p>\n","protected":false},"featured_media":7278,"comment_status":"closed","ping_status":"closed","template":"","meta":[],"product_brand":[56],"product_cat":[90],"product_tag":[],"class_list":{"0":"post-7279","1":"product","2":"type-product","3":"status-publish","4":"has-post-thumbnail","6":"product_brand-mollon-pro","7":"product_cat-baze-i-zavrsni-sjajevi-za-klasicni-lak-mollon-pro","9":"first","10":"instock","11":"shipping-taxable","12":"purchasable","13":"product-type-simple"},"_links":{"self":[{"href":"https:\/\/www.arty-nails.org\/web_shop\/wp-json\/wp\/v2\/product\/7279","targetHints":{"allow":["GET"]}}],"collection":[{"href":"https:\/\/www.arty-nails.org\/web_shop\/wp-json\/wp\/v2\/product"}],"about":[{"href":"https:\/\/www.arty-nails.org\/web_shop\/wp-json\/wp\/v2\/types\/product"}],"replies":[{"embeddable":true,"href":"https:\/\/www.arty-nails.org\/web_shop\/wp-json\/wp\/v2\/comments?post=7279"}],"wp:featuredmedia":[{"embeddable":true,"href":"https:\/\/www.arty-nails.org\/web_shop\/wp-json\/wp\/v2\/media\/7278"}],"wp:attachment":[{"href":"https:\/\/www.arty-nails.org\/web_shop\/wp-json\/wp\/v2\/media?parent=7279"}],"wp:term":[{"taxonomy":"product_brand","embeddable":true,"href":"https:\/\/www.arty-nails.org\/web_shop\/wp-json\/wp\/v2\/product_brand?post=7279"},{"taxonomy":"product_cat","embeddable":true,"href":"https:\/\/www.arty-nails.org\/web_shop\/wp-json\/wp\/v2\/product_cat?post=7279"},{"taxonomy":"product_tag","embeddable":true,"href":"https:\/\/www.arty-nails.org\/web_shop\/wp-json\/wp\/v2\/product_tag?post=7279"}],"curies":[{"name":"wp","href":"https:\/\/api.w.org\/{rel}","templated":true}]}}