{"id":7282,"date":"2015-05-31T23:52:11","date_gmt":"2015-05-31T21:52:11","guid":{"rendered":"https:\/\/www.arty-nails.org\/web_shop\/product\/mollon-pro-top-coat-power-shine-15-ml-821\/"},"modified":"2026-02-02T09:59:23","modified_gmt":"2026-02-02T08:59:23","slug":"mollon-pro-top-coat-power-shine-15-ml","status":"publish","type":"product","link":"https:\/\/www.arty-nails.org\/web_shop\/proizvod\/mollon-pro-top-coat-power-shine-15-ml\/","title":{"rendered":"MOLLON PRO TOP COAT POWER SHINE 15 ml"},"content":{"rendered":"<p>Power Shine Top Coat \u0161titi i oja\u010dava nokte, daju\u0107i im izvrstan sjaj. Ima za\u0161titu od UV zra\u010denja te \u0161titi boju od po\u017eu\u0107ivanja, matiranja i diskoloracije. Brzosu\u0161e\u0107i lak. Pove\u0107ava trajnost laka za nekoliko dana. Power Shine mo\u017eete nanijeti kako biste osvje\u017eili lak ili mu pove\u0107ali sjaj. Top coat se mo\u017ee nanositi na klasi\u010dni lak za nokte ili dovr\u0161ene dizajne male \u010dvrsto\u0107e: HybridShine, Monophase.<\/p>\n","protected":false},"excerpt":{"rendered":"<p>Power Shine Top Coat \u0161titi i oja\u010dava nokte, daju\u0107i im izvrstan sjaj. Ima za\u0161titu od UV zra\u010denja te \u0161titi boju od po\u017eu\u0107ivanja, matiranja i diskoloracije. Brzosu\u0161e\u0107i lak. Pove\u0107ava trajnost laka za nekoliko dana. Power Shine mo\u017eete nanijeti kako biste osvje\u017eili lak ili mu pove\u0107ali sjaj. Top coat se mo\u017ee nanositi na klasi\u010dni lak za nokte [&hellip;]<\/p>\n","protected":false},"featured_media":7280,"comment_status":"closed","ping_status":"closed","template":"","meta":[],"product_brand":[56],"product_cat":[90],"product_tag":[],"class_list":{"0":"post-7282","1":"product","2":"type-product","3":"status-publish","4":"has-post-thumbnail","6":"product_brand-mollon-pro","7":"product_cat-baze-i-zavrsni-sjajevi-za-klasicni-lak-mollon-pro","9":"first","10":"instock","11":"shipping-taxable","12":"purchasable","13":"product-type-simple"},"_links":{"self":[{"href":"https:\/\/www.arty-nails.org\/web_shop\/wp-json\/wp\/v2\/product\/7282","targetHints":{"allow":["GET"]}}],"collection":[{"href":"https:\/\/www.arty-nails.org\/web_shop\/wp-json\/wp\/v2\/product"}],"about":[{"href":"https:\/\/www.arty-nails.org\/web_shop\/wp-json\/wp\/v2\/types\/product"}],"replies":[{"embeddable":true,"href":"https:\/\/www.arty-nails.org\/web_shop\/wp-json\/wp\/v2\/comments?post=7282"}],"wp:featuredmedia":[{"embeddable":true,"href":"https:\/\/www.arty-nails.org\/web_shop\/wp-json\/wp\/v2\/media\/7280"}],"wp:attachment":[{"href":"https:\/\/www.arty-nails.org\/web_shop\/wp-json\/wp\/v2\/media?parent=7282"}],"wp:term":[{"taxonomy":"product_brand","embeddable":true,"href":"https:\/\/www.arty-nails.org\/web_shop\/wp-json\/wp\/v2\/product_brand?post=7282"},{"taxonomy":"product_cat","embeddable":true,"href":"https:\/\/www.arty-nails.org\/web_shop\/wp-json\/wp\/v2\/product_cat?post=7282"},{"taxonomy":"product_tag","embeddable":true,"href":"https:\/\/www.arty-nails.org\/web_shop\/wp-json\/wp\/v2\/product_tag?post=7282"}],"curies":[{"name":"wp","href":"https:\/\/api.w.org\/{rel}","templated":true}]}}