{"id":7300,"date":"2015-06-01T23:01:32","date_gmt":"2015-06-01T21:01:32","guid":{"rendered":"https:\/\/www.arty-nails.org\/web_shop\/?post_type=product&#038;p=7300"},"modified":"2026-02-02T10:02:20","modified_gmt":"2026-02-02T09:02:20","slug":"mollon-pro-smoothing-salt-scrub-350-g","status":"publish","type":"product","link":"https:\/\/www.arty-nails.org\/web_shop\/proizvod\/mollon-pro-smoothing-salt-scrub-350-g\/","title":{"rendered":"MOLLON PRO SMOOTHING SALT SCRUB 350 g"},"content":{"rendered":"<p>\u010cISTI \/ OMEK\u0160AVA \/ ZAGLA\u0110UJE<\/p>\n<p><span style=\"caret-color: auto;\">Solni piling za \u010di\u0161\u0107enje ruku. Uklanja odumrli gornji sloj ko\u017ee, stimulira cirkulaciju, zagla\u0111uje i lagano podmazuje ko\u017eu ruku te tako umanjuje osje\u0107aj hrapavosti. Sastojci proizvoda omek\u0161avaju i vla\u017ee ko\u017eu te ostavljaju za\u0161titni sloj na rukama, uz ugodan osje\u0107aj meko\u0107e. Ovaj piling pobolj\u0161ava u\u010dinak kozmeti\u010dkih proizvoda koji se nanose nakon njega.<\/span><\/p>\n<p>Uputa za upotrebu: Nanijeti piling na mokru ko\u017eu ruku i lagano umasirati. Po potrebi dodatno navla\u017eiti vodom. Nakon pilinga, isprati te osu\u0161iti ru\u010dnikom.<\/p>\n<p>Aktivni sastojci: shea maslac, p\u010delinji vosak, suncokretovo ulje, antioksidansi.<\/p>\n","protected":false},"excerpt":{"rendered":"<p>\u010cISTI \/ OMEK\u0160AVA \/ ZAGLA\u0110UJE Solni piling za \u010di\u0161\u0107enje ruku. Uklanja odumrli gornji sloj ko\u017ee, stimulira cirkulaciju, zagla\u0111uje i lagano podmazuje ko\u017eu ruku te tako umanjuje osje\u0107aj hrapavosti. Sastojci proizvoda omek\u0161avaju i vla\u017ee ko\u017eu te ostavljaju za\u0161titni sloj na rukama, uz ugodan osje\u0107aj meko\u0107e. Ovaj piling pobolj\u0161ava u\u010dinak kozmeti\u010dkih proizvoda koji se nanose nakon njega. [&hellip;]<\/p>\n","protected":false},"featured_media":7299,"comment_status":"closed","ping_status":"closed","template":"","meta":[],"product_brand":[56],"product_cat":[126],"product_tag":[],"class_list":{"0":"post-7300","1":"product","2":"type-product","3":"status-publish","4":"has-post-thumbnail","6":"product_brand-mollon-pro","7":"product_cat-spa-njega-ruku","9":"first","10":"instock","11":"shipping-taxable","12":"purchasable","13":"product-type-simple"},"_links":{"self":[{"href":"https:\/\/www.arty-nails.org\/web_shop\/wp-json\/wp\/v2\/product\/7300","targetHints":{"allow":["GET"]}}],"collection":[{"href":"https:\/\/www.arty-nails.org\/web_shop\/wp-json\/wp\/v2\/product"}],"about":[{"href":"https:\/\/www.arty-nails.org\/web_shop\/wp-json\/wp\/v2\/types\/product"}],"replies":[{"embeddable":true,"href":"https:\/\/www.arty-nails.org\/web_shop\/wp-json\/wp\/v2\/comments?post=7300"}],"wp:featuredmedia":[{"embeddable":true,"href":"https:\/\/www.arty-nails.org\/web_shop\/wp-json\/wp\/v2\/media\/7299"}],"wp:attachment":[{"href":"https:\/\/www.arty-nails.org\/web_shop\/wp-json\/wp\/v2\/media?parent=7300"}],"wp:term":[{"taxonomy":"product_brand","embeddable":true,"href":"https:\/\/www.arty-nails.org\/web_shop\/wp-json\/wp\/v2\/product_brand?post=7300"},{"taxonomy":"product_cat","embeddable":true,"href":"https:\/\/www.arty-nails.org\/web_shop\/wp-json\/wp\/v2\/product_cat?post=7300"},{"taxonomy":"product_tag","embeddable":true,"href":"https:\/\/www.arty-nails.org\/web_shop\/wp-json\/wp\/v2\/product_tag?post=7300"}],"curies":[{"name":"wp","href":"https:\/\/api.w.org\/{rel}","templated":true}]}}