{"id":7305,"date":"2015-06-01T23:04:33","date_gmt":"2015-06-01T21:04:33","guid":{"rendered":"https:\/\/www.arty-nails.org\/web_shop\/product\/hcsynergy-regenerating-nourising-krema-za-ruke-250-ml-867\/"},"modified":"2026-02-02T10:02:20","modified_gmt":"2026-02-02T09:02:20","slug":"mollon-pro-regenerating-nourishing-krema-za-ruke-250-ml","status":"publish","type":"product","link":"https:\/\/www.arty-nails.org\/web_shop\/proizvod\/mollon-pro-regenerating-nourishing-krema-za-ruke-250-ml\/","title":{"rendered":"MOLLON PRO REGENERATING &#038; NOURISHING KREMA ZA RUKE 250 ml"},"content":{"rendered":"<p>REGENERIRA \/ HRANI \/ OJA\u010cAVA<\/p>\n<p>Profesionalna obnavljaju\u0107a i hranjiva krema za intenzivnu njegu ruku i noktiju. Ova formula kreirana je na bazi prirodnih ulja, emolijenata i aktivnih sastojaka koji intenzivno hrane i obnavljaju ko\u017eu va\u0161ih ruku te stvaraju za\u0161titni sloj na povr\u0161ini ko\u017ee koji \u010duva prirodnu lipidnu barijeru epiderme, ne ostavljaju\u0107i pri tome masni osje\u0107aj na rukama. Sastojci u kremi stimuliraju diobu, obnavljanje i regeneraciju mati\u010dnih stanica epiderme, oja\u010davaju ko\u017eu te odr\u017eavaju pravu razinu vlage i elasti\u010dnosti. Krema \u0161titi ko\u017eu od vanjskih faktora, smanjuje rizik od iritacije te sprje\u010dava suho\u0107u i grubost ko\u017ee, \u010duvaju\u0107i pritom njezinu prirodnu boju.<\/p>\n<p>Uputa za upotrebu: Nanijeti malu koli\u010dinu kreme na ko\u017eu ruku i nokte te lagano utrljati.<\/p>\n<p>Aktivni sastojci: ekstrakt gaveza, vitamini E, B5 i B6, glicerin, alantoin.<\/p>\n","protected":false},"excerpt":{"rendered":"<p>REGENERIRA \/ HRANI \/ OJA\u010cAVA Profesionalna obnavljaju\u0107a i hranjiva krema za intenzivnu njegu ruku i noktiju. Ova formula kreirana je na bazi prirodnih ulja, emolijenata i aktivnih sastojaka koji intenzivno hrane i obnavljaju ko\u017eu va\u0161ih ruku te stvaraju za\u0161titni sloj na povr\u0161ini ko\u017ee koji \u010duva prirodnu lipidnu barijeru epiderme, ne ostavljaju\u0107i pri tome masni osje\u0107aj [&hellip;]<\/p>\n","protected":false},"featured_media":7303,"comment_status":"closed","ping_status":"closed","template":"","meta":[],"product_brand":[56],"product_cat":[126],"product_tag":[],"class_list":{"0":"post-7305","1":"product","2":"type-product","3":"status-publish","4":"has-post-thumbnail","6":"product_brand-mollon-pro","7":"product_cat-spa-njega-ruku","9":"first","10":"instock","11":"shipping-taxable","12":"purchasable","13":"product-type-simple"},"_links":{"self":[{"href":"https:\/\/www.arty-nails.org\/web_shop\/wp-json\/wp\/v2\/product\/7305","targetHints":{"allow":["GET"]}}],"collection":[{"href":"https:\/\/www.arty-nails.org\/web_shop\/wp-json\/wp\/v2\/product"}],"about":[{"href":"https:\/\/www.arty-nails.org\/web_shop\/wp-json\/wp\/v2\/types\/product"}],"replies":[{"embeddable":true,"href":"https:\/\/www.arty-nails.org\/web_shop\/wp-json\/wp\/v2\/comments?post=7305"}],"wp:featuredmedia":[{"embeddable":true,"href":"https:\/\/www.arty-nails.org\/web_shop\/wp-json\/wp\/v2\/media\/7303"}],"wp:attachment":[{"href":"https:\/\/www.arty-nails.org\/web_shop\/wp-json\/wp\/v2\/media?parent=7305"}],"wp:term":[{"taxonomy":"product_brand","embeddable":true,"href":"https:\/\/www.arty-nails.org\/web_shop\/wp-json\/wp\/v2\/product_brand?post=7305"},{"taxonomy":"product_cat","embeddable":true,"href":"https:\/\/www.arty-nails.org\/web_shop\/wp-json\/wp\/v2\/product_cat?post=7305"},{"taxonomy":"product_tag","embeddable":true,"href":"https:\/\/www.arty-nails.org\/web_shop\/wp-json\/wp\/v2\/product_tag?post=7305"}],"curies":[{"name":"wp","href":"https:\/\/api.w.org\/{rel}","templated":true}]}}