{"id":7320,"date":"2015-06-01T23:18:24","date_gmt":"2015-06-01T21:18:24","guid":{"rendered":"https:\/\/www.arty-nails.org\/web_shop\/product\/mollon-pro-peeling-za-noge-cleansing-sugar-scrub-350-gr-874\/"},"modified":"2026-02-02T10:03:30","modified_gmt":"2026-02-02T09:03:30","slug":"mollon-pro-cleansing-sugar-scrub-350-g","status":"publish","type":"product","link":"https:\/\/www.arty-nails.org\/web_shop\/proizvod\/mollon-pro-cleansing-sugar-scrub-350-g\/","title":{"rendered":"MOLLON PRO CLEANSING SUGAR SCRUB 350 g"},"content":{"rendered":"<p>EKSFOLIRA \/ OSVJE\u017dAVA \/ REGENERIRA<\/p>\n<p>\u0160e\u0107erni piling za \u010di\u0161\u0107enje stopala. Omek\u0161ava i odstranjuje suhu ko\u017eu, stvaraju\u0107i za\u0161titni sloj. Sastojci ovog proizvoda suzbijaju upalna stanja te u\u010dinkovito utje\u010du na stvaranje novih stanica. Piling osigurava svje\u017einu i meko\u0107u ko\u017ee, pobolj\u0161ava cirkulaciju i poja\u010dava u\u010dinak kozmeti\u010dkih proizvoda koji se nanose nakon njega.<\/p>\n<p>Uputa za upotrebu: Nanijeti piling na vla\u017enu ko\u017eu stopala i sna\u017eno utrljavati nekoliko minuta. Zatim isprati mlakom vodom i osu\u0161iti ru\u010dnikom.<\/p>\n<p>Aktivni sastojci: shea maslac, ulje suncokreta, vitamin E, ulje mrkve, provitamin A<\/p>\n","protected":false},"excerpt":{"rendered":"<p>EKSFOLIRA \/ OSVJE\u017dAVA \/ REGENERIRA \u0160e\u0107erni piling za \u010di\u0161\u0107enje stopala. Omek\u0161ava i odstranjuje suhu ko\u017eu, stvaraju\u0107i za\u0161titni sloj. Sastojci ovog proizvoda suzbijaju upalna stanja te u\u010dinkovito utje\u010du na stvaranje novih stanica. Piling osigurava svje\u017einu i meko\u0107u ko\u017ee, pobolj\u0161ava cirkulaciju i poja\u010dava u\u010dinak kozmeti\u010dkih proizvoda koji se nanose nakon njega. Uputa za upotrebu: Nanijeti piling na [&hellip;]<\/p>\n","protected":false},"featured_media":7319,"comment_status":"closed","ping_status":"closed","template":"","meta":[],"product_brand":[56],"product_cat":[211,127],"product_tag":[],"class_list":{"0":"post-7320","1":"product","2":"type-product","3":"status-publish","4":"has-post-thumbnail","6":"product_brand-mollon-pro","7":"product_cat-njega-i-higijena-stopala","8":"product_cat-spa-njega-stopala","10":"first","11":"instock","12":"shipping-taxable","13":"purchasable","14":"product-type-simple"},"_links":{"self":[{"href":"https:\/\/www.arty-nails.org\/web_shop\/wp-json\/wp\/v2\/product\/7320","targetHints":{"allow":["GET"]}}],"collection":[{"href":"https:\/\/www.arty-nails.org\/web_shop\/wp-json\/wp\/v2\/product"}],"about":[{"href":"https:\/\/www.arty-nails.org\/web_shop\/wp-json\/wp\/v2\/types\/product"}],"replies":[{"embeddable":true,"href":"https:\/\/www.arty-nails.org\/web_shop\/wp-json\/wp\/v2\/comments?post=7320"}],"wp:featuredmedia":[{"embeddable":true,"href":"https:\/\/www.arty-nails.org\/web_shop\/wp-json\/wp\/v2\/media\/7319"}],"wp:attachment":[{"href":"https:\/\/www.arty-nails.org\/web_shop\/wp-json\/wp\/v2\/media?parent=7320"}],"wp:term":[{"taxonomy":"product_brand","embeddable":true,"href":"https:\/\/www.arty-nails.org\/web_shop\/wp-json\/wp\/v2\/product_brand?post=7320"},{"taxonomy":"product_cat","embeddable":true,"href":"https:\/\/www.arty-nails.org\/web_shop\/wp-json\/wp\/v2\/product_cat?post=7320"},{"taxonomy":"product_tag","embeddable":true,"href":"https:\/\/www.arty-nails.org\/web_shop\/wp-json\/wp\/v2\/product_tag?post=7320"}],"curies":[{"name":"wp","href":"https:\/\/api.w.org\/{rel}","templated":true}]}}