{"id":7350,"date":"2015-07-24T15:39:05","date_gmt":"2015-07-24T13:39:05","guid":{"rendered":"https:\/\/www.arty-nails.org\/web_shop\/product\/promed-nastavak-za-prainu-190086-924\/"},"modified":"2026-02-02T10:18:41","modified_gmt":"2026-02-02T09:18:41","slug":"promed-nastavak-za-prasinu-190086-0694","status":"publish","type":"product","link":"https:\/\/www.arty-nails.org\/web_shop\/proizvod\/promed-nastavak-za-prasinu-190086-0694\/","title":{"rendered":"PROMED NASTAVAK ZA PRA\u0160INU 190086 &#8211; 0694"},"content":{"rendered":"<p>&nbsp;<\/p>\n<h2>BEST SELLER<\/h2>\n<p>Ovo je nastavak koji zasigurno imati u svojoj kolekciji.\u00a0 Skida pra\u0161inu u trenu iz najnedostupnijih dijelova nokta. Ni jedna \u010detka ne\u0107e ukloniti ostatke pra\u0161ine kao ova koja se postavlja na brusilicu.<\/p>\n","protected":false},"excerpt":{"rendered":"<p>&nbsp; BEST SELLER Ovo je nastavak koji zasigurno imati u svojoj kolekciji.\u00a0 Skida pra\u0161inu u trenu iz najnedostupnijih dijelova nokta. Ni jedna \u010detka ne\u0107e ukloniti ostatke pra\u0161ine kao ova koja se postavlja na brusilicu.<\/p>\n","protected":false},"featured_media":21129,"comment_status":"closed","ping_status":"closed","template":"","meta":[],"product_brand":[53],"product_cat":[267],"product_tag":[],"class_list":{"0":"post-7350","1":"product","2":"type-product","3":"status-publish","4":"has-post-thumbnail","6":"product_brand-promed","7":"product_cat-abrazivi-nastavci-za-poliranje-i-ciscenje","9":"first","10":"instock","11":"shipping-taxable","12":"purchasable","13":"product-type-simple"},"_links":{"self":[{"href":"https:\/\/www.arty-nails.org\/web_shop\/wp-json\/wp\/v2\/product\/7350","targetHints":{"allow":["GET"]}}],"collection":[{"href":"https:\/\/www.arty-nails.org\/web_shop\/wp-json\/wp\/v2\/product"}],"about":[{"href":"https:\/\/www.arty-nails.org\/web_shop\/wp-json\/wp\/v2\/types\/product"}],"replies":[{"embeddable":true,"href":"https:\/\/www.arty-nails.org\/web_shop\/wp-json\/wp\/v2\/comments?post=7350"}],"wp:featuredmedia":[{"embeddable":true,"href":"https:\/\/www.arty-nails.org\/web_shop\/wp-json\/wp\/v2\/media\/21129"}],"wp:attachment":[{"href":"https:\/\/www.arty-nails.org\/web_shop\/wp-json\/wp\/v2\/media?parent=7350"}],"wp:term":[{"taxonomy":"product_brand","embeddable":true,"href":"https:\/\/www.arty-nails.org\/web_shop\/wp-json\/wp\/v2\/product_brand?post=7350"},{"taxonomy":"product_cat","embeddable":true,"href":"https:\/\/www.arty-nails.org\/web_shop\/wp-json\/wp\/v2\/product_cat?post=7350"},{"taxonomy":"product_tag","embeddable":true,"href":"https:\/\/www.arty-nails.org\/web_shop\/wp-json\/wp\/v2\/product_tag?post=7350"}],"curies":[{"name":"wp","href":"https:\/\/api.w.org\/{rel}","templated":true}]}}