{"id":7679,"date":"2016-08-22T14:56:53","date_gmt":"2016-08-22T12:56:53","guid":{"rendered":"https:\/\/www.arty-nails.org\/web_shop\/product\/masana-kada-medisana-fs881-1211\/"},"modified":"2025-07-22T14:30:26","modified_gmt":"2025-07-22T12:30:26","slug":"masazna-kada-medisana-fs881","status":"publish","type":"product","link":"https:\/\/www.arty-nails.org\/web_shop\/proizvod\/masazna-kada-medisana-fs881\/","title":{"rendered":"MASA\u017dNA KADA MEDISANA FS881"},"content":{"rendered":"<p><strong>Informacije o proizvodu:<\/strong><\/p>\n<ul>\n<li><span style=\"caret-color: auto;\">Medisana 3 u 1 Opu\u0161taju\u0107a spa i vibriraju\u0107a masa\u017ena kada<\/span><\/li>\n<li>3 u 1 Funkcija: odr\u017eavanje topline vode, mjehuri\u0107i i vibracija<\/li>\n<li>Intezivna reflexologija<\/li>\n<li>Umiruju<span style=\"caret-color: auto;\">\u0107i Spa stopala<\/span><\/li>\n<li>Uklju<span style=\"caret-color: auto;\">\u010duje masa<span style=\"caret-color: auto;\">\u017ene dodatke<\/span><\/span><\/li>\n<li>Pogodna do veli\u010dine cipele broja 46<\/li>\n<li>Neklize\u0107a gumena podloga<\/li>\n<li>Masa\u017ea visoke u\u010dinkovitosti: ciljana, intenzivna masa\u017ea za opipljiv osje\u0107aj u\u017eitka<\/li>\n<\/ul>\n<p><strong>Tehni\u010dki podaci:<\/strong><\/p>\n<ul>\n<li>Dimenzije:38 \u00d7 33 \u00d7 14 cm<\/li>\n<li>Snaga: 60 Watt<\/li>\n<li>Izvor napajanja: 22-240 VAC\u00a0 \/ 50 Hz<\/li>\n<li>Te\u017eina ure\u0111aja: cca. 1,3 kg<\/li>\n<li><span style=\"caret-color: auto;\">Brzina vibriranja: 3.000 rpm<\/span><\/li>\n<li><span style=\"caret-color: auto;\">Brzina mjehuri\u0107a:\u00a0 &gt;4 L\/min<\/span><\/li>\n<\/ul>\n","protected":false},"excerpt":{"rendered":"<p>Informacije o proizvodu: Medisana 3 u 1 Opu\u0161taju\u0107a spa i vibriraju\u0107a masa\u017ena kada 3 u 1 Funkcija: odr\u017eavanje topline vode, mjehuri\u0107i i vibracija Intezivna reflexologija Umiruju\u0107i Spa stopala Uklju\u010duje masa\u017ene dodatke Pogodna do veli\u010dine cipele broja 46 Neklize\u0107a gumena podloga Masa\u017ea visoke u\u010dinkovitosti: ciljana, intenzivna masa\u017ea za opipljiv osje\u0107aj u\u017eitka Tehni\u010dki podaci: Dimenzije:38 \u00d7 33 [&hellip;]<\/p>\n","protected":false},"featured_media":42467,"comment_status":"closed","ping_status":"closed","template":"","meta":[],"product_brand":[53],"product_cat":[101,212],"product_tag":[],"class_list":{"0":"post-7679","1":"product","2":"type-product","3":"status-publish","4":"has-post-thumbnail","6":"product_brand-promed","7":"product_cat-masazne-kade","8":"product_cat-uredaji-i-oprema-za-pedikuru","10":"first","11":"instock","12":"shipping-taxable","13":"purchasable","14":"product-type-simple"},"_links":{"self":[{"href":"https:\/\/www.arty-nails.org\/web_shop\/wp-json\/wp\/v2\/product\/7679","targetHints":{"allow":["GET"]}}],"collection":[{"href":"https:\/\/www.arty-nails.org\/web_shop\/wp-json\/wp\/v2\/product"}],"about":[{"href":"https:\/\/www.arty-nails.org\/web_shop\/wp-json\/wp\/v2\/types\/product"}],"replies":[{"embeddable":true,"href":"https:\/\/www.arty-nails.org\/web_shop\/wp-json\/wp\/v2\/comments?post=7679"}],"wp:featuredmedia":[{"embeddable":true,"href":"https:\/\/www.arty-nails.org\/web_shop\/wp-json\/wp\/v2\/media\/42467"}],"wp:attachment":[{"href":"https:\/\/www.arty-nails.org\/web_shop\/wp-json\/wp\/v2\/media?parent=7679"}],"wp:term":[{"taxonomy":"product_brand","embeddable":true,"href":"https:\/\/www.arty-nails.org\/web_shop\/wp-json\/wp\/v2\/product_brand?post=7679"},{"taxonomy":"product_cat","embeddable":true,"href":"https:\/\/www.arty-nails.org\/web_shop\/wp-json\/wp\/v2\/product_cat?post=7679"},{"taxonomy":"product_tag","embeddable":true,"href":"https:\/\/www.arty-nails.org\/web_shop\/wp-json\/wp\/v2\/product_tag?post=7679"}],"curies":[{"name":"wp","href":"https:\/\/api.w.org\/{rel}","templated":true}]}}