{"id":7817,"date":"2016-11-30T17:32:38","date_gmt":"2016-11-30T16:32:38","guid":{"rendered":"https:\/\/www.arty-nails.org\/web_shop\/product\/sailor-02\/"},"modified":"2023-06-13T04:31:58","modified_gmt":"2023-06-13T02:31:58","slug":"sailor-02","status":"publish","type":"product","link":"https:\/\/www.arty-nails.org\/web_shop\/proizvod\/sailor-02\/","title":{"rendered":"SAILOR 02"},"content":{"rendered":"<ul>\n<li>\u010celi\u010dna plo\u010da od nehr\u0111aju\u0107eg \u010delika dimenzija 6.5 x 12.5cm koja ima vinil podlogu za ve\u0107u jednostavnost kori\u0161tenja.&nbsp;<\/li>\n<li>Svaka plo\u010dica dolazi u vlastitim brand za\u0161titnom navlakom.<\/li>\n<li>Dizajni su ugravirani na plo\u010di slike i prekrivena za\u0161titnim slojem koji treba biti uklonjen prije uporabe.<\/li>\n<\/ul>\n","protected":false},"excerpt":{"rendered":"<p>\u010celi\u010dna plo\u010da od nehr\u0111aju\u0107eg \u010delika dimenzija 6.5 x 12.5cm koja ima vinil podlogu za ve\u0107u jednostavnost kori\u0161tenja.&nbsp; Svaka plo\u010dica dolazi u vlastitim brand za\u0161titnom navlakom. Dizajni su ugravirani na plo\u010di slike i prekrivena za\u0161titnim slojem koji treba biti uklonjen prije uporabe.<\/p>\n","protected":false},"featured_media":7816,"comment_status":"closed","ping_status":"closed","template":"","meta":[],"product_brand":[58],"product_cat":[104],"product_tag":[],"class_list":{"0":"post-7817","1":"product","2":"type-product","3":"status-publish","4":"has-post-thumbnail","6":"product_brand-moyou","7":"product_cat-plocice-s-dizajnom-moyou","9":"first","10":"instock","11":"sale","12":"shipping-taxable","13":"purchasable","14":"product-type-simple"},"_links":{"self":[{"href":"https:\/\/www.arty-nails.org\/web_shop\/wp-json\/wp\/v2\/product\/7817","targetHints":{"allow":["GET"]}}],"collection":[{"href":"https:\/\/www.arty-nails.org\/web_shop\/wp-json\/wp\/v2\/product"}],"about":[{"href":"https:\/\/www.arty-nails.org\/web_shop\/wp-json\/wp\/v2\/types\/product"}],"replies":[{"embeddable":true,"href":"https:\/\/www.arty-nails.org\/web_shop\/wp-json\/wp\/v2\/comments?post=7817"}],"wp:featuredmedia":[{"embeddable":true,"href":"https:\/\/www.arty-nails.org\/web_shop\/wp-json\/wp\/v2\/media\/7816"}],"wp:attachment":[{"href":"https:\/\/www.arty-nails.org\/web_shop\/wp-json\/wp\/v2\/media?parent=7817"}],"wp:term":[{"taxonomy":"product_brand","embeddable":true,"href":"https:\/\/www.arty-nails.org\/web_shop\/wp-json\/wp\/v2\/product_brand?post=7817"},{"taxonomy":"product_cat","embeddable":true,"href":"https:\/\/www.arty-nails.org\/web_shop\/wp-json\/wp\/v2\/product_cat?post=7817"},{"taxonomy":"product_tag","embeddable":true,"href":"https:\/\/www.arty-nails.org\/web_shop\/wp-json\/wp\/v2\/product_tag?post=7817"}],"curies":[{"name":"wp","href":"https:\/\/api.w.org\/{rel}","templated":true}]}}