{"id":7962,"date":"2017-03-30T16:04:54","date_gmt":"2017-03-30T14:04:54","guid":{"rendered":"https:\/\/www.arty-nails.org\/web_shop\/product\/daylight-profesionalni-podni-stalak-sivi-d53062\/"},"modified":"2026-03-16T13:45:43","modified_gmt":"2026-03-16T12:45:43","slug":"daylight-profesionalni-podni-stalak-sivi-d53062","status":"publish","type":"product","link":"https:\/\/www.arty-nails.org\/web_shop\/proizvod\/daylight-profesionalni-podni-stalak-sivi-d53062\/","title":{"rendered":"DAYLIGHT PROFESIONALNI PODNI STALAK SIVI D53062"},"content":{"rendered":"<p>Kvalitetni podni stalak od 5 krakova.<\/p>\n<p>Jedinstven i robustan dizajn pove\u0107ava&nbsp;<strong>stabilnost<\/strong>&nbsp;i podr\u017eava najte\u017ee svjetiljke i lupe. Jednostavan za sastavljanje, podna plo\u010da glatko klizi po bilo kojoj povr\u0161ini. Dostupno u bijeloj i sivoj boji.<\/p>\n<ul>\n<li>Boja proizvoda: Siva<\/li>\n<li>Dimenzije proizvoda:&nbsp;(Vx\u0160xD) 72&nbsp;x 66 x 66 cm&nbsp;<\/li>\n<li>Te\u017eina: 8,0 kg<\/li>\n<\/ul>\n<p><strong>(53062) KOMPATIBILNA SA:<\/strong><\/p>\n<p>(25100) iQ Lupa<\/p>\n","protected":false},"excerpt":{"rendered":"<p>Kvalitetni podni stalak od 5 krakova. Jedinstven i robustan dizajn pove\u0107ava&nbsp;stabilnost&nbsp;i podr\u017eava najte\u017ee svjetiljke i lupe. Jednostavan za sastavljanje, podna plo\u010da glatko klizi po bilo kojoj povr\u0161ini. Dostupno u bijeloj i sivoj boji. Boja proizvoda: Siva Dimenzije proizvoda:&nbsp;(Vx\u0160xD) 72&nbsp;x 66 x 66 cm&nbsp; Te\u017eina: 8,0 kg (53062) KOMPATIBILNA SA: (25100) iQ Lupa<\/p>\n","protected":false},"featured_media":7960,"comment_status":"closed","ping_status":"closed","template":"","meta":[],"product_brand":[59],"product_cat":[107],"product_tag":[],"class_list":{"0":"post-7962","1":"product","2":"type-product","3":"status-publish","4":"has-post-thumbnail","6":"product_brand-daylight","7":"product_cat-rasvjeta-za-salone","9":"first","10":"instock","11":"shipping-taxable","12":"purchasable","13":"product-type-simple"},"_links":{"self":[{"href":"https:\/\/www.arty-nails.org\/web_shop\/wp-json\/wp\/v2\/product\/7962","targetHints":{"allow":["GET"]}}],"collection":[{"href":"https:\/\/www.arty-nails.org\/web_shop\/wp-json\/wp\/v2\/product"}],"about":[{"href":"https:\/\/www.arty-nails.org\/web_shop\/wp-json\/wp\/v2\/types\/product"}],"replies":[{"embeddable":true,"href":"https:\/\/www.arty-nails.org\/web_shop\/wp-json\/wp\/v2\/comments?post=7962"}],"wp:featuredmedia":[{"embeddable":true,"href":"https:\/\/www.arty-nails.org\/web_shop\/wp-json\/wp\/v2\/media\/7960"}],"wp:attachment":[{"href":"https:\/\/www.arty-nails.org\/web_shop\/wp-json\/wp\/v2\/media?parent=7962"}],"wp:term":[{"taxonomy":"product_brand","embeddable":true,"href":"https:\/\/www.arty-nails.org\/web_shop\/wp-json\/wp\/v2\/product_brand?post=7962"},{"taxonomy":"product_cat","embeddable":true,"href":"https:\/\/www.arty-nails.org\/web_shop\/wp-json\/wp\/v2\/product_cat?post=7962"},{"taxonomy":"product_tag","embeddable":true,"href":"https:\/\/www.arty-nails.org\/web_shop\/wp-json\/wp\/v2\/product_tag?post=7962"}],"curies":[{"name":"wp","href":"https:\/\/api.w.org\/{rel}","templated":true}]}}