{"id":7965,"date":"2017-03-30T16:06:44","date_gmt":"2017-03-30T14:06:44","guid":{"rendered":"https:\/\/www.arty-nails.org\/web_shop\/product\/daylight-profesionalni-podni-stalak-bijeli-d53060\/"},"modified":"2026-03-16T13:45:43","modified_gmt":"2026-03-16T12:45:43","slug":"daylight-profesionalni-podni-stalak-bijeli-d53060","status":"publish","type":"product","link":"https:\/\/www.arty-nails.org\/web_shop\/proizvod\/daylight-profesionalni-podni-stalak-bijeli-d53060\/","title":{"rendered":"DAYLIGHT PROFESIONALNI PODNI STALAK BIJELI D53060"},"content":{"rendered":"<p>Kvalitetni podni stalak od 5 krakova.<\/p>\n<p>Jedinstven i robustan dizajn pove\u0107ava&nbsp;<strong>stabilnost<\/strong>&nbsp;i podr\u017eava najte\u017ee svjetiljke i lupe. Jednostavan za sastavljanje, podna plo\u010da glatko klizi po bilo kojoj povr\u0161ini. Dostupno u bijeloj i sivoj boji.<\/p>\n<ul>\n<li>Boja proizvoda: Bijela<\/li>\n<li>Dimenzije proizvoda:&nbsp;(Vx\u0160xD) 72&nbsp;x 66 x 66 cm&nbsp;<\/li>\n<li>Te\u017eina: 8.0 kg<\/li>\n<\/ul>\n<p><strong>(53060) KOMPATIBILNA SA:<\/strong><\/p>\n<p>(25110) Lupa Omega 5<\/p>\n<p>(25130)Lupa Omega 7<\/p>\n<p>(25120) Lupa Quadra<\/p>\n<p>(35500) Lumi task lampa<\/p>\n","protected":false},"excerpt":{"rendered":"<p>Kvalitetni podni stalak od 5 krakova. Jedinstven i robustan dizajn pove\u0107ava&nbsp;stabilnost&nbsp;i podr\u017eava najte\u017ee svjetiljke i lupe. Jednostavan za sastavljanje, podna plo\u010da glatko klizi po bilo kojoj povr\u0161ini. Dostupno u bijeloj i sivoj boji. Boja proizvoda: Bijela Dimenzije proizvoda:&nbsp;(Vx\u0160xD) 72&nbsp;x 66 x 66 cm&nbsp; Te\u017eina: 8.0 kg (53060) KOMPATIBILNA SA: (25110) Lupa Omega 5 (25130)Lupa Omega [&hellip;]<\/p>\n","protected":false},"featured_media":7963,"comment_status":"closed","ping_status":"closed","template":"","meta":[],"product_brand":[59],"product_cat":[107],"product_tag":[],"class_list":{"0":"post-7965","1":"product","2":"type-product","3":"status-publish","4":"has-post-thumbnail","6":"product_brand-daylight","7":"product_cat-rasvjeta-za-salone","9":"first","10":"instock","11":"shipping-taxable","12":"purchasable","13":"product-type-simple"},"_links":{"self":[{"href":"https:\/\/www.arty-nails.org\/web_shop\/wp-json\/wp\/v2\/product\/7965","targetHints":{"allow":["GET"]}}],"collection":[{"href":"https:\/\/www.arty-nails.org\/web_shop\/wp-json\/wp\/v2\/product"}],"about":[{"href":"https:\/\/www.arty-nails.org\/web_shop\/wp-json\/wp\/v2\/types\/product"}],"replies":[{"embeddable":true,"href":"https:\/\/www.arty-nails.org\/web_shop\/wp-json\/wp\/v2\/comments?post=7965"}],"wp:featuredmedia":[{"embeddable":true,"href":"https:\/\/www.arty-nails.org\/web_shop\/wp-json\/wp\/v2\/media\/7963"}],"wp:attachment":[{"href":"https:\/\/www.arty-nails.org\/web_shop\/wp-json\/wp\/v2\/media?parent=7965"}],"wp:term":[{"taxonomy":"product_brand","embeddable":true,"href":"https:\/\/www.arty-nails.org\/web_shop\/wp-json\/wp\/v2\/product_brand?post=7965"},{"taxonomy":"product_cat","embeddable":true,"href":"https:\/\/www.arty-nails.org\/web_shop\/wp-json\/wp\/v2\/product_cat?post=7965"},{"taxonomy":"product_tag","embeddable":true,"href":"https:\/\/www.arty-nails.org\/web_shop\/wp-json\/wp\/v2\/product_tag?post=7965"}],"curies":[{"name":"wp","href":"https:\/\/api.w.org\/{rel}","templated":true}]}}