{"id":7991,"date":"2017-03-30T17:47:36","date_gmt":"2017-03-30T15:47:36","guid":{"rendered":"https:\/\/www.arty-nails.org\/web_shop\/product\/daylight-lupa-quadra-d25120\/"},"modified":"2026-03-16T13:45:42","modified_gmt":"2026-03-16T12:45:42","slug":"daylight-lupa-quadra-d25120","status":"publish","type":"product","link":"https:\/\/www.arty-nails.org\/web_shop\/proizvod\/daylight-lupa-quadra-d25120\/","title":{"rendered":"DAYLIGHT LUPA QUADRA D25120"},"content":{"rendered":"<p><strong>Informacije o proizvodu:<\/strong><\/p>\n<p>U\u017eivajte u dodatno \u0161irokoj pravokutnoj staklenoj le\u0107i za fokusiran i panoramski pogled.&nbsp;<\/p>\n<p><strong>Led velike snage<\/strong>&nbsp;i 3 obostrane dioptrijske (1,75X) omogu\u0107uju uve\u0107avanje bez sjene, a svaku stranu svjetla mo\u017eete zasebno uklju\u010diti i isklju\u010diti za&nbsp;<strong>trodimenzionalni<\/strong>&nbsp;<strong>pogled<\/strong>&nbsp;na Va\u0161u kreaciju. Postavite pove\u0107alo to\u010dno i u skladu s Quadrinom izdr\u017eljivom rukom i unutra\u0161njim oprugama. Opcije 12 dioptrijska (4.0X) le\u0107a zazakretnu ruku ili usisna le\u0107a dostupne su zasebno.&nbsp;<\/p>\n<p><strong>Zna\u010dajke:<\/strong><\/p>\n<ul>\n<li>Pravokutna staklena le\u0107a: 20,3 X 12,7 cm (8 \u2033 X 5 \u2033)<\/li>\n<li>Neovisni prekida\u010di desno i lijevo<\/li>\n<li>Podesivi zglob glave s krilnom maticom<\/li>\n<li>Automatsko isklju\u010divanje nakon 9 sati<\/li>\n<li>4 razine regulacije svjetlosti: 5,000 \u2013 3,500 \u2013 2,600 \u2013 1,600<\/li>\n<li>Dug doseg 118 cm<\/li>\n<li>Vijek trajanja LED-a (sati) 50 000<\/li>\n<li>Potro\u0161nja energije 10 W<\/li>\n<li>Lumena 615 lm Lux na 15 cm: 5,000<\/li>\n<li>Temperatura u boji: 6000 K<\/li>\n<li>Dimenzije proizvoda:&nbsp;(Vx\u0160xD) 62&nbsp;x 25,5 x 78 cm&nbsp;<\/li>\n<li>Kompatibilno sa profesionalnim podnim postoljem &#8211; bijelo (53060)<\/li>\n<li>Kompatibilno s Xtra le\u0107om 12D montiranom na zakretnoj ruci (62002)<\/li>\n<\/ul>\n","protected":false},"excerpt":{"rendered":"<p>Informacije o proizvodu: U\u017eivajte u dodatno \u0161irokoj pravokutnoj staklenoj le\u0107i za fokusiran i panoramski pogled.&nbsp; Led velike snage&nbsp;i 3 obostrane dioptrijske (1,75X) omogu\u0107uju uve\u0107avanje bez sjene, a svaku stranu svjetla mo\u017eete zasebno uklju\u010diti i isklju\u010diti za&nbsp;trodimenzionalni&nbsp;pogled&nbsp;na Va\u0161u kreaciju. Postavite pove\u0107alo to\u010dno i u skladu s Quadrinom izdr\u017eljivom rukom i unutra\u0161njim oprugama. Opcije 12 dioptrijska (4.0X) [&hellip;]<\/p>\n","protected":false},"featured_media":7988,"comment_status":"closed","ping_status":"closed","template":"","meta":[],"product_brand":[59],"product_cat":[107],"product_tag":[],"class_list":{"0":"post-7991","1":"product","2":"type-product","3":"status-publish","4":"has-post-thumbnail","6":"product_brand-daylight","7":"product_cat-rasvjeta-za-salone","9":"first","10":"instock","11":"shipping-taxable","12":"purchasable","13":"product-type-simple"},"_links":{"self":[{"href":"https:\/\/www.arty-nails.org\/web_shop\/wp-json\/wp\/v2\/product\/7991","targetHints":{"allow":["GET"]}}],"collection":[{"href":"https:\/\/www.arty-nails.org\/web_shop\/wp-json\/wp\/v2\/product"}],"about":[{"href":"https:\/\/www.arty-nails.org\/web_shop\/wp-json\/wp\/v2\/types\/product"}],"replies":[{"embeddable":true,"href":"https:\/\/www.arty-nails.org\/web_shop\/wp-json\/wp\/v2\/comments?post=7991"}],"wp:featuredmedia":[{"embeddable":true,"href":"https:\/\/www.arty-nails.org\/web_shop\/wp-json\/wp\/v2\/media\/7988"}],"wp:attachment":[{"href":"https:\/\/www.arty-nails.org\/web_shop\/wp-json\/wp\/v2\/media?parent=7991"}],"wp:term":[{"taxonomy":"product_brand","embeddable":true,"href":"https:\/\/www.arty-nails.org\/web_shop\/wp-json\/wp\/v2\/product_brand?post=7991"},{"taxonomy":"product_cat","embeddable":true,"href":"https:\/\/www.arty-nails.org\/web_shop\/wp-json\/wp\/v2\/product_cat?post=7991"},{"taxonomy":"product_tag","embeddable":true,"href":"https:\/\/www.arty-nails.org\/web_shop\/wp-json\/wp\/v2\/product_tag?post=7991"}],"curies":[{"name":"wp","href":"https:\/\/api.w.org\/{rel}","templated":true}]}}