{"id":8465,"date":"2018-04-09T22:00:13","date_gmt":"2018-04-09T20:00:13","guid":{"rendered":"https:\/\/www.arty-nails.org\/web_shop\/product\/nastavak-diamond-001524033n-0955-1820\/"},"modified":"2026-02-02T10:18:40","modified_gmt":"2026-02-02T09:18:40","slug":"nastavak-diamond-806-104-001-524-033n-0955","status":"publish","type":"product","link":"https:\/\/www.arty-nails.org\/web_shop\/proizvod\/nastavak-diamond-806-104-001-524-033n-0955\/","title":{"rendered":"NASTAVAK DIAMOND 806 104 001 524 033N &#8211; 0955"},"content":{"rendered":"<p><strong>Dijamantni nastavak \u00d8 3.3 mm srednje zrno &#8211; Najprodavaniji nastavak<\/strong><\/p>\n<p>Ruska manikura &#8211; obrada ko\u017ee Podru\u010dje primjene umjetni nokti (studio za nokte):<br \/>\n\u2022 Obrada umjetnih noktiju<br \/>\n\u2022 Obrada kutikula i nabora na noktima<br \/>\n\u2022 Dug radni vijek<br \/>\n\u2022\u00a0Lagan\u00a0rad<\/p>\n<p>Dijamantna kugla apsolutni je &#8220;must have&#8221; za rusku manikuru.<br \/>\nDijamantna brusilica sferi\u010dnog oblika ima srednje dijamantno zrno.\u00a0Brusilica je idealna za obradu kutikula i nabora\u00a0nokta.<\/p>\n<p>Dijamantni nastavak za prirodne nokte i ro\u017enicu (njega stopala i podijatrija):<br \/>\n\u2022Uklanjanje\u00a0kutikula i nabora na noktima<br \/>\n\u2022 Zagla\u0111ivanje ko\u017ee i noktiju<br \/>\n\u2022 Dug vijek trajanja<\/p>\n<p>PU: 2<br \/>\nbrzina: max.\u00a040.000 okr \/ min<br \/>\n(\u00a0preporu\u010dena\u00a0brzina 40\u201350% maksimalne brzine)<\/p>\n","protected":false},"excerpt":{"rendered":"<p>Dijamantni nastavak \u00d8 3.3 mm srednje zrno &#8211; Najprodavaniji nastavak Ruska manikura &#8211; obrada ko\u017ee Podru\u010dje primjene umjetni nokti (studio za nokte): \u2022 Obrada umjetnih noktiju \u2022 Obrada kutikula i nabora na noktima \u2022 Dug radni vijek \u2022\u00a0Lagan\u00a0rad Dijamantna kugla apsolutni je &#8220;must have&#8221; za rusku manikuru. Dijamantna brusilica sferi\u010dnog oblika ima srednje dijamantno zrno.\u00a0Brusilica [&hellip;]<\/p>\n","protected":false},"featured_media":20876,"comment_status":"closed","ping_status":"closed","template":"","meta":[],"product_brand":[],"product_cat":[263],"product_tag":[],"class_list":{"0":"post-8465","1":"product","2":"type-product","3":"status-publish","4":"has-post-thumbnail","6":"product_cat-dijamantni-nastavci","8":"first","9":"instock","10":"shipping-taxable","11":"purchasable","12":"product-type-simple"},"_links":{"self":[{"href":"https:\/\/www.arty-nails.org\/web_shop\/wp-json\/wp\/v2\/product\/8465","targetHints":{"allow":["GET"]}}],"collection":[{"href":"https:\/\/www.arty-nails.org\/web_shop\/wp-json\/wp\/v2\/product"}],"about":[{"href":"https:\/\/www.arty-nails.org\/web_shop\/wp-json\/wp\/v2\/types\/product"}],"replies":[{"embeddable":true,"href":"https:\/\/www.arty-nails.org\/web_shop\/wp-json\/wp\/v2\/comments?post=8465"}],"wp:featuredmedia":[{"embeddable":true,"href":"https:\/\/www.arty-nails.org\/web_shop\/wp-json\/wp\/v2\/media\/20876"}],"wp:attachment":[{"href":"https:\/\/www.arty-nails.org\/web_shop\/wp-json\/wp\/v2\/media?parent=8465"}],"wp:term":[{"taxonomy":"product_brand","embeddable":true,"href":"https:\/\/www.arty-nails.org\/web_shop\/wp-json\/wp\/v2\/product_brand?post=8465"},{"taxonomy":"product_cat","embeddable":true,"href":"https:\/\/www.arty-nails.org\/web_shop\/wp-json\/wp\/v2\/product_cat?post=8465"},{"taxonomy":"product_tag","embeddable":true,"href":"https:\/\/www.arty-nails.org\/web_shop\/wp-json\/wp\/v2\/product_tag?post=8465"}],"curies":[{"name":"wp","href":"https:\/\/api.w.org\/{rel}","templated":true}]}}