{"id":8668,"date":"2017-07-29T23:22:26","date_gmt":"2017-07-29T21:22:26","guid":{"rendered":"https:\/\/www.arty-nails.org\/web_shop\/product\/arty-nails-odstranjivac-trajnog-laka-1000-ml\/"},"modified":"2026-02-02T09:57:52","modified_gmt":"2026-02-02T08:57:52","slug":"arty-nails-odstranjivac-trajnog-laka-1000-ml","status":"publish","type":"product","link":"https:\/\/www.arty-nails.org\/web_shop\/proizvod\/arty-nails-odstranjivac-trajnog-laka-1000-ml\/","title":{"rendered":"ARTY NAILS ODSTRANJIVA\u010c TRAJNOG LAKA &#8211; LAKA &#8211; ACETON 1000 ml"},"content":{"rendered":"<p>Teku\u0107ina za uklanjanje trajnog laka. Tako\u0111er je mogu\u0107e otopiti slabo zalijepljene tipse ili ukloniti ukrase iz plo\u010de nokta. Izuzetno u\u010dinkovit u svom djelovanju. Brzo otapa akrilne nokte i omogu\u0107ava glatko uklanjanje umjetnih noktiju. \u00a0U\u010dinkovito i pouzdano.<\/p>\n","protected":false},"excerpt":{"rendered":"<p>Teku\u0107ina za uklanjanje trajnog laka. Tako\u0111er je mogu\u0107e otopiti slabo zalijepljene tipse ili ukloniti ukrase iz plo\u010de nokta. Izuzetno u\u010dinkovit u svom djelovanju. Brzo otapa akrilne nokte i omogu\u0107ava glatko uklanjanje umjetnih noktiju. \u00a0U\u010dinkovito i pouzdano.<\/p>\n","protected":false},"featured_media":8189,"comment_status":"closed","ping_status":"closed","template":"","meta":[],"product_brand":[55],"product_cat":[143,175],"product_tag":[],"class_list":{"0":"post-8668","1":"product","2":"type-product","3":"status-publish","4":"has-post-thumbnail","6":"product_brand-arty-nails","7":"product_cat-arty-nails-tekucine","8":"product_cat-cleaneri-i-odstranjivaci","10":"first","11":"instock","12":"shipping-taxable","13":"purchasable","14":"product-type-simple"},"_links":{"self":[{"href":"https:\/\/www.arty-nails.org\/web_shop\/wp-json\/wp\/v2\/product\/8668","targetHints":{"allow":["GET"]}}],"collection":[{"href":"https:\/\/www.arty-nails.org\/web_shop\/wp-json\/wp\/v2\/product"}],"about":[{"href":"https:\/\/www.arty-nails.org\/web_shop\/wp-json\/wp\/v2\/types\/product"}],"replies":[{"embeddable":true,"href":"https:\/\/www.arty-nails.org\/web_shop\/wp-json\/wp\/v2\/comments?post=8668"}],"wp:featuredmedia":[{"embeddable":true,"href":"https:\/\/www.arty-nails.org\/web_shop\/wp-json\/wp\/v2\/media\/8189"}],"wp:attachment":[{"href":"https:\/\/www.arty-nails.org\/web_shop\/wp-json\/wp\/v2\/media?parent=8668"}],"wp:term":[{"taxonomy":"product_brand","embeddable":true,"href":"https:\/\/www.arty-nails.org\/web_shop\/wp-json\/wp\/v2\/product_brand?post=8668"},{"taxonomy":"product_cat","embeddable":true,"href":"https:\/\/www.arty-nails.org\/web_shop\/wp-json\/wp\/v2\/product_cat?post=8668"},{"taxonomy":"product_tag","embeddable":true,"href":"https:\/\/www.arty-nails.org\/web_shop\/wp-json\/wp\/v2\/product_tag?post=8668"}],"curies":[{"name":"wp","href":"https:\/\/api.w.org\/{rel}","templated":true}]}}