{"id":8967,"date":"2019-04-12T09:20:39","date_gmt":"2019-04-12T07:20:39","guid":{"rendered":"https:\/\/www.arty-nails.org\/web_shop\/product\/karbidni-nastavak-rainbow-midium-60-2226\/"},"modified":"2026-02-02T10:18:39","modified_gmt":"2026-02-02T09:18:39","slug":"nastavak-tc-cutter-za-trajni-lak-i-gel-dugotrajni-500-104-195-190-060n-0302","status":"publish","type":"product","link":"https:\/\/www.arty-nails.org\/web_shop\/proizvod\/nastavak-tc-cutter-za-trajni-lak-i-gel-dugotrajni-500-104-195-190-060n-0302\/","title":{"rendered":"NASTAVAK TC CUTTER ZA TRAJNI LAK I GEL DUGOTRAJNI  500 104 195 190 060N &#8211; 0302"},"content":{"rendered":"<p>Ovaj nastavak idealan je za skidanje gela, trajnog laka i kod refila za finiju obradu umjetnog materijala. Plava serija &#8211; visoka dugotrajnost, lagan za \u010di\u0161\u0107enje, ne stvara toplinu niti osje\u0107aj trenja.<\/p>\n<h4 id=\"productTitle\"><strong>Podru\u010dje primjene prirodnih noktiju i ro\u017enice (njega stopala i podijatrija):<\/strong><br \/>\n<strong>\u2022 Obrada \/ oblikovanje mikoti\u010dnih noktiju<\/strong><br \/>\n<strong>\u2022 Ciljano konturiranje<\/strong><br \/>\n<strong>\u2022 Uklanjanje ro\u017enice<\/strong><br \/>\n<strong>\u2022 Glatke povr\u0161ine<\/strong><br \/>\n<strong>\u2022 Dug radni vijek<\/strong><br \/>\n<strong>\u2022 Bez stvaranja topline<\/strong><br \/>\n<strong>\u2022 Vrlo glatki rad\u00a0HM bit je\u00a0apsolutni \u201cmust\u201d u<\/strong><br \/>\n<strong>podijatriji i pedikuri\u00a0imaju &#8220;za ravnu obradu plo\u010de nokta, posebno kod mikoti\u010dnih noktiju.\u00a0Volfram karbidna povr\u0161ina\u00a0<\/strong><\/h4>\n<h4 id=\"productTitle\"><strong>Podru\u010dje umjetnog nokta (salon za nokte):<\/strong><\/h4>\n<h4 id=\"productTitle\"><strong>\u00a0\u2022 Obrada umjetnih noktiju\u00a0<\/strong><\/h4>\n<h4 id=\"productTitle\"><strong>\u2022 Brzo uklanjanje gela\u00a0<\/strong><\/h4>\n<h4 id=\"productTitle\"><strong>\u2022 Glatke povr\u0161ine\u00a0<\/strong><\/h4>\n<h4 id=\"productTitle\"><strong>\u2022 Dug radni vijek\u00a0<\/strong><\/h4>\n<h4 id=\"productTitle\"><strong>\u2022 Nema razvoja topline\u00a0<\/strong><\/h4>\n","protected":false},"excerpt":{"rendered":"<p>Ovaj nastavak idealan je za skidanje gela, trajnog laka i kod refila za finiju obradu umjetnog materijala. Plava serija &#8211; visoka dugotrajnost, lagan za \u010di\u0161\u0107enje, ne stvara toplinu niti osje\u0107aj trenja. Podru\u010dje primjene prirodnih noktiju i ro\u017enice (njega stopala i podijatrija): \u2022 Obrada \/ oblikovanje mikoti\u010dnih noktiju \u2022 Ciljano konturiranje \u2022 Uklanjanje ro\u017enice \u2022 Glatke [&hellip;]<\/p>\n","protected":false},"featured_media":21130,"comment_status":"closed","ping_status":"closed","template":"","meta":[],"product_brand":[],"product_cat":[264],"product_tag":[],"class_list":{"0":"post-8967","1":"product","2":"type-product","3":"status-publish","4":"has-post-thumbnail","6":"product_cat-karbidni-nastavci","8":"first","9":"instock","10":"shipping-taxable","11":"purchasable","12":"product-type-simple"},"_links":{"self":[{"href":"https:\/\/www.arty-nails.org\/web_shop\/wp-json\/wp\/v2\/product\/8967","targetHints":{"allow":["GET"]}}],"collection":[{"href":"https:\/\/www.arty-nails.org\/web_shop\/wp-json\/wp\/v2\/product"}],"about":[{"href":"https:\/\/www.arty-nails.org\/web_shop\/wp-json\/wp\/v2\/types\/product"}],"replies":[{"embeddable":true,"href":"https:\/\/www.arty-nails.org\/web_shop\/wp-json\/wp\/v2\/comments?post=8967"}],"wp:featuredmedia":[{"embeddable":true,"href":"https:\/\/www.arty-nails.org\/web_shop\/wp-json\/wp\/v2\/media\/21130"}],"wp:attachment":[{"href":"https:\/\/www.arty-nails.org\/web_shop\/wp-json\/wp\/v2\/media?parent=8967"}],"wp:term":[{"taxonomy":"product_brand","embeddable":true,"href":"https:\/\/www.arty-nails.org\/web_shop\/wp-json\/wp\/v2\/product_brand?post=8967"},{"taxonomy":"product_cat","embeddable":true,"href":"https:\/\/www.arty-nails.org\/web_shop\/wp-json\/wp\/v2\/product_cat?post=8967"},{"taxonomy":"product_tag","embeddable":true,"href":"https:\/\/www.arty-nails.org\/web_shop\/wp-json\/wp\/v2\/product_tag?post=8967"}],"curies":[{"name":"wp","href":"https:\/\/api.w.org\/{rel}","templated":true}]}}