{"id":9544,"date":"2020-03-06T16:20:57","date_gmt":"2020-03-06T15:20:57","guid":{"rendered":"https:\/\/www.arty-nails.org\/web_shop\/product\/femininity-2-cijela-kolekcija\/"},"modified":"2024-11-01T02:34:06","modified_gmt":"2024-11-01T01:34:06","slug":"femininity-2-cijela-kolekcija","status":"publish","type":"product","link":"https:\/\/www.arty-nails.org\/web_shop\/proizvod\/femininity-2-cijela-kolekcija\/","title":{"rendered":"REFORMA FEMININITY 2 KOLEKCIJA TRAJNIH LAKOVA"},"content":{"rendered":"<p>Femininity 2 je nova senzualna kolekcija ReformaA trajnih lakova. \u0160to vas \u010dini da se osje\u0107ate \u017eenstveno? Visoke pete, parfemi, kosa?\u00a0Ili zavodljiva manikura s ReformA trajnim lakovima i novom kolekcijom Femininity 2?<\/p>\n<p>Ovo je drugi dio na\u0161e jako uspje\u0161ne kolekcije The Devil Wears ReformA.<\/p>\n<p>U\u017eivajte u 7 prekrasnih \u017eenstvenih nijansi:<\/p>\n<ul>\n<li>Exotic Dance \u2013 neon coral pink<\/li>\n<li>x.o.x.o. \u2013 neon pink<\/li>\n<li>Aphrodisiac \u2013 neon red<\/li>\n<li>Hot Chili \u2013 red with particles<\/li>\n<li>Red Lipstick \u2013 lively red<\/li>\n<li>Amour \u2013 intense red<\/li>\n<li>Lover \u2013 dark wine<\/li>\n<\/ul>\n","protected":false},"excerpt":{"rendered":"<p>Femininity 2 je nova senzualna kolekcija ReformaA trajnih lakova. \u0160to vas \u010dini da se osje\u0107ate \u017eenstveno? Visoke pete, parfemi, kosa?\u00a0Ili zavodljiva manikura s ReformA trajnim lakovima i novom kolekcijom Femininity 2? Ovo je drugi dio na\u0161e jako uspje\u0161ne kolekcije The Devil Wears ReformA. U\u017eivajte u 7 prekrasnih \u017eenstvenih nijansi: Exotic Dance \u2013 neon coral pink [&hellip;]<\/p>\n","protected":false},"featured_media":9543,"comment_status":"closed","ping_status":"closed","template":"","meta":[],"product_brand":[50],"product_cat":[172,187,171],"product_tag":[],"class_list":{"0":"post-9544","1":"product","2":"type-product","3":"status-publish","4":"has-post-thumbnail","6":"product_brand-reforma","7":"product_cat-posebne-ponude-reforma","8":"product_cat-reforma-setovi-i-kolekcije-trajnih-lakova","9":"product_cat-setovi-i-kolekcije-trajnih-lakova-reforma","11":"first","12":"instock","13":"sale","14":"shipping-taxable","15":"purchasable","16":"product-type-simple"},"_links":{"self":[{"href":"https:\/\/www.arty-nails.org\/web_shop\/wp-json\/wp\/v2\/product\/9544","targetHints":{"allow":["GET"]}}],"collection":[{"href":"https:\/\/www.arty-nails.org\/web_shop\/wp-json\/wp\/v2\/product"}],"about":[{"href":"https:\/\/www.arty-nails.org\/web_shop\/wp-json\/wp\/v2\/types\/product"}],"replies":[{"embeddable":true,"href":"https:\/\/www.arty-nails.org\/web_shop\/wp-json\/wp\/v2\/comments?post=9544"}],"wp:featuredmedia":[{"embeddable":true,"href":"https:\/\/www.arty-nails.org\/web_shop\/wp-json\/wp\/v2\/media\/9543"}],"wp:attachment":[{"href":"https:\/\/www.arty-nails.org\/web_shop\/wp-json\/wp\/v2\/media?parent=9544"}],"wp:term":[{"taxonomy":"product_brand","embeddable":true,"href":"https:\/\/www.arty-nails.org\/web_shop\/wp-json\/wp\/v2\/product_brand?post=9544"},{"taxonomy":"product_cat","embeddable":true,"href":"https:\/\/www.arty-nails.org\/web_shop\/wp-json\/wp\/v2\/product_cat?post=9544"},{"taxonomy":"product_tag","embeddable":true,"href":"https:\/\/www.arty-nails.org\/web_shop\/wp-json\/wp\/v2\/product_tag?post=9544"}],"curies":[{"name":"wp","href":"https:\/\/api.w.org\/{rel}","templated":true}]}}