{"id":9558,"date":"2020-03-10T12:44:17","date_gmt":"2020-03-10T11:44:17","guid":{"rendered":"https:\/\/www.arty-nails.org\/web_shop\/product\/lecente-amethyst-lilac-nail-shadow\/"},"modified":"2026-01-28T20:08:32","modified_gmt":"2026-01-28T19:08:32","slug":"lecente-amethyst-lilac-nail-shadow","status":"publish","type":"product","link":"https:\/\/www.arty-nails.org\/web_shop\/proizvod\/lecente-amethyst-lilac-nail-shadow\/","title":{"rendered":"LECENT\u00c9 AMETHYST LILAC NAIL SHADOW"},"content":{"rendered":"<p>\u010cisti pigmentirani mica prahovi koji se mogu mije\u0161ati s akrilom, gelom i trajnim lakom ili nanositi izravno preko ljepljivog sloja osu\u0161enog gela. Ovo su kozmeti\u010dki potpuno sigurni proizvodi za primjenu na ko\u017ei.<\/p>\n<p><strong>UPUTE ZA PRIMJENU<\/strong><\/p>\n<ul>\n<li>Izvr\u0161ite manikuru i pripremite prirodni nokat za nano\u0161enje gela\/trajnog laka, slijede\u0107i preporuke proizvo\u0111a\u010da.<\/li>\n<li>Nanesite bazu. Osu\u0161ite u UV\/LED lampi.<\/li>\n<li>Nanesite 2 sloja trajnog laka u boji i osu\u0161ite svaki sloj.<\/li>\n<li>Pomo\u0107u Lecente P1 ili G1 kista nanesite i pritisnite neon shadows na sloj u boji.<\/li>\n<li>Kada postignete \u017eeljenu pokrivenost, lagano utisnite i maknite vi\u0161ak.<\/li>\n<li>Zatvorite prozirnom nijansom trajnog laka i osu\u0161ite.<\/li>\n<li>Stavite Top coat i osu\u0161ite.<\/li>\n<li>Obri\u0161ite ljepljivi sloj blazinicom s cleanerom.<\/li>\n<\/ul>\n<p>Pakiranje je dovoljno za 200 primjena.<\/p>\n","protected":false},"excerpt":{"rendered":"<p>\u010cisti pigmentirani mica prahovi koji se mogu mije\u0161ati s akrilom, gelom i trajnim lakom ili nanositi izravno preko ljepljivog sloja osu\u0161enog gela. Ovo su kozmeti\u010dki potpuno sigurni proizvodi za primjenu na ko\u017ei. UPUTE ZA PRIMJENU Izvr\u0161ite manikuru i pripremite prirodni nokat za nano\u0161enje gela\/trajnog laka, slijede\u0107i preporuke proizvo\u0111a\u010da. Nanesite bazu. Osu\u0161ite u UV\/LED lampi. Nanesite [&hellip;]<\/p>\n","protected":false},"featured_media":9556,"comment_status":"closed","ping_status":"closed","template":"","meta":[],"product_brand":[57],"product_cat":[129],"product_tag":[],"class_list":{"0":"post-9558","1":"product","2":"type-product","3":"status-publish","4":"has-post-thumbnail","6":"product_brand-lecente","7":"product_cat-pigmenti-lecente","9":"first","10":"instock","11":"shipping-taxable","12":"purchasable","13":"product-type-simple"},"_links":{"self":[{"href":"https:\/\/www.arty-nails.org\/web_shop\/wp-json\/wp\/v2\/product\/9558","targetHints":{"allow":["GET"]}}],"collection":[{"href":"https:\/\/www.arty-nails.org\/web_shop\/wp-json\/wp\/v2\/product"}],"about":[{"href":"https:\/\/www.arty-nails.org\/web_shop\/wp-json\/wp\/v2\/types\/product"}],"replies":[{"embeddable":true,"href":"https:\/\/www.arty-nails.org\/web_shop\/wp-json\/wp\/v2\/comments?post=9558"}],"wp:featuredmedia":[{"embeddable":true,"href":"https:\/\/www.arty-nails.org\/web_shop\/wp-json\/wp\/v2\/media\/9556"}],"wp:attachment":[{"href":"https:\/\/www.arty-nails.org\/web_shop\/wp-json\/wp\/v2\/media?parent=9558"}],"wp:term":[{"taxonomy":"product_brand","embeddable":true,"href":"https:\/\/www.arty-nails.org\/web_shop\/wp-json\/wp\/v2\/product_brand?post=9558"},{"taxonomy":"product_cat","embeddable":true,"href":"https:\/\/www.arty-nails.org\/web_shop\/wp-json\/wp\/v2\/product_cat?post=9558"},{"taxonomy":"product_tag","embeddable":true,"href":"https:\/\/www.arty-nails.org\/web_shop\/wp-json\/wp\/v2\/product_tag?post=9558"}],"curies":[{"name":"wp","href":"https:\/\/api.w.org\/{rel}","templated":true}]}}