{"id":9657,"date":"2020-05-02T22:16:08","date_gmt":"2020-05-02T20:16:08","guid":{"rendered":"https:\/\/www.arty-nails.org\/web_shop\/product\/reforma-base-coat-3-ml\/"},"modified":"2025-08-09T22:01:29","modified_gmt":"2025-08-09T20:01:29","slug":"reforma-base-coat-3-ml","status":"publish","type":"product","link":"https:\/\/www.arty-nails.org\/web_shop\/proizvod\/reforma-base-coat-3-ml\/","title":{"rendered":"REFORMA BASE COAT 3 ml"},"content":{"rendered":"<p><strong>Base Coat Reforma \u2013 Savr\u0161en temelj za besprijekornu trajnu manikuru!<\/strong><\/p>\n<p>Base Coat Reforma je idealna podloga za sve ljubitelje klasi\u010dne manikure trajnim lakom. Zahvaljuju\u0107i svojoj inovativnoj formuli, ovaj bazni sloj:<\/p>\n<p><strong>\u0160titi prirodni nokat<\/strong>\u00a0\u2013 spre\u010dava o\u0161te\u0107enja i omogu\u0107ava da nokat ostane zdrav i \u010dvrst.<br \/>\n<strong>Pru\u017ea savr\u0161enu adheziju<\/strong>\u00a0\u2013 omogu\u0107ava da se trajni lak ravnomjerno nanese i ostane postojan tjednima bez podizanja i listanja.<br \/>\n<strong>Izjedna\u010dava povr\u0161inu nokta<\/strong>\u00a0\u2013 popunjava nepravilnosti i stvara savr\u0161eno glatku podlogu za nano\u0161enje boje.<br \/>\n<strong>Produ\u017eava trajnost boje<\/strong>\u00a0\u2013 osigurava dugotrajan sjaj i besprijekornu manikuru koja traje i do 3-4 tjedna.<\/p>\n<p>Base Coat Reforma je jednostavan za nano\u0161enje i lako se uklanja, \u010duvaju\u0107i strukturu prirodnog nokta. Bilo da ste profesionalac ili radite manikuru kod ku\u0107e, ovaj base coat je must-have za savr\u0161en i dugotrajan rezultat!<\/p>\n<p>Prozirna jaka baza za trajne lakove. \u0160titi nokte i sprje\u010dava odizanje ostalih proizvoda. Savr\u0161eno prianja \u010dak i na problemati\u010dnu plo\u010du nokta. Izvrsna je za nokte na rukama kao i na nogama. Potrebno ju je nanijeti na prethodno pripremljene nokte. Proizvod koji tako dobro dr\u017ei na sve sisteme<\/p>\n<p>Su\u0161enje: u UV lampi 2 min, u LED lampi 1 min.<\/p>\n","protected":false},"excerpt":{"rendered":"<p>Base Coat Reforma \u2013 Savr\u0161en temelj za besprijekornu trajnu manikuru! Base Coat Reforma je idealna podloga za sve ljubitelje klasi\u010dne manikure trajnim lakom. Zahvaljuju\u0107i svojoj inovativnoj formuli, ovaj bazni sloj: \u0160titi prirodni nokat\u00a0\u2013 spre\u010dava o\u0161te\u0107enja i omogu\u0107ava da nokat ostane zdrav i \u010dvrst. Pru\u017ea savr\u0161enu adheziju\u00a0\u2013 omogu\u0107ava da se trajni lak ravnomjerno nanese i ostane [&hellip;]<\/p>\n","protected":false},"featured_media":9656,"comment_status":"closed","ping_status":"closed","template":"","meta":[],"product_brand":[50],"product_cat":[174,186],"product_tag":[],"class_list":{"0":"post-9657","1":"product","2":"type-product","3":"status-publish","4":"has-post-thumbnail","6":"product_brand-reforma","7":"product_cat-mini-trajni-lakovi-reforma","8":"product_cat-reforma-mini-trajni-lakovi","10":"first","11":"instock","12":"shipping-taxable","13":"purchasable","14":"product-type-simple"},"_links":{"self":[{"href":"https:\/\/www.arty-nails.org\/web_shop\/wp-json\/wp\/v2\/product\/9657","targetHints":{"allow":["GET"]}}],"collection":[{"href":"https:\/\/www.arty-nails.org\/web_shop\/wp-json\/wp\/v2\/product"}],"about":[{"href":"https:\/\/www.arty-nails.org\/web_shop\/wp-json\/wp\/v2\/types\/product"}],"replies":[{"embeddable":true,"href":"https:\/\/www.arty-nails.org\/web_shop\/wp-json\/wp\/v2\/comments?post=9657"}],"wp:featuredmedia":[{"embeddable":true,"href":"https:\/\/www.arty-nails.org\/web_shop\/wp-json\/wp\/v2\/media\/9656"}],"wp:attachment":[{"href":"https:\/\/www.arty-nails.org\/web_shop\/wp-json\/wp\/v2\/media?parent=9657"}],"wp:term":[{"taxonomy":"product_brand","embeddable":true,"href":"https:\/\/www.arty-nails.org\/web_shop\/wp-json\/wp\/v2\/product_brand?post=9657"},{"taxonomy":"product_cat","embeddable":true,"href":"https:\/\/www.arty-nails.org\/web_shop\/wp-json\/wp\/v2\/product_cat?post=9657"},{"taxonomy":"product_tag","embeddable":true,"href":"https:\/\/www.arty-nails.org\/web_shop\/wp-json\/wp\/v2\/product_tag?post=9657"}],"curies":[{"name":"wp","href":"https:\/\/api.w.org\/{rel}","templated":true}]}}