{"id":9699,"date":"2020-05-11T21:14:54","date_gmt":"2020-05-11T19:14:54","guid":{"rendered":"https:\/\/www.arty-nails.org\/web_shop\/product\/reforma-opal-top\/"},"modified":"2026-03-10T14:01:04","modified_gmt":"2026-03-10T13:01:04","slug":"reforma-opal-top-10-ml","status":"publish","type":"product","link":"https:\/\/www.arty-nails.org\/web_shop\/proizvod\/reforma-opal-top-10-ml\/","title":{"rendered":"REFORMA OPAL TOP 10 ml (Hema, TPO free)"},"content":{"rendered":"<p>Predivan svjetlucavi Opal top (zavr\u0161ni sjaj) za trajne lakove. Mini \u010destice daju mega efekt! Ovo je jo\u0161 jedna ReformA inovacija za va\u0161e nokte nakon sjajnih Sparkle topova.<\/p>\n<p>Isprobajte obje fantasti\u010dne nijanse:<\/p>\n<ul>\n<li>Opal top &#8211; sjajne srebrne opalescent \u010destice<\/li>\n<li>Galaxy top &#8211; sjajne zlatne \u010destice<\/li>\n<\/ul>\n<p>Stavite ih kad god po\u017eelite sjaj nakita na va\u0161im noktima!<\/p>\n","protected":false},"excerpt":{"rendered":"<p>Predivan svjetlucavi Opal top (zavr\u0161ni sjaj) za trajne lakove. Mini \u010destice daju mega efekt! Ovo je jo\u0161 jedna ReformA inovacija za va\u0161e nokte nakon sjajnih Sparkle topova. Isprobajte obje fantasti\u010dne nijanse: Opal top &#8211; sjajne srebrne opalescent \u010destice Galaxy top &#8211; sjajne zlatne \u010destice Stavite ih kad god po\u017eelite sjaj nakita na va\u0161im noktima!<\/p>\n","protected":false},"featured_media":9693,"comment_status":"closed","ping_status":"closed","template":"","meta":[],"product_brand":[50],"product_cat":[219,218],"product_tag":[],"class_list":{"0":"post-9699","1":"product","2":"type-product","3":"status-publish","4":"has-post-thumbnail","6":"product_brand-reforma","7":"product_cat-reforma-zavrsni-sjajevi","8":"product_cat-zavrsni-sjajevi-reforma","10":"first","11":"instock","12":"shipping-taxable","13":"purchasable","14":"product-type-simple"},"_links":{"self":[{"href":"https:\/\/www.arty-nails.org\/web_shop\/wp-json\/wp\/v2\/product\/9699","targetHints":{"allow":["GET"]}}],"collection":[{"href":"https:\/\/www.arty-nails.org\/web_shop\/wp-json\/wp\/v2\/product"}],"about":[{"href":"https:\/\/www.arty-nails.org\/web_shop\/wp-json\/wp\/v2\/types\/product"}],"replies":[{"embeddable":true,"href":"https:\/\/www.arty-nails.org\/web_shop\/wp-json\/wp\/v2\/comments?post=9699"}],"wp:featuredmedia":[{"embeddable":true,"href":"https:\/\/www.arty-nails.org\/web_shop\/wp-json\/wp\/v2\/media\/9693"}],"wp:attachment":[{"href":"https:\/\/www.arty-nails.org\/web_shop\/wp-json\/wp\/v2\/media?parent=9699"}],"wp:term":[{"taxonomy":"product_brand","embeddable":true,"href":"https:\/\/www.arty-nails.org\/web_shop\/wp-json\/wp\/v2\/product_brand?post=9699"},{"taxonomy":"product_cat","embeddable":true,"href":"https:\/\/www.arty-nails.org\/web_shop\/wp-json\/wp\/v2\/product_cat?post=9699"},{"taxonomy":"product_tag","embeddable":true,"href":"https:\/\/www.arty-nails.org\/web_shop\/wp-json\/wp\/v2\/product_tag?post=9699"}],"curies":[{"name":"wp","href":"https:\/\/api.w.org\/{rel}","templated":true}]}}