{"id":9753,"date":"2020-06-17T20:05:05","date_gmt":"2020-06-17T18:05:05","guid":{"rendered":"https:\/\/www.arty-nails.org\/web_shop\/product\/daylight-foldi-go-d35050\/"},"modified":"2026-03-16T13:45:41","modified_gmt":"2026-03-16T12:45:41","slug":"daylight-foldi-go-d35050","status":"publish","type":"product","link":"https:\/\/www.arty-nails.org\/web_shop\/proizvod\/daylight-foldi-go-d35050\/","title":{"rendered":"DAYLIGHT FOLDI GO D35050"},"content":{"rendered":"<p>Briljantno svijetla, ova punjiva lampa preklapa se prema va\u0161im potrebama. Prenosiva, prilagodljive visine i dizajnirana s rotiraju\u0107om glavom, Foldi Go lampa vam omogu\u0107ava najve\u0107u kvalitetu svjetla pozicioniranu to\u010dno tamo gdje \u017eelite.<\/p>\n<p>Foldi Go lampa lako stane u va\u0161u torbu ili kutiju za opremu i dobro je za\u0161ti\u0107ena futrolom u koju se sprema. \u010cvrsta, svestrana i kompaktna, ova je lampa idealna za razli\u010dite zadatke poput \u010ditanja, izvo\u0111enja tretmana, hobija, slikanja, \u0161ivanja ili za savr\u0161enu fotografiju. Mo\u017ee se koristiti be\u017ei\u010dno ili uklju\u010dena u struju, a razina svjetlosti se mo\u017ee prilago\u0111avati prema va\u0161im potrebama. Lampa ima CRI preko 95, tako da mo\u017eete biti sigurni da to\u010dno vidite boje u bilo koje doba dana i no\u0107i.<\/p>\n<p>Glavne zna\u010dajke:<\/p>\n<ul>\n<li>visoko kvalitetna, punjiva lampa za zadatke<\/li>\n<li>elegantan i estetski oblikovan dizajn<\/li>\n<li>potpuno prilagodljiva ruka, visina i rotiraju\u0107a glava<\/li>\n<li>postojana svjetlost do 8 sati rada<\/li>\n<li>indikator nivoa baterije<\/li>\n<li>dolazi sa za\u0161titnom torbicom za no\u0161enje, tako da ju je lako prenositi na bilo koju lokaciju<\/li>\n<li>dugi doseg, kompaktna kada je slo\u017eena<\/li>\n<li>regulator svjetlosti s 4 koraka<\/li>\n<\/ul>\n<p>Tehni\u010dki podatci:<\/p>\n<ul>\n<li>Izvor svjetla: LED<\/li>\n<li>Lumena: 340 lm<\/li>\n<li>Lux na 30 cm: 1,300<\/li>\n<li>Temperatura boje svjetlosti: 6,000 K<\/li>\n<li>Potro\u0161nja energije: 5 W<\/li>\n<li>Boja proizvoda: bijela\/siva<\/li>\n<li>Maksimalni domet: 30 cm<\/li>\n<li>Te\u017eina proizvoda: 0.85 kg<\/li>\n<li>Duljina kabela: 1.5 m<\/li>\n<li>Vrijeme punjenja baterije: oko 6 sati za potpuno punjenje<\/li>\n<li>Vrijeme rada baterije: do 8 sati pri najni\u017eoj svjetlosti, do 3.5 sata pri najvi\u0161oj svjetlosti<\/li>\n<\/ul>\n<p>&nbsp;<\/p>\n<p><iframe title=\"Introducing the Foldi Go Rechargeable Lamp\" width=\"1220\" height=\"686\" src=\"https:\/\/www.youtube.com\/embed\/0kmszh_rYec?feature=oembed\" frameborder=\"0\" allow=\"accelerometer; autoplay; clipboard-write; encrypted-media; gyroscope; picture-in-picture; web-share\" allowfullscreen><\/iframe><\/p>\n","protected":false},"excerpt":{"rendered":"<p>Briljantno svijetla, ova punjiva lampa preklapa se prema va\u0161im potrebama. Prenosiva, prilagodljive visine i dizajnirana s rotiraju\u0107om glavom, Foldi Go lampa vam omogu\u0107ava najve\u0107u kvalitetu svjetla pozicioniranu to\u010dno tamo gdje \u017eelite. Foldi Go lampa lako stane u va\u0161u torbu ili kutiju za opremu i dobro je za\u0161ti\u0107ena futrolom u koju se sprema. \u010cvrsta, svestrana i [&hellip;]<\/p>\n","protected":false},"featured_media":9747,"comment_status":"closed","ping_status":"closed","template":"","meta":[],"product_brand":[59],"product_cat":[107],"product_tag":[],"class_list":{"0":"post-9753","1":"product","2":"type-product","3":"status-publish","4":"has-post-thumbnail","6":"product_brand-daylight","7":"product_cat-rasvjeta-za-salone","9":"first","10":"instock","11":"shipping-taxable","12":"purchasable","13":"product-type-simple"},"_links":{"self":[{"href":"https:\/\/www.arty-nails.org\/web_shop\/wp-json\/wp\/v2\/product\/9753","targetHints":{"allow":["GET"]}}],"collection":[{"href":"https:\/\/www.arty-nails.org\/web_shop\/wp-json\/wp\/v2\/product"}],"about":[{"href":"https:\/\/www.arty-nails.org\/web_shop\/wp-json\/wp\/v2\/types\/product"}],"replies":[{"embeddable":true,"href":"https:\/\/www.arty-nails.org\/web_shop\/wp-json\/wp\/v2\/comments?post=9753"}],"wp:featuredmedia":[{"embeddable":true,"href":"https:\/\/www.arty-nails.org\/web_shop\/wp-json\/wp\/v2\/media\/9747"}],"wp:attachment":[{"href":"https:\/\/www.arty-nails.org\/web_shop\/wp-json\/wp\/v2\/media?parent=9753"}],"wp:term":[{"taxonomy":"product_brand","embeddable":true,"href":"https:\/\/www.arty-nails.org\/web_shop\/wp-json\/wp\/v2\/product_brand?post=9753"},{"taxonomy":"product_cat","embeddable":true,"href":"https:\/\/www.arty-nails.org\/web_shop\/wp-json\/wp\/v2\/product_cat?post=9753"},{"taxonomy":"product_tag","embeddable":true,"href":"https:\/\/www.arty-nails.org\/web_shop\/wp-json\/wp\/v2\/product_tag?post=9753"}],"curies":[{"name":"wp","href":"https:\/\/api.w.org\/{rel}","templated":true}]}}